{"id":305,"date":"2020-11-30T10:09:55","date_gmt":"2020-11-30T09:09:55","guid":{"rendered":"http:\/\/nowastrona.up.lublin.pl\/wip\/?page_id=305"},"modified":"2025-09-02T08:42:20","modified_gmt":"2025-09-02T06:42:20","slug":"nauka","status":"publish","type":"page","link":"https:\/\/up.lublin.pl\/wip\/nauka\/","title":{"rendered":"Nauka"},"content":{"rendered":"\t\t<div data-elementor-type=\"wp-page\" data-elementor-id=\"305\" class=\"elementor elementor-305\" data-elementor-settings=\"[]\">\n\t\t\t\t\t\t<div class=\"elementor-inner\">\n\t\t\t\t\t\t\t<div class=\"elementor-section-wrap\">\n\t\t\t\t\t\t\t<section class=\"elementor-section elementor-top-section elementor-element elementor-element-e996a8f elementor-section-boxed elementor-section-height-default elementor-section-height-default\" data-id=\"e996a8f\" data-element_type=\"section\">\n\t\t\t\t\t\t<div class=\"elementor-container elementor-column-gap-default\">\n\t\t\t\t\t\t\t<div class=\"elementor-row\">\n\t\t\t\t\t<div class=\"elementor-column elementor-col-100 elementor-top-column elementor-element elementor-element-e11fae1\" data-id=\"e11fae1\" data-element_type=\"column\">\n\t\t\t<div class=\"elementor-column-wrap elementor-element-populated\">\n\t\t\t\t\t\t\t<div class=\"elementor-widget-wrap\">\n\t\t\t\t\t\t<div class=\"elementor-element elementor-element-7805b7c elementor-widget elementor-widget-m2e\" data-id=\"7805b7c\" data-element_type=\"widget\" data-widget_type=\"m2e.default\">\n\t\t\t\t<div class=\"elementor-widget-container\">\n\t\t\t<section class=\"mn-m2-e mn-bg-green\">\n\t<div class=\"mn-grid\">\n\t\t<div class=\"mn-grid-3 mn-introtext\">\n\t\t\t\t\t\t\t<p class=\"mn-header\">Wydzia\u0142 In\u017cynierii Produkcji<\/p>\n\t\t\t\t\t\t\t\t\t\t\t<h3>\n\t\t\t\t\tNauka\t\t\t\t<\/h3>\n\t\t\t\t\t\t\t\t\t\t\t\t<\/div>\n\t\t<div class=\"mn-grid-9 mn-image-container\">\n\t\t\t\t\t\t\t<img src=\"http:\/\/nowastrona.up.lublin.pl\/wip\/wp-content\/uploads\/sites\/7\/2021\/04\/inzynieria_nauka.jpg\" alt=\"\">\n\t\t\t\t\t\t<\/div>\n\t<\/div>\n\t<\/section>\n\t\t<\/div>\n\t\t\t\t<\/div>\n\t\t\t\t\t\t<\/div>\n\t\t\t\t\t<\/div>\n\t\t<\/div>\n\t\t\t\t\t\t\t\t<\/div>\n\t\t\t\t\t<\/div>\n\t\t<\/section>\n\t\t\t\t<section class=\"elementor-section elementor-top-section elementor-element elementor-element-2c45e92 elementor-section-boxed elementor-section-height-default elementor-section-height-default\" data-id=\"2c45e92\" data-element_type=\"section\">\n\t\t\t\t\t\t<div class=\"elementor-container elementor-column-gap-default\">\n\t\t\t\t\t\t\t<div class=\"elementor-row\">\n\t\t\t\t\t<div class=\"elementor-column elementor-col-100 elementor-top-column elementor-element elementor-element-84d1a6e\" data-id=\"84d1a6e\" data-element_type=\"column\">\n\t\t\t<div class=\"elementor-column-wrap elementor-element-populated\">\n\t\t\t\t\t\t\t<div class=\"elementor-widget-wrap\">\n\t\t\t\t\t\t<div class=\"elementor-element elementor-element-c841676 elementor-widget elementor-widget-m4a\" data-id=\"c841676\" data-element_type=\"widget\" data-widget_type=\"m4a.default\">\n\t\t\t\t<div class=\"elementor-widget-container\">\n\t\t\t\t<section class=\"mn-m4_b mn-bg-green\">\n\t\t\t\t<div class=\"mn-grid\">\n\t\t\t\t\t\t\t<div class=\"mn-grid-3 mn-kat-m4-container\">\n\t\t\t\t\t\t\t\t\t\t\t\t\t\t\t\t<h3>Rada Dyscypliny In\u017cynieria \u015arodowiska, G\u00f3rnictwo i&nbsp;Energetyka<\/h3>\n\t\t\t\t\t\t\t\t\t\t\t\t\t\t\t\t\t\t\t\t\t\t<a href=\"https:\/\/up.lublin.pl\/nauka\/ewaluacja-nauki-i-nadawanie-stopni-naukowych\/rady-dyscyplin-naukowych\/inzynieria-srodowiska-gornictwo-i-energetyka\/\" class=\"mn-more\">Zobacz wi\u0119cej<\/a>\n\t\t\t\t\t\t\t\t\t\t<\/div>\n\t\t\t\t\t\t\t\t<div class=\"mn-grid-3 mn-kat-m4-container\">\n\t\t\t\t\t\t\t\t\t\t\t\t\t\t\t\t<h3>Rada Dyscypliny In\u017cynieria Mechaniczna<\/h3>\n\t\t\t\t\t\t\t\t\t\t\t\t\t\t\t\t\t\t\t\t\t\t<a href=\"https:\/\/up.lublin.pl\/nauka\/ewaluacja-nauki-i-nadawanie-stopni-naukowych\/rady-dyscyplin-naukowych\/inzynieria-mechaniczna\/\" class=\"mn-more\">Zobacz wi\u0119cej<\/a>\n\t\t\t\t\t\t\t\t\t\t<\/div>\n\t\t\t\t\t\t\t\t<div class=\"mn-grid-3 mn-kat-m4-container\">\n\t\t\t\t\t\t\t\t\t\t\t\t\t\t\t\t<h3>Post\u0119powania naukowe o&nbsp;nadanie stopnia doktora w&nbsp;dyscyplinie in\u017cynieria \u015brodowiska, g\u00f3rnictwo i&nbsp;energetyka<\/h3>\n\t\t\t\t\t\t\t\t\t\t\t\t\t\t\t\t\t\t\t\t\t\t<a href=\"https:\/\/up.lublin.pl\/nauka\/ewaluacja-nauki-i-nadawanie-stopni-naukowych\/nadawanie-stopni\/doktoraty\/doktoraty-inzynieria-srodowiska-gornictwo-i-energetyka\/\" class=\"mn-more\">Zobacz wi\u0119cej<\/a>\n\t\t\t\t\t\t\t\t\t\t<\/div>\n\t\t\t\t\t\t\t\t<div class=\"mn-grid-3 mn-kat-m4-container\">\n\t\t\t\t\t\t\t\t\t\t\t\t\t\t\t\t<h3>Post\u0119powania naukowe o&nbsp;nadanie stopnia doktora w&nbsp;dyscyplinie in\u017cynieria mechaniczna<\/h3>\n\t\t\t\t\t\t\t\t\t\t\t\t\t\t\t\t\t\t\t\t\t\t<a href=\"https:\/\/up.lublin.pl\/nauka\/ewaluacja-nauki-i-nadawanie-stopni-naukowych\/nadawanie-stopni\/doktoraty\/doktoraty-inzynieria-mechaniczna\/\" class=\"mn-more\">Zobacz wi\u0119cej<\/a>\n\t\t\t\t\t\t\t\t\t\t<\/div>\n\t\t\t\t\t\t\t\t<div class=\"mn-grid-3 mn-kat-m4-container\">\n\t\t\t\t\t\t\t\t\t\t\t\t\t\t\t\t<h3>Post\u0119powania naukowe o&nbsp;nadanie stopnia doktora habilitowanego w&nbsp;dyscyplinie in\u017cynieria mechaniczna<\/h3>\n\t\t\t\t\t\t\t\t\t\t\t\t\t\t\t\t\t\t\t\t\t\t<a href=\"https:\/\/up.lublin.pl\/nauka\/ewaluacja-nauki-i-nadawanie-stopni-naukowych\/nadawanie-stopni\/habilitacje\/habilitacje-inzynieria-mechaniczna\/\" class=\"mn-more\">Zobacz wi\u0119cej<\/a>\n\t\t\t\t\t\t\t\t\t\t<\/div>\n\t\t\t\t\t\t\t\t<div class=\"mn-grid-3 mn-kat-m4-container\">\n\t\t\t\t\t\t\t\t\t\t\t\t\t\t\t\t<h3>Og\u0142oszenia o&nbsp;obronach rozpraw doktorskich <\/h3>\n\t\t\t\t\t\t\t\t\t\t\t\t\t\t\t\t\t\t\t\t\t\t<a href=\"https:\/\/up.lublin.pl\/nauka\/ewaluacja-nauki-i-nadawanie-stopni-naukowych\/nadawanie-stopni\/ogloszenia-o-obronach-rozpraw-doktorskich\/\" class=\"mn-more\">Zobacz wi\u0119cej<\/a>\n\t\t\t\t\t\t\t\t\t\t<\/div>\n\t\t\t\t\t\t\t\t<div class=\"mn-grid-3 mn-kat-m4-container\">\n\t\t\t\t\t\t\t\t\t\t\t\t\t\t\t\t<h3>Kolokwia habilitacyjne<\/h3>\n\t\t\t\t\t\t\t\t\t\t\t\t\t\t\t\t\t\t\t\t\t\t<a href=\"https:\/\/up.lublin.pl\/nauka\/ewaluacja-nauki-i-nadawanie-stopni-naukowych\/kolokwia-habilitacyjne\/\" class=\"mn-more\">Zobacz wi\u0119cej<\/a>\n\t\t\t\t\t\t\t\t\t\t<\/div>\n\t\t\t\t\t\t\t\t<div class=\"mn-grid-3 mn-kat-m4-container\">\n\t\t\t\t\t\t\t\t\t\t\t\t\t\t\t\t<h3>Poradnik - post\u0119powania dotycz\u0105ce nadawania stopnia doktora habilitowanego<\/h3>\n\t\t\t\t\t\t\t\t\t\t\t\t\t\t\t\t\t\t\t\t\t\t<a href=\"https:\/\/up.lublin.pl\/wip\/wp-content\/uploads\/sites\/7\/2021\/05\/Poradnik-habilitacja-skompresowany.pdf\" class=\"mn-more\" target=\"_blank\" rel=\"nofollow\">Zobacz wi\u0119cej<\/a>\n\t\t\t\t\t\t\t\t\t\t<\/div>\n\t\t\t\t\t\t<\/div>\n\t<\/section>\n\t\t\t<\/div>\n\t\t\t\t<\/div>\n\t\t\t\t\t\t<\/div>\n\t\t\t\t\t<\/div>\n\t\t<\/div>\n\t\t\t\t\t\t\t\t<\/div>\n\t\t\t\t\t<\/div>\n\t\t<\/section>\n\t\t\t\t\t\t<\/div>\n\t\t\t\t\t\t<\/div>\n\t\t\t\t\t<\/div>\n\t\t","protected":false},"excerpt":{"rendered":"<p>Wydzia\u0142 In\u017cynierii Produkcji Nauka UP Wydzia\u0142 In\u017cynierii Produkcji Rada Dyscypliny In\u017cynieria \u015arodowiska, G\u00f3rnictwo i&nbsp;Energetyka Zobacz wi\u0119cej Rada Dyscypliny In\u017cynieria Mechaniczna Zobacz wi\u0119cej Post\u0119powania naukowe o&nbsp;nadanie stopnia doktora w&nbsp;dyscyplinie in\u017cynieria \u015brodowiska, g\u00f3rnictwo i&nbsp;energetyka Zobacz wi\u0119cej Post\u0119powania naukowe o&nbsp;nadanie stopnia doktora w&nbsp;dyscyplinie in\u017cynieria mechaniczna Zobacz wi\u0119cej Post\u0119powania naukowe o&nbsp;nadanie stopnia doktora habilitowanego w&nbsp;dyscyplinie in\u017cynieria mechaniczna Zobacz wi\u0119cej [&hellip;]<\/p>\n","protected":false},"author":2,"featured_media":0,"parent":0,"menu_order":0,"comment_status":"closed","ping_status":"closed","template":"elementor_header_footer","meta":{"_monsterinsights_skip_tracking":false,"_monsterinsights_sitenote_active":false,"_monsterinsights_sitenote_note":"","_monsterinsights_sitenote_category":0},"_links":{"self":[{"href":"https:\/\/up.lublin.pl\/wip\/wp-json\/wp\/v2\/pages\/305"}],"collection":[{"href":"https:\/\/up.lublin.pl\/wip\/wp-json\/wp\/v2\/pages"}],"about":[{"href":"https:\/\/up.lublin.pl\/wip\/wp-json\/wp\/v2\/types\/page"}],"author":[{"embeddable":true,"href":"https:\/\/up.lublin.pl\/wip\/wp-json\/wp\/v2\/users\/2"}],"replies":[{"embeddable":true,"href":"https:\/\/up.lublin.pl\/wip\/wp-json\/wp\/v2\/comments?post=305"}],"version-history":[{"count":50,"href":"https:\/\/up.lublin.pl\/wip\/wp-json\/wp\/v2\/pages\/305\/revisions"}],"predecessor-version":[{"id":169910,"href":"https:\/\/up.lublin.pl\/wip\/wp-json\/wp\/v2\/pages\/305\/revisions\/169910"}],"wp:attachment":[{"href":"https:\/\/up.lublin.pl\/wip\/wp-json\/wp\/v2\/media?parent=305"}],"curies":[{"name":"wp","href":"https:\/\/api.w.org\/{rel}","templated":true}]}}