{"id":146648,"date":"2022-02-28T13:43:48","date_gmt":"2022-02-28T12:43:48","guid":{"rendered":"https:\/\/up.lublin.pl\/wip\/?page_id=146648"},"modified":"2025-12-15T16:41:25","modified_gmt":"2025-12-15T15:41:25","slug":"miedzywydzialowe-studenckie-kolo-naukowe-ergonomii-i-bhp","status":"publish","type":"page","link":"https:\/\/up.lublin.pl\/wip\/kola-naukowe\/miedzywydzialowe-studenckie-kolo-naukowe-ergonomii-i-bhp\/","title":{"rendered":"MI\u0118DZYWYDZIA\u0141OWE STUDENCKIE KO\u0141O NAUKOWE ERGONOMII I BHP"},"content":{"rendered":"\t\t<div data-elementor-type=\"wp-page\" data-elementor-id=\"146648\" class=\"elementor elementor-146648\" data-elementor-settings=\"[]\">\n\t\t\t\t\t\t<div class=\"elementor-inner\">\n\t\t\t\t\t\t\t<div class=\"elementor-section-wrap\">\n\t\t\t\t\t\t\t<section class=\"elementor-section elementor-top-section elementor-element elementor-element-7fe17f6 elementor-section-boxed elementor-section-height-default elementor-section-height-default\" data-id=\"7fe17f6\" data-element_type=\"section\">\n\t\t\t\t\t\t<div class=\"elementor-container elementor-column-gap-default\">\n\t\t\t\t\t\t\t<div class=\"elementor-row\">\n\t\t\t\t\t<div class=\"elementor-column elementor-col-100 elementor-top-column elementor-element elementor-element-d06e18f\" data-id=\"d06e18f\" data-element_type=\"column\">\n\t\t\t<div class=\"elementor-column-wrap elementor-element-populated\">\n\t\t\t\t\t\t\t<div class=\"elementor-widget-wrap\">\n\t\t\t\t\t\t<div class=\"elementor-element elementor-element-facb4a2 elementor-widget elementor-widget-m5h\" data-id=\"facb4a2\" data-element_type=\"widget\" data-widget_type=\"m5h.default\">\n\t\t\t\t<div class=\"elementor-widget-container\">\n\t\t\t<section class=\"mn-m5-h mn-bg-green\">\r\n\t<div class=\"mn-grid\">\r\n\t\t<div class=\"mn-content mn-grid-12\">\r\n\t\t\t<div class=\"mn-lead\">\r\n\t\t\t\t<p style=\"text-align: center\"><span style=\"font-size: 28px\"><strong>MI\u0118DZYWYDZIA\u0141OWE STUDENCKIE KO\u0141O NAUKOWE ERGONOMII I\u00a0BHP<\/strong><\/span><\/p>\n<p style=\"text-align: center\"><span style=\"font-size: 16px\"><strong>Opiekun: dr in\u017c. Agnieszka Buczaj i&nbsp;dr in\u017c. Anna Pecyna<\/strong><\/span><\/p>\n<p style=\"text-align: left\">Mi\u0119dzywydzia\u0142owe Studenckie Ko\u0142o Naukowe Ergonomii i&nbsp;BHP powsta\u0142o w&nbsp;dniu 28\u00a0pa\u017adziernika 2015 r. Za\u0142o\u017cycielem i&nbsp;opiekunem Ko\u0142a by\u0142a dr hab. in\u017c. Halina Pawlak. Obecnie opiekunami ko\u0142a s\u0105 dr in\u017c. Agnieszka Buczaj i&nbsp;dr in\u017c. Anna Pecyna (Katedra Podstaw Techniki, Zak\u0142ad Ergonomii).<\/p>\n<p style=\"text-align: left\">Cz\u0142onkowie Ko\u0142a uczestnicz\u0105 w&nbsp;realizacji projekt\u00f3w badawczych z&nbsp;zakresu ergonomii oraz bezpiecze\u0144stwa i&nbsp;higieny pracy, wyjazdach studyjnych oraz warsztatach szkoleniowych. Ponadto bior\u0105 czynny udzia\u0142 w&nbsp;licznych konferencjach naukowych prezentuj\u0105c wyniki bada\u0144 prowadzonych w&nbsp;ramach dzia\u0142alno\u015bci Ko\u0142a. Studenci z&nbsp;Ko\u0142a Naukowego uczestnicz\u0105 tak\u017ce w&nbsp;Dniach Otwartych UP oraz Lubelskim Festiwalu Nauki.<\/p>\n<p style=\"text-align: left\">Jednym z&nbsp;najwi\u0119kszych osi\u0105gni\u0119\u0107 Ko\u0142a jest udzia\u0142 w&nbsp;organizacji cyklu Konferencji Naukowych \u201eErgonomia, bezpiecze\u0144stwo i&nbsp;higiena pracy w&nbsp;praktyce\u201d, kt\u00f3rych tematyka obejmuje zagadnienia dotycz\u0105ce ergonomii w&nbsp;praktyce, bhp w&nbsp;rolnictwie, zagro\u017cenia w\u00a0\u015brodowisku pracy, szkolenia bhp, bezpiecze\u0144stwo pracy oraz ocen\u0119 ryzyka zawodowego na wybranych stanowiskach pracy.<\/p>\n<p style=\"text-align: left\">Wielokrotnie cz\u0142onkowie Ko\u0142a otrzymywali Stypendia Ministra Nauki i\u00a0Szkolnictwa Wy\u017cszego, Stypendia Marsza\u0142ka Wojew\u00f3dztwa Lubelskiego dla najlepszych student\u00f3w, Stypendia Prezydenta Miasta Lublin za wybitne osi\u0105gni\u0119cia w&nbsp;pracy naukowej oraz Stypendia Rektora dla najlepszych student\u00f3w Uniwersytetu Przyrodniczego w&nbsp;Lublinie.<\/p>\n<p style=\"text-align: left\"><img loading=\"lazy\" class=\"alignleft wp-image-146650 \" src=\"https:\/\/up.lublin.pl\/wip\/wp-content\/uploads\/sites\/7\/2022\/02\/BHP-1.jpg\" alt=\"\" width=\"471\" height=\"314\" \/> <img loading=\"lazy\" class=\"wp-image-146654 alignleft\" src=\"https:\/\/up.lublin.pl\/wip\/wp-content\/uploads\/sites\/7\/2022\/02\/BHP-2.jpg\" alt=\"\" width=\"471\" height=\"312\" \/> <img loading=\"lazy\" class=\"size-medium wp-image-146658 alignleft\" src=\"https:\/\/up.lublin.pl\/wip\/wp-content\/uploads\/sites\/7\/2022\/02\/BHP-3.jpg\" alt=\"\" width=\"949\" height=\"534\" \/><\/p>\n\t\t\t<\/div>\r\n\t\t<\/div>\r\n\t<\/div>\r\n<\/section>\r\n\t\t<\/div>\n\t\t\t\t<\/div>\n\t\t\t\t\t\t<\/div>\n\t\t\t\t\t<\/div>\n\t\t<\/div>\n\t\t\t\t\t\t\t\t<\/div>\n\t\t\t\t\t<\/div>\n\t\t<\/section>\n\t\t\t\t\t\t<\/div>\n\t\t\t\t\t\t<\/div>\n\t\t\t\t\t<\/div>\n\t\t","protected":false},"excerpt":{"rendered":"<p>MI\u0118DZYWYDZIA\u0141OWE STUDENCKIE KO\u0141O NAUKOWE ERGONOMII I\u00a0BHP Opiekun: dr in\u017c. Agnieszka Buczaj i&nbsp;dr in\u017c. Anna Pecyna Mi\u0119dzywydzia\u0142owe Studenckie Ko\u0142o Naukowe Ergonomii i&nbsp;BHP powsta\u0142o w&nbsp;dniu 28\u00a0pa\u017adziernika 2015 r. Za\u0142o\u017cycielem i&nbsp;opiekunem Ko\u0142a by\u0142a dr hab. in\u017c. Halina Pawlak. Obecnie opiekunami ko\u0142a s\u0105 dr in\u017c. Agnieszka Buczaj i&nbsp;dr in\u017c. Anna Pecyna (Katedra Podstaw Techniki, Zak\u0142ad Ergonomii). Cz\u0142onkowie Ko\u0142a uczestnicz\u0105 [&hellip;]<\/p>\n","protected":false},"author":262,"featured_media":0,"parent":142316,"menu_order":0,"comment_status":"closed","ping_status":"closed","template":"","meta":{"_monsterinsights_skip_tracking":false,"_monsterinsights_sitenote_active":false,"_monsterinsights_sitenote_note":"","_monsterinsights_sitenote_category":0},"_links":{"self":[{"href":"https:\/\/up.lublin.pl\/wip\/wp-json\/wp\/v2\/pages\/146648"}],"collection":[{"href":"https:\/\/up.lublin.pl\/wip\/wp-json\/wp\/v2\/pages"}],"about":[{"href":"https:\/\/up.lublin.pl\/wip\/wp-json\/wp\/v2\/types\/page"}],"author":[{"embeddable":true,"href":"https:\/\/up.lublin.pl\/wip\/wp-json\/wp\/v2\/users\/262"}],"replies":[{"embeddable":true,"href":"https:\/\/up.lublin.pl\/wip\/wp-json\/wp\/v2\/comments?post=146648"}],"version-history":[{"count":10,"href":"https:\/\/up.lublin.pl\/wip\/wp-json\/wp\/v2\/pages\/146648\/revisions"}],"predecessor-version":[{"id":173476,"href":"https:\/\/up.lublin.pl\/wip\/wp-json\/wp\/v2\/pages\/146648\/revisions\/173476"}],"up":[{"embeddable":true,"href":"https:\/\/up.lublin.pl\/wip\/wp-json\/wp\/v2\/pages\/142316"}],"wp:attachment":[{"href":"https:\/\/up.lublin.pl\/wip\/wp-json\/wp\/v2\/media?parent=146648"}],"curies":[{"name":"wp","href":"https:\/\/api.w.org\/{rel}","templated":true}]}}