{"id":146631,"date":"2022-02-28T13:20:34","date_gmt":"2022-02-28T12:20:34","guid":{"rendered":"https:\/\/up.lublin.pl\/wip\/?page_id=146631"},"modified":"2024-11-25T12:57:36","modified_gmt":"2024-11-25T11:57:36","slug":"kolo-naukowe-motoryzacji-rolnictwa","status":"publish","type":"page","link":"https:\/\/up.lublin.pl\/wip\/kola-naukowe\/kolo-naukowe-motoryzacji-rolnictwa\/","title":{"rendered":"KO\u0141O NAUKOWE MOTORYZACJI ROLNICTWA"},"content":{"rendered":"\t\t<div data-elementor-type=\"wp-page\" data-elementor-id=\"146631\" class=\"elementor elementor-146631\" data-elementor-settings=\"[]\">\n\t\t\t\t\t\t<div class=\"elementor-inner\">\n\t\t\t\t\t\t\t<div class=\"elementor-section-wrap\">\n\t\t\t\t\t\t\t<section class=\"elementor-section elementor-top-section elementor-element elementor-element-02d2629 elementor-section-boxed elementor-section-height-default elementor-section-height-default\" data-id=\"02d2629\" data-element_type=\"section\">\n\t\t\t\t\t\t<div class=\"elementor-container elementor-column-gap-default\">\n\t\t\t\t\t\t\t<div class=\"elementor-row\">\n\t\t\t\t\t<div class=\"elementor-column elementor-col-100 elementor-top-column elementor-element elementor-element-c26883d\" data-id=\"c26883d\" data-element_type=\"column\">\n\t\t\t<div class=\"elementor-column-wrap elementor-element-populated\">\n\t\t\t\t\t\t\t<div class=\"elementor-widget-wrap\">\n\t\t\t\t\t\t<div class=\"elementor-element elementor-element-efc562c elementor-widget elementor-widget-m5h\" data-id=\"efc562c\" data-element_type=\"widget\" data-widget_type=\"m5h.default\">\n\t\t\t\t<div class=\"elementor-widget-container\">\n\t\t\t<section class=\"mn-m5-h mn-bg-green\">\r\n\t<div class=\"mn-grid\">\r\n\t\t<div class=\"mn-content mn-grid-12\">\r\n\t\t\t<div class=\"mn-lead\">\r\n\t\t\t\t<p style=\"text-align: center\"><strong>KO\u0141O NAUKOWE MOTORYZACJI ROLNICTWA<\/strong><\/p>\n<p style=\"text-align: center\"><strong>Opiekun: dr in\u017c. Krzysztof Plizga<\/strong><\/p>\n<p style=\"text-align: left\">Ko\u0142o Naukowe Motoryzacji Rolnictwa zosta\u0142o wpisane do Rejestru Studenckich K\u00f3\u0142 Naukowych Akademii Rolniczej pod pozycj\u0105 18\/2000 w&nbsp;dniu 21 kwietnia 2000 roku, a\u00a0tym samym zosta\u0142o reaktywowane decyzj\u0105 JM Rektora AR po kilkuletniej przerwie w\u00a0dzia\u0142alno\u015bci tego Ko\u0142a (wcze\u015bniej zarejestrowane by\u0142o pod nazw\u0105 Ko\u0142o Naukowe Mechanizator\u00f3w Rolnictwa i&nbsp;by\u0142o prowadzone w&nbsp;latach 80-tych przez prof. E.\u00a0Krasowskiego).<\/p>\n<p style=\"text-align: left\">Podstawowym celem dzia\u0142alno\u015bci Ko\u0142a jest mo\u017cliwo\u015b\u0107 poszerzania przez student\u00f3w wiedzy teoretycznej zdobytej podczas zaj\u0119\u0107 akademickich poprzez szerokie spectrum wyjazd\u00f3w do bran\u017cowych zak\u0142ad\u00f3w pracy z&nbsp;dziedziny motoryzacji jak r\u00f3wnie\u017c mechanizacji rolnictwa, szkole\u0144 tematycznych oraz udzia\u0142\u00f3w w&nbsp;Targach Motoryzacyjnych i&nbsp;Rolniczych. Dla najzdolniejszych student\u00f3w Ko\u0142o Motoryzacji umo\u017cliwia i&nbsp;gwarantuje uczestnictwo w&nbsp;sympozjach studenckich krajowych i\u00a0mi\u0119dzynarodowych przez co zdobywaj\u0105 dodatkowe umiej\u0119tno\u015bci i&nbsp;znajomo\u015bci z\u00a0zakresu szeroko rozumianej techniki motoryzacyjnej i&nbsp;ekoenergetyki.<\/p>\n<p style=\"text-align: left\">Dzia\u0142ania cz\u0142onk\u00f3w studenckiego Ko\u0142a Naukowego polegaj\u0105 na corocznym organizowaniu wycieczek tematycznych do zak\u0142ad\u00f3w pracy, (m.in.: Same Deutz-Fahr Polska w&nbsp;Jackowie, Rolmax \u015awidnik, Man-Star w&nbsp;Starachowicach i&nbsp;Niepo\u0142omicach, Federal Mogul Gorzyce, Scania Polska w&nbsp;Nadarzynie, Wojskowe Zak\u0142ady lotnicze w\u00a0D\u0119blinie), targi bran\u017cowe (POLAGRA Pozna\u0144, Motor Show Pozna\u0144, Expo Warszawa, AgroTech Kielce, AgroShow Lublin). Studenci nale\u017c\u0105cy do Ko\u0142a uczestniczyli tak\u017ce w\u00a0wielu sympozjach studenckich (m.in. we Wroc\u0142awiu, Krakowie, Lublinie \u2013 Politechnika Lubelska, a&nbsp;tak\u017ce na Narodowym Uniwersytecie Rolniczym w&nbsp;Kijowie \u2013 Ukraina). Uczestniczyli tak\u017ce w&nbsp;szkoleniach tematycznych &#8211; Scania Nadarzyn, Lotniczej Jednostce Wojskowej w&nbsp;Krakowie &#8211; Balicach.<\/p>\n<p style=\"text-align: left\">Dzi\u0119ki podpisanej umowie o&nbsp;wsp\u00f3\u0142pracy pomi\u0119dzy UP Lublin a&nbsp;NAU Kij\u00f3w oraz mi\u0119dzy UP Lublin a&nbsp;Agrarnym Uniwersytetem w&nbsp;Odessie cz\u0142onkowie KNMR uczestniczyli w&nbsp;organizacji pobytu dla student\u00f3w z&nbsp;Ukrainy organizuj\u0105c zwiedzanie miasta Lublina, okolic czy te\u017c aran\u017cuj\u0105c spotkanie integracyjne. (w 2003 oraz w&nbsp;2005 roku) w&nbsp;Lublinie oraz przebywali na NAU w&nbsp;Kijowie (w 2002, 2004 oraz w&nbsp;2007 roku).<\/p>\n<p style=\"text-align: left\">Dzia\u0142alno\u015b\u0107 Ko\u0142a Naukowego pozwala studentom nale\u017c\u0105cym do niego na znaczne rozszerzenie zdobywanej wiedzy podczas normalnego toku studi\u00f3w. Pozwala tak\u017ce na nawi\u0105zanie kontakt\u00f3w np. z&nbsp;producentami maszyn, zaznajomieniem si\u0119 z&nbsp;nowymi technologiami, a&nbsp;tak\u017ce mo\u017cliwo\u015bciami prowadzenia procesu dydaktycznego.<\/p>\n<p>\u00a0 <img loading=\"lazy\" class=\"alignnone  wp-image-146633\" src=\"https:\/\/up.lublin.pl\/wip\/wp-content\/uploads\/sites\/7\/2022\/02\/motoryzacja-rolnictwa-1.jpg\" alt=\"\" width=\"436\" height=\"327\" \/> <img loading=\"lazy\" class=\"alignnone  wp-image-146637\" src=\"https:\/\/up.lublin.pl\/wip\/wp-content\/uploads\/sites\/7\/2022\/02\/motoryzacja-rolnictwa-2.jpg\" alt=\"\" width=\"439\" height=\"329\" \/>\u00a0\u00a0\u00a0<\/p>\n\t\t\t<\/div>\r\n\t\t<\/div>\r\n\t<\/div>\r\n<\/section>\r\n\t\t<\/div>\n\t\t\t\t<\/div>\n\t\t\t\t\t\t<\/div>\n\t\t\t\t\t<\/div>\n\t\t<\/div>\n\t\t\t\t\t\t\t\t<\/div>\n\t\t\t\t\t<\/div>\n\t\t<\/section>\n\t\t\t\t\t\t<\/div>\n\t\t\t\t\t\t<\/div>\n\t\t\t\t\t<\/div>\n\t\t","protected":false},"excerpt":{"rendered":"<p>KO\u0141O NAUKOWE MOTORYZACJI ROLNICTWA Opiekun: dr in\u017c. Krzysztof Plizga Ko\u0142o Naukowe Motoryzacji Rolnictwa zosta\u0142o wpisane do Rejestru Studenckich K\u00f3\u0142 Naukowych Akademii Rolniczej pod pozycj\u0105 18\/2000 w&nbsp;dniu 21 kwietnia 2000 roku, a\u00a0tym samym zosta\u0142o reaktywowane decyzj\u0105 JM Rektora AR po kilkuletniej przerwie w\u00a0dzia\u0142alno\u015bci tego Ko\u0142a (wcze\u015bniej zarejestrowane by\u0142o pod nazw\u0105 Ko\u0142o Naukowe Mechanizator\u00f3w Rolnictwa i&nbsp;by\u0142o prowadzone [&hellip;]<\/p>\n","protected":false},"author":262,"featured_media":0,"parent":142316,"menu_order":0,"comment_status":"closed","ping_status":"closed","template":"","meta":{"_monsterinsights_skip_tracking":false,"_monsterinsights_sitenote_active":false,"_monsterinsights_sitenote_note":"","_monsterinsights_sitenote_category":0},"_links":{"self":[{"href":"https:\/\/up.lublin.pl\/wip\/wp-json\/wp\/v2\/pages\/146631"}],"collection":[{"href":"https:\/\/up.lublin.pl\/wip\/wp-json\/wp\/v2\/pages"}],"about":[{"href":"https:\/\/up.lublin.pl\/wip\/wp-json\/wp\/v2\/types\/page"}],"author":[{"embeddable":true,"href":"https:\/\/up.lublin.pl\/wip\/wp-json\/wp\/v2\/users\/262"}],"replies":[{"embeddable":true,"href":"https:\/\/up.lublin.pl\/wip\/wp-json\/wp\/v2\/comments?post=146631"}],"version-history":[{"count":10,"href":"https:\/\/up.lublin.pl\/wip\/wp-json\/wp\/v2\/pages\/146631\/revisions"}],"predecessor-version":[{"id":165105,"href":"https:\/\/up.lublin.pl\/wip\/wp-json\/wp\/v2\/pages\/146631\/revisions\/165105"}],"up":[{"embeddable":true,"href":"https:\/\/up.lublin.pl\/wip\/wp-json\/wp\/v2\/pages\/142316"}],"wp:attachment":[{"href":"https:\/\/up.lublin.pl\/wip\/wp-json\/wp\/v2\/media?parent=146631"}],"curies":[{"name":"wp","href":"https:\/\/api.w.org\/{rel}","templated":true}]}}

KOŁO NAUKOWE MOTORYZACJI ROLNICTWA

<div data-elementor-type="wp-page" data-elementor-id="146631" class="elementor elementor-146631" data-elementor-settings="[]">
						<div class="elementor-inner">
							<div class="elementor-section-wrap">
							<section class="elementor-section elementor-top-section elementor-element elementor-element-02d2629 elementor-section-boxed elementor-section-height-default elementor-section-height-default" data-id="02d2629" data-element_type="section">
						<div class="elementor-container elementor-column-gap-default">
							<div class="elementor-row">
					<div class="elementor-column elementor-col-100 elementor-top-column elementor-element elementor-element-c26883d" data-id="c26883d" data-element_type="column">
			<div class="elementor-column-wrap elementor-element-populated">
							<div class="elementor-widget-wrap">
						<div class="elementor-element elementor-element-efc562c elementor-widget elementor-widget-m5h" data-id="efc562c" data-element_type="widget" data-widget_type="m5h.default">
				<div class="elementor-widget-container">
			<section class="mn-m5-h mn-bg-green">
	<div class="mn-grid">
		<div class="mn-content mn-grid-12">
			<div class="mn-lead">
				<p style="text-align: center"><strong>KOŁO NAUKOWE MOTORYZACJI ROLNICTWA</strong></p>
<p style="text-align: center"><strong>Opiekun: dr inż. Krzysztof Plizga</strong></p>
<p style="text-align: left">Koło Naukowe Motoryzacji Rolnictwa zostało wpisane do Rejestru Studenckich Kół Naukowych Akademii Rolniczej pod pozycją 18/2000 w&nbsp;dniu 21 kwietnia 2000 roku, a tym samym zostało reaktywowane decyzją JM Rektora AR po kilkuletniej przerwie w działalności tego Koła (wcześniej zarejestrowane było pod nazwą Koło Naukowe Mechanizatorów Rolnictwa i&nbsp;było prowadzone w&nbsp;latach 80-tych przez prof. E. Krasowskiego).</p>
<p style="text-align: left">Podstawowym celem działalności Koła jest możliwość poszerzania przez studentów wiedzy teoretycznej zdobytej podczas zajęć akademickich poprzez szerokie spectrum wyjazdów do branżowych zakładów pracy z&nbsp;dziedziny motoryzacji jak również mechanizacji rolnictwa, szkoleń tematycznych oraz udziałów w&nbsp;Targach Motoryzacyjnych i&nbsp;Rolniczych. Dla najzdolniejszych studentów Koło Motoryzacji umożliwia i&nbsp;gwarantuje uczestnictwo w&nbsp;sympozjach studenckich krajowych i międzynarodowych przez co zdobywają dodatkowe umiejętności i&nbsp;znajomości z zakresu szeroko rozumianej techniki motoryzacyjnej i&nbsp;ekoenergetyki.</p>
<p style="text-align: left">Działania członków studenckiego Koła Naukowego polegają na corocznym organizowaniu wycieczek tematycznych do zakładów pracy, (m.in.: Same Deutz-Fahr Polska w&nbsp;Jackowie, Rolmax Świdnik, Man-Star w&nbsp;Starachowicach i&nbsp;Niepołomicach, Federal Mogul Gorzyce, Scania Polska w&nbsp;Nadarzynie, Wojskowe Zakłady lotnicze w Dęblinie), targi branżowe (POLAGRA Poznań, Motor Show Poznań, Expo Warszawa, AgroTech Kielce, AgroShow Lublin). Studenci należący do Koła uczestniczyli także w wielu sympozjach studenckich (m.in. we Wrocławiu, Krakowie, Lublinie – Politechnika Lubelska, a&nbsp;także na Narodowym Uniwersytecie Rolniczym w&nbsp;Kijowie – Ukraina). Uczestniczyli także w&nbsp;szkoleniach tematycznych &#8211; Scania Nadarzyn, Lotniczej Jednostce Wojskowej w&nbsp;Krakowie &#8211; Balicach.</p>
<p style="text-align: left">Dzięki podpisanej umowie o&nbsp;współpracy pomiędzy UP Lublin a&nbsp;NAU Kijów oraz między UP Lublin a&nbsp;Agrarnym Uniwersytetem w&nbsp;Odessie członkowie KNMR uczestniczyli w&nbsp;organizacji pobytu dla studentów z&nbsp;Ukrainy organizując zwiedzanie miasta Lublina, okolic czy też aranżując spotkanie integracyjne. (w 2003 oraz w&nbsp;2005 roku) w&nbsp;Lublinie oraz przebywali na NAU w&nbsp;Kijowie (w 2002, 2004 oraz w&nbsp;2007 roku).</p>
<p style="text-align: left">Działalność Koła Naukowego pozwala studentom należącym do niego na znaczne rozszerzenie zdobywanej wiedzy podczas normalnego toku studiów. Pozwala także na nawiązanie kontaktów np. z&nbsp;producentami maszyn, zaznajomieniem się z&nbsp;nowymi technologiami, a&nbsp;także możliwościami prowadzenia procesu dydaktycznego.</p>
<p>  <img loading="lazy" class="alignnone  wp-image-146633" src="https://up.lublin.pl/wip/wp-content/uploads/sites/7/2022/02/motoryzacja-rolnictwa-1.jpg" alt="" width="436" height="327" /> <img loading="lazy" class="alignnone  wp-image-146637" src="https://up.lublin.pl/wip/wp-content/uploads/sites/7/2022/02/motoryzacja-rolnictwa-2.jpg" alt="" width="439" height="329" />   </p>
			</div>
		</div>
	</div>
</section>
		</div>
				</div>
						</div>
					</div>
		</div>
								</div>
					</div>
		</section>
						</div>
						</div>
					</div>

<p>KOŁO NAUKOWE MOTORYZACJI ROLNICTWA Opiekun: dr inż. Krzysztof Plizga Koło Naukowe Motoryzacji Rolnictwa zostało wpisane do Rejestru Studenckich Kół Naukowych Akademii Rolniczej pod pozycją 18/2000 w&nbsp;dniu 21 kwietnia 2000 roku, a tym samym zostało reaktywowane decyzją JM Rektora AR po kilkuletniej przerwie w działalności tego Koła (wcześniej zarejestrowane było pod nazwą Koło Naukowe Mechanizatorów Rolnictwa i&nbsp;było prowadzone [&hellip;]</p>
