{"id":144732,"date":"2021-11-09T14:06:44","date_gmt":"2021-11-09T13:06:44","guid":{"rendered":"https:\/\/up.lublin.pl\/wip\/?page_id=144732"},"modified":"2026-01-25T15:22:54","modified_gmt":"2026-01-25T14:22:54","slug":"geodezyjne-kolo-naukowe-equator","status":"publish","type":"page","link":"https:\/\/up.lublin.pl\/wip\/kola-naukowe\/geodezyjne-kolo-naukowe-equator\/","title":{"rendered":"GEODEZYJNE KO\u0141O NAUKOWE \u201eEQUATOR\u201d"},"content":{"rendered":"\t\t<div data-elementor-type=\"wp-page\" data-elementor-id=\"144732\" class=\"elementor elementor-144732\" data-elementor-settings=\"[]\">\n\t\t\t\t\t\t<div class=\"elementor-inner\">\n\t\t\t\t\t\t\t<div class=\"elementor-section-wrap\">\n\t\t\t\t\t\t\t<section class=\"elementor-section elementor-top-section elementor-element elementor-element-02fa9d4 elementor-section-boxed elementor-section-height-default elementor-section-height-default\" data-id=\"02fa9d4\" data-element_type=\"section\">\n\t\t\t\t\t\t<div class=\"elementor-container elementor-column-gap-default\">\n\t\t\t\t\t\t\t<div class=\"elementor-row\">\n\t\t\t\t\t<div class=\"elementor-column elementor-col-100 elementor-top-column elementor-element elementor-element-8489bb7\" data-id=\"8489bb7\" data-element_type=\"column\">\n\t\t\t<div class=\"elementor-column-wrap elementor-element-populated\">\n\t\t\t\t\t\t\t<div class=\"elementor-widget-wrap\">\n\t\t\t\t\t\t<div class=\"elementor-element elementor-element-d926383 elementor-widget elementor-widget-m5h\" data-id=\"d926383\" data-element_type=\"widget\" data-widget_type=\"m5h.default\">\n\t\t\t\t<div class=\"elementor-widget-container\">\n\t\t\t<section class=\"mn-m5-h mn-bg-green\">\r\n\t<div class=\"mn-grid\">\r\n\t\t<div class=\"mn-content mn-grid-12\">\r\n\t\t\t<div class=\"mn-lead\">\r\n\t\t\t\t<p><span style=\"font-size: 28px\"><strong>GEODEZYJNE KO\u0141O NAUKOWE \u201eEQUATOR\u201d<\/strong><\/span><\/p>\n<p><span style=\"font-size: 20px\"><strong>Opiekun: dr hab. in\u017c. Andrzej Mazur, prof. uczelni<\/strong><\/span><\/p>\n<p><span style=\"font-size: 16px\">Zast\u0119pcy opiekuna: dr in\u017c. Patrycja Pochwatka, mgr in\u017c. Barbara K\u0119powicz<\/span><\/p>\n<p style=\"text-align: left\"><img loading=\"lazy\" class=\"alignleft wp-image-144737\" src=\"https:\/\/up.lublin.pl\/wip\/wp-content\/uploads\/sites\/7\/2021\/11\/equator-kolo.jpg\" alt=\"\" width=\"208\" height=\"203\" \/><\/p>\n<p style=\"text-align: left\"><strong>Geodezyjne Ko\u0142o Naukowe \u201eEquator\u201d<\/strong> powsta\u0142o 5 maja 2011 roku z&nbsp;inicjatywy student\u00f3w kierunku Geodezja i&nbsp;Kartografia. Stworzone z&nbsp;pasji i&nbsp;dzi\u0119ki niej pr\u0119\u017cnie dzia\u0142a od lat. \u0141\u0105czy nas zafascynowanie geodezj\u0105 i&nbsp;ch\u0119ci do dzia\u0142ania, kt\u00f3re s\u0105 fundamentalnym elementem rozwoju. Tworzymy mo\u017cliwo\u015bci dla wszystkich fan\u00f3w tej nauki, a&nbsp;zdobyt\u0105 wiedz\u0105 ch\u0119tnie si\u0119 dzielimy.<\/p>\n<p style=\"text-align: left\">Jako zrzeszeni cz\u0142onkowie Og\u00f3lnopolskiego Klubu Student\u00f3w Geodezji aktywnie uczestniczymy w&nbsp;corocznych konferencjach organizowanych w&nbsp;ramach jego dzia\u0142alno\u015bci. Ponadto mi\u0119li\u015bmy przyjemno\u015b\u0107 bra\u0107 czynny udzia\u0142 w&nbsp;m.in.: Konferencji Naukowo-Technicznej &#8220;Nowe kierunki bada\u0144 w&nbsp;in\u017cynierii \u015brodowiska i&nbsp;geodezji\u201d, KONFERENCJI UP! Rady student\u00f3w przy prezesie Polskiej Agencji Kosmicznej, Forum Unii Biznes: Geodezja-Przedsi\u0119biorcy-Studenci (GPS), a&nbsp;przygotowania do nast\u0119pnych wyst\u0105pie\u0144 ju\u017c trwaj\u0105.<\/p>\n<p style=\"text-align: center\"><img loading=\"lazy\" class=\"alignnone wp-image-173725\" src=\"https:\/\/up.lublin.pl\/wip\/wp-content\/uploads\/sites\/7\/2026\/01\/1.-Czlonkowie-GKN-Equator.jpg\" alt=\"\" width=\"700\" height=\"467\" \/><br \/>Cz\u0142onkowie GKN Equator. Fot. Joanna Mazurek<\/p>\n<p style=\"text-align: left\">Z pe\u0142nym zaanga\u017cowaniem prowadzimy tak\u017ce warsztaty naukowe dla uczni\u00f3w szk\u00f3\u0142 \u015brednich oraz podstawowych, cechuj\u0105ce si\u0119 szerok\u0105 i&nbsp;zr\u00f3\u017cnicowan\u0105 tematyk\u0105. W\u015br\u00f3d nich wyr\u00f3\u017cniamy ,,\u015awiat map w&nbsp;geoinformatyce i&nbsp;bazach danych\u2019\u2019, \u201ePozycjonowanie GNSS w&nbsp;teorii i&nbsp;praktyce\u201d, \u201eNa tropie geodezji, czyli nauka poprzez zabaw\u0119\u2019\u2019. Szczeg\u00f3lnym zainteresowaniem ciesz\u0105 si\u0119 corocznie organizowane warsztaty z&nbsp;okazji mi\u0119dzynarodowego \u015bwi\u0119ta informacji geograficznej \u2013 GISDay, podczas kt\u00f3rych uczniowie maj\u0105 szans\u0119 pozna\u0107 geodezj\u0119 z&nbsp;ro\u017cnych perspektyw. Stoiska, prelekcje i&nbsp;pokazy sprz\u0119tu nie s\u0105 nam obce.<\/p>\n<p><img loading=\"lazy\" class=\"alignnone wp-image-173709\" src=\"https:\/\/up.lublin.pl\/wip\/wp-content\/uploads\/sites\/7\/2026\/01\/3.-Prezentacje-i-prelekcje-dla-uczniow.jpg\" alt=\"\" width=\"500\" height=\"333\" \/><br \/>Prezentacje i&nbsp;prelekcje dla uczni\u00f3w.\u00a0 Fot. Joanna Mazurek<\/p>\n<p><img loading=\"lazy\" class=\"alignnone wp-image-173705\" src=\"https:\/\/up.lublin.pl\/wip\/wp-content\/uploads\/sites\/7\/2026\/01\/2.-GKN-Equator-podczas-warsztatow-dla-Technikum-Geodezyjnego-w-Lublinie-pomiary-GNSS.png\" alt=\"\" width=\"300\" height=\"373\" \/><br \/>GKN Equator podczas warsztat\u00f3w dla Technikum Geodezyjnego w&nbsp;Lublinie -pomiary GNSS<\/p>\n<p style=\"text-align: left\">Regularnie bierzemy udzia\u0142 w&nbsp;spotkaniach i&nbsp;warsztatach z&nbsp;otoczeniem spo\u0142eczno-gospodarczym, od wykonawc\u00f3w prac geodezyjnych po instytucje nadzorcze, dzi\u0119ki czemu poznajemy praktyczn\u0105 stron\u0119 zawodu i&nbsp;realia pracy w&nbsp;bran\u017cy.<\/p>\n<p><img loading=\"lazy\" class=\"alignnone wp-image-173713\" src=\"https:\/\/up.lublin.pl\/wip\/wp-content\/uploads\/sites\/7\/2026\/01\/4.-Wizyta-w-kopalni-LW-Bogdanka-zapoznanie-sie-z-praca-geodety-mierniczego-gorniczego.jpg\" alt=\"\" width=\"500\" height=\"326\" \/><br \/>Wizyta w&nbsp;kopalni LW Bogdanka zapoznanie si\u0119 z&nbsp;prac\u0105 geodety mierniczego g\u00f3rniczego<\/p>\n<p style=\"text-align: left\">Ale <strong>Equator<\/strong> to nie tylko nauka! To przede wszystkim spo\u0142eczno\u015b\u0107 ludzi, kt\u00f3rzy dziel\u0105 wsp\u00f3lne pasje, tworz\u0105 wspomnienia i&nbsp;anga\u017cuj\u0105 si\u0119 w&nbsp;projekty od praktycznych pomiar\u00f3w po organizacj\u0119 wydarze\u0144. Do\u0142\u0105cz do nas i&nbsp;sta\u0144 si\u0119 cz\u0119\u015bci\u0105 zespo\u0142u, kt\u00f3ry inspiruje, uczy i&nbsp;\u015bwietnie si\u0119 przy tym bawi!<\/p>\n<p><img loading=\"lazy\" class=\"alignnone wp-image-173717\" src=\"https:\/\/up.lublin.pl\/wip\/wp-content\/uploads\/sites\/7\/2026\/01\/5.-Dolacz-do-nas.jpg\" alt=\"\" width=\"700\" height=\"467\" \/><br \/>\u00a0Fot. Joanna Mazurek<\/p>\n<p style=\"text-align: left\">Zapraszamy do kontaktu i&nbsp;na nasze media spo\u0142eczno\u015bciowe:<\/p>\n<p style=\"text-align: left\">E-mail: koloequator@gmail.com<\/p>\n<p style=\"text-align: left\">Facebook: <a href=\"https:\/\/www.facebook.com\/GeodezyjneKoloNaukowe\/\">https:\/\/www.facebook.com\/GeodezyjneKoloNaukowe\/<\/a><\/p>\n<p style=\"text-align: left\">Instagram: <a href=\"https:\/\/www.instagram.com\/gknequator\/\">https:\/\/www.instagram.com\/gknequator\/<\/a><\/p>\n<p style=\"text-align: left\">Napisz do nas i&nbsp;do\u0142\u0105cz do Ko\u0142a ju\u017c dzi\u015b!<\/p>\n<p style=\"text-align: left\"><img loading=\"lazy\" class=\"wp-image-173721 aligncenter\" src=\"https:\/\/up.lublin.pl\/wip\/wp-content\/uploads\/sites\/7\/2026\/01\/logo_GKN_baner.png\" alt=\"\" width=\"600\" height=\"235\" \/><\/p>\n\t\t\t<\/div>\r\n\t\t<\/div>\r\n\t<\/div>\r\n<\/section>\r\n\t\t<\/div>\n\t\t\t\t<\/div>\n\t\t\t\t\t\t<\/div>\n\t\t\t\t\t<\/div>\n\t\t<\/div>\n\t\t\t\t\t\t\t\t<\/div>\n\t\t\t\t\t<\/div>\n\t\t<\/section>\n\t\t\t\t\t\t<\/div>\n\t\t\t\t\t\t<\/div>\n\t\t\t\t\t<\/div>\n\t\t","protected":false},"excerpt":{"rendered":"<p>GEODEZYJNE KO\u0141O NAUKOWE \u201eEQUATOR\u201d Opiekun: dr hab. in\u017c. Andrzej Mazur, prof. uczelni Zast\u0119pcy opiekuna: dr in\u017c. Patrycja Pochwatka, mgr in\u017c. Barbara K\u0119powicz Geodezyjne Ko\u0142o Naukowe \u201eEquator\u201d powsta\u0142o 5 maja 2011 roku z&nbsp;inicjatywy student\u00f3w kierunku Geodezja i&nbsp;Kartografia. Stworzone z&nbsp;pasji i&nbsp;dzi\u0119ki niej pr\u0119\u017cnie dzia\u0142a od lat. \u0141\u0105czy nas zafascynowanie geodezj\u0105 i&nbsp;ch\u0119ci do dzia\u0142ania, kt\u00f3re s\u0105 fundamentalnym elementem [&hellip;]<\/p>\n","protected":false},"author":248,"featured_media":0,"parent":142316,"menu_order":0,"comment_status":"closed","ping_status":"closed","template":"","meta":{"_monsterinsights_skip_tracking":false,"_monsterinsights_sitenote_active":false,"_monsterinsights_sitenote_note":"","_monsterinsights_sitenote_category":0},"_links":{"self":[{"href":"https:\/\/up.lublin.pl\/wip\/wp-json\/wp\/v2\/pages\/144732"}],"collection":[{"href":"https:\/\/up.lublin.pl\/wip\/wp-json\/wp\/v2\/pages"}],"about":[{"href":"https:\/\/up.lublin.pl\/wip\/wp-json\/wp\/v2\/types\/page"}],"author":[{"embeddable":true,"href":"https:\/\/up.lublin.pl\/wip\/wp-json\/wp\/v2\/users\/248"}],"replies":[{"embeddable":true,"href":"https:\/\/up.lublin.pl\/wip\/wp-json\/wp\/v2\/comments?post=144732"}],"version-history":[{"count":25,"href":"https:\/\/up.lublin.pl\/wip\/wp-json\/wp\/v2\/pages\/144732\/revisions"}],"predecessor-version":[{"id":173736,"href":"https:\/\/up.lublin.pl\/wip\/wp-json\/wp\/v2\/pages\/144732\/revisions\/173736"}],"up":[{"embeddable":true,"href":"https:\/\/up.lublin.pl\/wip\/wp-json\/wp\/v2\/pages\/142316"}],"wp:attachment":[{"href":"https:\/\/up.lublin.pl\/wip\/wp-json\/wp\/v2\/media?parent=144732"}],"curies":[{"name":"wp","href":"https:\/\/api.w.org\/{rel}","templated":true}]}}