{"id":144561,"date":"2021-11-02T11:53:08","date_gmt":"2021-11-02T10:53:08","guid":{"rendered":"https:\/\/up.lublin.pl\/wip\/?page_id=144561"},"modified":"2025-12-15T16:54:42","modified_gmt":"2025-12-15T15:54:42","slug":"studenckie-kolo-naukowe-food-design","status":"publish","type":"page","link":"https:\/\/up.lublin.pl\/wip\/kola-naukowe\/studenckie-kolo-naukowe-food-design\/","title":{"rendered":"STUDENCKIE KO\u0141O NAUKOWE FOOD DESIGN"},"content":{"rendered":"\t\t<div data-elementor-type=\"wp-page\" data-elementor-id=\"144561\" class=\"elementor elementor-144561\" data-elementor-settings=\"[]\">\n\t\t\t\t\t\t<div class=\"elementor-inner\">\n\t\t\t\t\t\t\t<div class=\"elementor-section-wrap\">\n\t\t\t\t\t\t\t<section class=\"elementor-section elementor-top-section elementor-element elementor-element-4427b6b elementor-section-boxed elementor-section-height-default elementor-section-height-default\" data-id=\"4427b6b\" data-element_type=\"section\">\n\t\t\t\t\t\t<div class=\"elementor-container elementor-column-gap-default\">\n\t\t\t\t\t\t\t<div class=\"elementor-row\">\n\t\t\t\t\t<div class=\"elementor-column elementor-col-100 elementor-top-column elementor-element elementor-element-2078fd9\" data-id=\"2078fd9\" data-element_type=\"column\">\n\t\t\t<div class=\"elementor-column-wrap elementor-element-populated\">\n\t\t\t\t\t\t\t<div class=\"elementor-widget-wrap\">\n\t\t\t\t\t\t<div class=\"elementor-element elementor-element-40dae28 elementor-widget elementor-widget-m5h\" data-id=\"40dae28\" data-element_type=\"widget\" data-widget_type=\"m5h.default\">\n\t\t\t\t<div class=\"elementor-widget-container\">\n\t\t\t<section class=\"mn-m5-h mn-bg-green\">\r\n\t<div class=\"mn-grid\">\r\n\t\t<div class=\"mn-content mn-grid-12\">\r\n\t\t\t<div class=\"mn-lead\">\r\n\t\t\t\t<p><strong><span style=\"font-size: 28px\">STUDENCKIE KO\u0141O NAUKOWE FOOD DESIGN<\/span><\/strong><\/p>\n<p><span style=\"font-size: 24px\"><strong>Opiekunowie: dr in\u017c. Agata Blicharz-Kania, dr Marta Krajewska<\/strong><\/span><\/p>\n<p>\u00a0<\/p>\n<p style=\"text-align: left\">Studenckie Ko\u0142o Naukowe Food Design powsta\u0142o w&nbsp;dniu 19 maja 2015 roku przy Katedrze Biologicznych Podstaw Technologii \u017bywno\u015bci i&nbsp;Pasz na Wydziale In\u017cynierii Produkcji Uniwersytetu Przyrodniczego w&nbsp;Lublinie.<\/p>\n<p><img loading=\"lazy\" class=\"alignleft wp-image-144566\" src=\"https:\/\/up.lublin.pl\/wip\/wp-content\/uploads\/sites\/7\/2021\/11\/FD.png\" alt=\"\" width=\"280\" height=\"279\" \/><\/p>\n<p style=\"text-align: left\">W dzia\u0142alno\u015bci Ko\u0142a aktywnie uczestnicz\u0105 studenci kierunk\u00f3w In\u017cynieria Przemys\u0142u Spo\u017cywczego, Gastronomia i&nbsp;Sztuka Kulinarna oraz Bioin\u017cynieria.<\/p>\n<p style=\"text-align: left\">Celem SKN\u00a0<em>Food Design<\/em> jest: prowadzenie bada\u0144 naukowych z\u00a0zakresu in\u017cynierii <br \/>i projektowania \u017cywno\u015bci, uczestnictwo w\u00a0konferencjach naukowych a&nbsp;tak\u017ce promocja UP w\u00a0Lublinie podczas Lubelskiego Festiwalu Nauki i&nbsp;innych wydarze\u0144 kulturalno\u2013naukowych.<\/p>\n<p style=\"text-align: left\">Spotkania Studenckiego Ko\u0142a Naukowego Food Design odbywaj\u0105 si\u0119 dwa razy w&nbsp;miesi\u0105cu. Omawiane s\u0105 na nich bie\u017c\u0105ce sprawy Ko\u0142a, prowadzane prace naukowo-badawcze z&nbsp;zakresu towaroznawstwa \u017cywno\u015bci. Studenci przygotowuj\u0105 si\u0119 r\u00f3wnie\u017c do uczestnictwa w&nbsp;r\u00f3\u017cnego rodzaju akcjach, jak i&nbsp;wyg\u0142aszaj\u0105 prezentacje na temat innowacji w&nbsp;produkcji \u017cywno\u015bci.<\/p>\n<p style=\"text-align: left\">Cz\u0142onkowie Studenckiego Ko\u0142a Naukowego <em>Food Design<\/em> bior\u0105 czynny udzia\u0142 w\u00a0wielu dzia\u0142aniach organizowanych przez Uniwersytet Przyrodniczy w\u00a0Lublinie, czego wyrazem mo\u017ce by\u0107 m. in. udzia\u0142 w&nbsp;Festiwalu Nauki (prezentacja metod okre\u015blania trwa\u0142o\u015bci mikrobiologicznej \u017cywno\u015bci; przyrz\u0105dzanie przek\u0105sek i&nbsp;kosmetyk\u00f3w z&nbsp;dodatkiem produkt\u00f3w ubocznych przemys\u0142u spo\u017cywczego).<\/p>\n<p style=\"text-align: left\"><img loading=\"lazy\" class=\"wp-image-144574 alignleft\" src=\"https:\/\/up.lublin.pl\/wip\/wp-content\/uploads\/sites\/7\/2021\/11\/FD2.jpg\" alt=\"\" width=\"446\" height=\"250\" \/><\/p>\n<p><img loading=\"lazy\" class=\"wp-image-144570 alignnone\" src=\"https:\/\/up.lublin.pl\/wip\/wp-content\/uploads\/sites\/7\/2021\/11\/FD1.jpg\" alt=\"\" width=\"447\" height=\"250\" \/><\/p>\n\t\t\t<\/div>\r\n\t\t<\/div>\r\n\t<\/div>\r\n<\/section>\r\n\t\t<\/div>\n\t\t\t\t<\/div>\n\t\t\t\t\t\t<\/div>\n\t\t\t\t\t<\/div>\n\t\t<\/div>\n\t\t\t\t\t\t\t\t<\/div>\n\t\t\t\t\t<\/div>\n\t\t<\/section>\n\t\t\t\t\t\t<\/div>\n\t\t\t\t\t\t<\/div>\n\t\t\t\t\t<\/div>\n\t\t","protected":false},"excerpt":{"rendered":"<p>STUDENCKIE KO\u0141O NAUKOWE FOOD DESIGN Opiekunowie: dr in\u017c. Agata Blicharz-Kania, dr Marta Krajewska \u00a0 Studenckie Ko\u0142o Naukowe Food Design powsta\u0142o w&nbsp;dniu 19 maja 2015 roku przy Katedrze Biologicznych Podstaw Technologii \u017bywno\u015bci i&nbsp;Pasz na Wydziale In\u017cynierii Produkcji Uniwersytetu Przyrodniczego w&nbsp;Lublinie. W dzia\u0142alno\u015bci Ko\u0142a aktywnie uczestnicz\u0105 studenci kierunk\u00f3w In\u017cynieria Przemys\u0142u Spo\u017cywczego, Gastronomia i&nbsp;Sztuka Kulinarna oraz Bioin\u017cynieria. Celem [&hellip;]<\/p>\n","protected":false},"author":248,"featured_media":0,"parent":142316,"menu_order":0,"comment_status":"closed","ping_status":"closed","template":"","meta":{"_monsterinsights_skip_tracking":false,"_monsterinsights_sitenote_active":false,"_monsterinsights_sitenote_note":"","_monsterinsights_sitenote_category":0},"_links":{"self":[{"href":"https:\/\/up.lublin.pl\/wip\/wp-json\/wp\/v2\/pages\/144561"}],"collection":[{"href":"https:\/\/up.lublin.pl\/wip\/wp-json\/wp\/v2\/pages"}],"about":[{"href":"https:\/\/up.lublin.pl\/wip\/wp-json\/wp\/v2\/types\/page"}],"author":[{"embeddable":true,"href":"https:\/\/up.lublin.pl\/wip\/wp-json\/wp\/v2\/users\/248"}],"replies":[{"embeddable":true,"href":"https:\/\/up.lublin.pl\/wip\/wp-json\/wp\/v2\/comments?post=144561"}],"version-history":[{"count":34,"href":"https:\/\/up.lublin.pl\/wip\/wp-json\/wp\/v2\/pages\/144561\/revisions"}],"predecessor-version":[{"id":173509,"href":"https:\/\/up.lublin.pl\/wip\/wp-json\/wp\/v2\/pages\/144561\/revisions\/173509"}],"up":[{"embeddable":true,"href":"https:\/\/up.lublin.pl\/wip\/wp-json\/wp\/v2\/pages\/142316"}],"wp:attachment":[{"href":"https:\/\/up.lublin.pl\/wip\/wp-json\/wp\/v2\/media?parent=144561"}],"curies":[{"name":"wp","href":"https:\/\/api.w.org\/{rel}","templated":true}]}}