{"id":144445,"date":"2021-10-20T13:42:17","date_gmt":"2021-10-20T11:42:17","guid":{"rendered":"https:\/\/up.lublin.pl\/wip\/?page_id=144445"},"modified":"2025-12-15T16:46:17","modified_gmt":"2025-12-15T15:46:17","slug":"studenckie-kolo-naukowe-inzynierii-srodowiska","status":"publish","type":"page","link":"https:\/\/up.lublin.pl\/wip\/kola-naukowe\/studenckie-kolo-naukowe-inzynierii-srodowiska\/","title":{"rendered":"STUDENCKIE KO\u0141O NAUKOWE IN\u017bYNIERII \u015aRODOWISKA"},"content":{"rendered":"\t\t<div data-elementor-type=\"wp-page\" data-elementor-id=\"144445\" class=\"elementor elementor-144445\" data-elementor-settings=\"[]\">\n\t\t\t\t\t\t<div class=\"elementor-inner\">\n\t\t\t\t\t\t\t<div class=\"elementor-section-wrap\">\n\t\t\t\t\t\t\t<section class=\"elementor-section elementor-top-section elementor-element elementor-element-4d69c39 elementor-section-boxed elementor-section-height-default elementor-section-height-default\" data-id=\"4d69c39\" data-element_type=\"section\">\n\t\t\t\t\t\t<div class=\"elementor-container elementor-column-gap-default\">\n\t\t\t\t\t\t\t<div class=\"elementor-row\">\n\t\t\t\t\t<div class=\"elementor-column elementor-col-100 elementor-top-column elementor-element elementor-element-f296553\" data-id=\"f296553\" data-element_type=\"column\">\n\t\t\t<div class=\"elementor-column-wrap elementor-element-populated\">\n\t\t\t\t\t\t\t<div class=\"elementor-widget-wrap\">\n\t\t\t\t\t\t<div class=\"elementor-element elementor-element-8f8dff0 elementor-widget elementor-widget-m5h\" data-id=\"8f8dff0\" data-element_type=\"widget\" data-widget_type=\"m5h.default\">\n\t\t\t\t<div class=\"elementor-widget-container\">\n\t\t\t<section class=\"mn-m5-h mn-bg-green\">\r\n\t<div class=\"mn-grid\">\r\n\t\t<div class=\"mn-content mn-grid-12\">\r\n\t\t\t<div class=\"mn-lead\">\r\n\t\t\t\t<p><strong><span style=\"font-size: 28px\">STUDENCKIE KO\u0141O NAUKOWE IN\u017bYNIERII \u015aRODOWISKA<\/span><\/strong><\/p>\n<p><span style=\"font-size: 16px\"><strong>Opiekun: <\/strong><strong>dr in\u017c. Magdalena Gizi\u0144ska-G\u00f3rna<\/strong><\/span><\/p>\n<p>\u00a0<\/p>\n<p style=\"text-align: left\">SKN In\u017cynierii \u015arodowiska funkcjonuj\u0105ce przy Wydziale In\u017cynierii Produkcji zosta\u0142o zarejestrowane w&nbsp;dniu 18.11.2019 r. i&nbsp;wpisane do Rejestru SKN Uniwersytetu Przyrodniczego w&nbsp;Lublinie pod numerem 76\/2019. Jednak pocz\u0105tki dzia\u0142alno\u015bci obecnego ko\u0142a si\u0119gaj\u0105 2013 r., gdy przy Wydziale In\u017cynierii Produkcji i&nbsp;Wydziale Agrobioin\u017cynierii powsta\u0142o SKN Gospodarki Wodno-\u015aciekowej.<\/p>\n<p><img loading=\"lazy\" class=\"size-full wp-image-144457 aligncenter\" src=\"https:\/\/up.lublin.pl\/wip\/wp-content\/uploads\/sites\/7\/2021\/10\/is1.jpg\" alt=\"\" width=\"984\" height=\"656\" \/><\/p>\n<p><em>Cz\u0142onkowie Studenckiego Ko\u0142a Naukowego In\u017cynierii \u015arodowiska w&nbsp;2021 r.<\/em><\/p>\n<p style=\"text-align: left\">Celem SKN In\u017cynierii \u015arodowiska jest:<\/p>\n<ol>\n<li style=\"text-align: left\">prowadzenie bada\u0144 naukowych oraz prac projektowych i&nbsp;wdro\u017ceniowych z&nbsp;zakresu gospodarki wodno-\u015bciekowej;<\/li>\n<li style=\"text-align: left\">organizacja seminari\u00f3w, konferencji naukowych i&nbsp;naukowo-technicznych, oboz\u00f3w naukowych oraz wyjazd\u00f3w szkoleniowych na obiekty badawcze;<\/li>\n<li style=\"text-align: left\">promocja UP w&nbsp;Lublinie podczas Lubelskiego Festiwalu Nauki oraz w&nbsp;czasie dni otwartych Uczelni;<\/li>\n<li style=\"text-align: left\">wsp\u00f3\u0142praca z&nbsp;innymi ko\u0142ami naukowymi, firmami, jednostkami samorz\u0105dowymi oraz pracownikami UP w&nbsp;Lublinie.<\/li>\n<\/ol>\n<p style=\"text-align: left\">SKN In\u017cynierii \u015arodowiska swoje cele realizuje poprzez:<\/p>\n<ul>\n<li style=\"text-align: left\">przygotowanie publikacji naukowych, projekt\u00f3w budowy instalacji z\u00a0zakresu in\u017cynierii \u015brodowiska;<\/li>\n<li style=\"text-align: left\">prezentacj\u0119 referat\u00f3w i\u00a0poster\u00f3w na konferencjach naukowych;<\/li>\n<li style=\"text-align: left\">prezentacj\u0119 projekt\u00f3w podczas Lubelskiego Festiwalu Nauki oraz w\u00a0czasie dni otwartych Uczelni;<\/li>\n<li style=\"text-align: left\">udzia\u0142 i\u00a0pomoc w\u00a0pracach badawczych realizowanych przez pracownik\u00f3w UP w\u00a0Lublinie.<\/li>\n<\/ul>\n<p><img loading=\"lazy\" class=\"alignleft size-full wp-image-144547\" src=\"https:\/\/up.lublin.pl\/wip\/wp-content\/uploads\/sites\/7\/2021\/11\/ir.jpg\" alt=\"\" width=\"1387\" height=\"925\" \/><\/p>\n<p><em>Uczestnicy VII Og\u00f3lnopolskiej Konferencji Naukowo-Technicznej pt. \u201eNowe kierunki bada\u0144 <br \/>w in\u017cynierii \u015brodowiska, energetyce, geodezji i&nbsp;le\u015bnictwie\u201d, 6-8 pa\u017adziernika 2021 r.\u00a0<\/em><\/p>\n<p style=\"text-align: left\">W latach 2013-2021 SKN In\u017cynierii \u015arodowiska wsp\u00f3lnie z&nbsp;r\u00f3\u017cnymi jednostkami naukowymi\u00a0 i&nbsp;innymi ko\u0142ami naukowymi zorganizowa\u0142o 7 og\u00f3lnopolskich konferencji naukowo-technicznych pt. <em>Nowe kierunki bada\u0144 w&nbsp;in\u017cynierii \u015brodowiska, energetyce, geodezji i&nbsp;le\u015bnictwie, <\/em>kt\u00f3re odbywa\u0142y si\u0119 w&nbsp;Zwierzy\u0144cu, Urszulinie, D\u0119bowej K\u0142odzie i&nbsp;Krynicy Zdroju.<\/p>\n<p style=\"text-align: left\">We wrze\u015bniu 2019 r. studenci z&nbsp;ko\u0142a naukowego uczestniczyli w&nbsp;sta\u017cu naukowym i&nbsp;seminarium naukowo-technicznym pt. \u201e<em>Innowacyjne technologie w&nbsp;geodezji i&nbsp;in\u017cynierii \u015brodowiska<\/em>\u201d w&nbsp;Katedrze Ekologii i&nbsp;Zr\u00f3wnowa\u017conego U\u017cytkowania Przyrody Instytutu Zr\u00f3wnowa\u017conego Rozwoju na Politechnice Lwowskiej na Ukrainie.<\/p>\n<p style=\"text-align: left\">Studenci bior\u0105 tak\u017ce udzia\u0142 w&nbsp;szkoleniach bran\u017cowych w&nbsp;zakresie specjalno\u015bci wodno-melioracyjnej organizowanych przez: Zarz\u0105d Oddzia\u0142u Stowarzyszenia In\u017cynier\u00f3w i&nbsp;Technik\u00f3w Wodnych i&nbsp;Melioracyjnych w&nbsp;Lublinie.<\/p>\n<p style=\"text-align: left\"><strong>Znajd\u017a nas na <a href=\"https:\/\/www.facebook.com\/profile.php?id=61566911605051\">Facebooku.<\/a><\/strong><\/p>\n\t\t\t<\/div>\r\n\t\t<\/div>\r\n\t<\/div>\r\n<\/section>\r\n\t\t<\/div>\n\t\t\t\t<\/div>\n\t\t\t\t\t\t<\/div>\n\t\t\t\t\t<\/div>\n\t\t<\/div>\n\t\t\t\t\t\t\t\t<\/div>\n\t\t\t\t\t<\/div>\n\t\t<\/section>\n\t\t\t\t\t\t<\/div>\n\t\t\t\t\t\t<\/div>\n\t\t\t\t\t<\/div>\n\t\t","protected":false},"excerpt":{"rendered":"<p>STUDENCKIE KO\u0141O NAUKOWE IN\u017bYNIERII \u015aRODOWISKA Opiekun: dr in\u017c. Magdalena Gizi\u0144ska-G\u00f3rna \u00a0 SKN In\u017cynierii \u015arodowiska funkcjonuj\u0105ce przy Wydziale In\u017cynierii Produkcji zosta\u0142o zarejestrowane w&nbsp;dniu 18.11.2019 r. i&nbsp;wpisane do Rejestru SKN Uniwersytetu Przyrodniczego w&nbsp;Lublinie pod numerem 76\/2019. Jednak pocz\u0105tki dzia\u0142alno\u015bci obecnego ko\u0142a si\u0119gaj\u0105 2013 r., gdy przy Wydziale In\u017cynierii Produkcji i&nbsp;Wydziale Agrobioin\u017cynierii powsta\u0142o SKN Gospodarki Wodno-\u015aciekowej. Cz\u0142onkowie Studenckiego [&hellip;]<\/p>\n","protected":false},"author":248,"featured_media":0,"parent":142316,"menu_order":0,"comment_status":"closed","ping_status":"closed","template":"","meta":{"_monsterinsights_skip_tracking":false,"_monsterinsights_sitenote_active":false,"_monsterinsights_sitenote_note":"","_monsterinsights_sitenote_category":0},"_links":{"self":[{"href":"https:\/\/up.lublin.pl\/wip\/wp-json\/wp\/v2\/pages\/144445"}],"collection":[{"href":"https:\/\/up.lublin.pl\/wip\/wp-json\/wp\/v2\/pages"}],"about":[{"href":"https:\/\/up.lublin.pl\/wip\/wp-json\/wp\/v2\/types\/page"}],"author":[{"embeddable":true,"href":"https:\/\/up.lublin.pl\/wip\/wp-json\/wp\/v2\/users\/248"}],"replies":[{"embeddable":true,"href":"https:\/\/up.lublin.pl\/wip\/wp-json\/wp\/v2\/comments?post=144445"}],"version-history":[{"count":49,"href":"https:\/\/up.lublin.pl\/wip\/wp-json\/wp\/v2\/pages\/144445\/revisions"}],"predecessor-version":[{"id":173488,"href":"https:\/\/up.lublin.pl\/wip\/wp-json\/wp\/v2\/pages\/144445\/revisions\/173488"}],"up":[{"embeddable":true,"href":"https:\/\/up.lublin.pl\/wip\/wp-json\/wp\/v2\/pages\/142316"}],"wp:attachment":[{"href":"https:\/\/up.lublin.pl\/wip\/wp-json\/wp\/v2\/media?parent=144445"}],"curies":[{"name":"wp","href":"https:\/\/api.w.org\/{rel}","templated":true}]}}