{"id":141944,"date":"2021-06-30T12:00:21","date_gmt":"2021-06-30T10:00:21","guid":{"rendered":"https:\/\/up.lublin.pl\/wip\/?page_id=141944"},"modified":"2022-10-12T12:11:05","modified_gmt":"2022-10-12T10:11:05","slug":"katedra-inzynierii-mechanicznej-i-automatyki","status":"publish","type":"page","link":"https:\/\/up.lublin.pl\/wip\/wydzial\/struktura-i-pracownicy\/katedra-inzynierii-mechanicznej-i-automatyki\/","title":{"rendered":"Katedra In\u017cynierii Mechanicznej i Automatyki"},"content":{"rendered":"\t\t<div data-elementor-type=\"wp-page\" data-elementor-id=\"141944\" class=\"elementor elementor-141944\" data-elementor-settings=\"[]\">\n\t\t\t\t\t\t<div class=\"elementor-inner\">\n\t\t\t\t\t\t\t<div class=\"elementor-section-wrap\">\n\t\t\t\t\t\t\t<section class=\"elementor-section elementor-top-section elementor-element elementor-element-7353e73 elementor-section-boxed elementor-section-height-default elementor-section-height-default\" data-id=\"7353e73\" data-element_type=\"section\">\n\t\t\t\t\t\t<div class=\"elementor-container elementor-column-gap-default\">\n\t\t\t\t\t\t\t<div class=\"elementor-row\">\n\t\t\t\t\t<div class=\"elementor-column elementor-col-100 elementor-top-column elementor-element elementor-element-8e88dbf\" data-id=\"8e88dbf\" data-element_type=\"column\">\n\t\t\t<div class=\"elementor-column-wrap elementor-element-populated\">\n\t\t\t\t\t\t\t<div class=\"elementor-widget-wrap\">\n\t\t\t\t\t\t<div class=\"elementor-element elementor-element-74e3963 elementor-widget elementor-widget-m2k\" data-id=\"74e3963\" data-element_type=\"widget\" data-widget_type=\"m2k.default\">\n\t\t\t\t<div class=\"elementor-widget-container\">\n\t\t\t<section class=\"mn-m2-d mn-bg-green\">\n    <div class=\"mn-grid\">\n        <div class=\"mn-grid-12 mn-introtext\">\n                            <h3>\n                    Katedra In\u017cynierii Mechanicznej i&nbsp;Automatyki                <\/h3>\n                        <\/div>\n    <\/div>\n    <\/section>\n\t\t<\/div>\n\t\t\t\t<\/div>\n\t\t\t\t\t\t<\/div>\n\t\t\t\t\t<\/div>\n\t\t<\/div>\n\t\t\t\t\t\t\t\t<\/div>\n\t\t\t\t\t<\/div>\n\t\t<\/section>\n\t\t\t\t<section class=\"elementor-section elementor-top-section elementor-element elementor-element-cded56d elementor-section-boxed elementor-section-height-default elementor-section-height-default\" data-id=\"cded56d\" data-element_type=\"section\">\n\t\t\t\t\t\t<div class=\"elementor-container elementor-column-gap-default\">\n\t\t\t\t\t\t\t<div class=\"elementor-row\">\n\t\t\t\t\t<div class=\"elementor-column elementor-col-100 elementor-top-column elementor-element elementor-element-0991332\" data-id=\"0991332\" data-element_type=\"column\">\n\t\t\t<div class=\"elementor-column-wrap elementor-element-populated\">\n\t\t\t\t\t\t\t<div class=\"elementor-widget-wrap\">\n\t\t\t\t\t\t<div class=\"elementor-element elementor-element-c0349fd elementor-widget elementor-widget-m5c\" data-id=\"c0349fd\" data-element_type=\"widget\" data-widget_type=\"m5c.default\">\n\t\t\t\t<div class=\"elementor-widget-container\">\n\t\t\t<section class=\"mn-m5-c mn-bg-white\">\n\t<div class=\"mn-grid\">\n\t\t            <div class=\"mn-menu-container mn-grid-3\">\n                <ul class=\"mn-bg-yellow\">\n\t                                        <li>\n                            <a href=\"#\" class=\"active\" data-hash=\"#dydaktyka\">\n                                Dydaktyka                            <\/a>\n                        <\/li>\n                                                <li>\n                            <a href=\"#\" class=\"\" data-hash=\"#oferta\">\n                                Badania                            <\/a>\n                        <\/li>\n                                                <li>\n                            <a href=\"#\" class=\"\" data-hash=\"#historia\">\n                                Historia                            <\/a>\n                        <\/li>\n                                        <\/ul>\n            <\/div>\n\t        \t\t<div class=\"mn-content mn-grid-8\">\n\t\t\t                <div class=\"mn-content-block active\">\n\t                                                        <div class=\"block-text\">\n\t                                        <p>Katedra In\u017cynierii Mechanicznej i&nbsp;Automatyki prowadzi zaj\u0119cia dydaktyczne z&nbsp;nast\u0119puj\u0105cych przedmiot\u00f3w: Grafika in\u017cynierska, Podstawy konstrukcji maszyn, Projektowanie system\u00f3w technicznych, Obs\u0142uga informatyczna produkcji, Bezpiecze\u0144stwo techniczne, Podstawy bezpiecze\u0144stwa przemys\u0142owego, Niezawodno\u015b\u0107 i&nbsp;bezpiecze\u0144stwo system\u00f3w in\u017cynierskich, Systemy bezpiecze\u0144stwa,\u00a0Automatyka, Automatyzacja i&nbsp;robotyzacja produkcji, Podstawy automatyki i&nbsp;miernictwa przemys\u0142owego, Automatyzacja bioproces\u00f3w, Audyt w&nbsp;BHP, Audytor wewn\u0119trzny system\u00f3w zarz\u0105dzania jako\u015bci\u0105 a&nbsp;tak\u017ce zaj\u0119cia fakultatywne z&nbsp;zakresu komputerowego wspomagania projektowania z&nbsp;wykorzystaniem oprogramowania AutoCAD oraz Inventor. Zaj\u0119cia te prowadzone s\u0105 dla student\u00f3w kierunk\u00f3w realizowanych na trzech wydzia\u0142ach.<\/p>\n<p>Katedra In\u017cynierii Mechanicznej i&nbsp;Automatyki dysponuje trzema laboratoriami badawczo-dydaktycznymi.<\/p>\n<p><b>Laboratorium sterowania, automatyki przemys\u0142owej i&nbsp;bezpiecze\u0144stwa proces\u00f3w <\/b>wyposa\u017cone jest w&nbsp;9 stanowisk do programowania sterownik\u00f3w PLC (GE, Siemens), wizualizacji proces\u00f3w (Wonderware Platform) oraz oblicze\u0144 i&nbsp;symulacji (Matlab, Simulink, Scilab, Classic), a&nbsp;tak\u017ce stanowisko do programowania sterownik\u00f3w bezpiecze\u0144stwa &#8211; Siemens S7-1200F. Projektowanie uk\u0142ad\u00f3w sterowania realizowane jest z&nbsp;wykorzystaniem oprogramowania Matlab, Simulink, Scilab i&nbsp;Classic. Stanowiska laboratoryjne wyposa\u017cone s\u0105 w&nbsp;sterowniki GE wraz z&nbsp;panelami operatorskimi oraz elementami ko\u0144cowymi takimi jak wentylator, sygnalizator diodowy.\u00a0Platforma systemowa Wonderware w&nbsp;programie InTouch umo\u017cliwia tworzenie synoptyk procesowych, kt\u00f3re komunikuj\u0105 si\u0119 ze sterownikami GE. Dokonywana jest wymiana danych pomi\u0119dzy modelem matematycznym procesu zapisanym w&nbsp;skryptach InTouch\u2019a a&nbsp;sterownikiem. Sterowniki pobieraj\u0105c dane z&nbsp;modelu dokonuj\u0105 regulacji procesu zgodnie z&nbsp;za\u0142o\u017conym algorytmem sterowania. Synoptyki procesowe u\u0142atwiaj\u0105 sterowanie i&nbsp;nadz\u00f3r procesu, przetwarzanie i&nbsp;gromadzenie danych, kontrol\u0119 dost\u0119pu, alarmowanie oraz raportowanie.Laboratoriom wyposa\u017cone jest tak\u017ce w&nbsp;cztery modele obiekt\u00f3w przemys\u0142owych, dwa manipulatory i&nbsp;stanowiska do projektowania system\u00f3w blokad, zabezpiecze\u0144 i&nbsp;sygnalizacji w&nbsp;budynkach.<\/p>\n<p><b>Laboratorium mikroskopii si\u0142 atomowych<\/b> wyposa\u017cone jest mi\u0119dzy innymi w&nbsp;mikroskop si\u0142 atomowych, AFM, (Ntegra Prima, NT-MDT), umo\u017cliwiaj\u0105cy obrazowanie topografii powierzchni pr\u00f3bek r\u00f3\u017cnego pochodzenia (m.in. materia\u0142\u00f3w biologicznych, metali, materia\u0142\u00f3w ceramicznych, polimer\u00f3w i&nbsp;kompozyt\u00f3w). Opr\u00f3cz analizy powierzchni mo\u017cliwy jest te\u017c pomiar w\u0142a\u015bciwo\u015bci mechanicznych w&nbsp;skali nano (elastyczno\u015b\u0107, si\u0142y adhezji), elektrycznych i&nbsp;magnetycznych. Charakterystyki badanych pr\u00f3bek dope\u0142niaj\u0105 informacje o&nbsp;strukturze i&nbsp;sk\u0142adzie chemicznym otrzymywane przy u\u017cyciu mikroskopu ramanowskiego (Ntegra Spectra, NT-MDT) . Mikroskop ten w&nbsp;sprz\u0119\u017ceniu z&nbsp;AFM umo\u017cliwia jednoczesne badanie dynamiki molekularnej metod\u0105 rozpraszania \u015bwiat\u0142a Ramana (w\u0142\u0105cznie z&nbsp;mapowaniem wzbudze\u0144 na powierzchni pr\u00f3bki), oraz w\u0142asno\u015bci fizycznych powierzchni z&nbsp;wykorzystaniem mod\u00f3w pomiarowych mikroskopu si\u0142 atomowych. W&nbsp;Katedrze In\u017cynierii Mechanicznej i&nbsp;Automatyki na wy\u017cej wymienionej aparaturze prowadzone s\u0105 m.in. badania procesu kawitacji stop\u00f3w metali, analizy w\u0142a\u015bciwo\u015bci strukturalnych folii biodegradowalnych oraz pr\u00f3bek pochodzenia zwierz\u0119cego.<\/p>\n<p>W <b>Laboratorium mechaniki materia\u0142\u00f3w pochodzenia biologicznego<\/b> prowadzone s\u0105 badania charakterystyk mechanicznych materia\u0142\u00f3w pochodzenia biologicznego w&nbsp;ro\u017cnych warunkach obci\u0105\u017ce\u0144 mechanicznych. G\u0142\u00f3wne wyposa\u017cenie laboratorium to maszyna wytrzyma\u0142o\u015bciowa z&nbsp;komor\u0105 termiczn\u0105 Peltiera oraz trzy stanowiska do bada\u0144 udarowych. Wytworzona i&nbsp;zgromadzona aparatura pozwala na rejestracj\u0119 z&nbsp;wysok\u0105 rozdzielczo\u015bci\u0105 i&nbsp;dok\u0142adno\u015bci\u0105 przebieg\u00f3w si\u0142y reakcji i&nbsp;przemieszczania w&nbsp;czasie. Zastosowanie niezale\u017cnego systemu kamery do szybkich zdj\u0119\u0107 Phanton Miro M3205 oraz oprogramowania Tema Motion umo\u017cliwia uzyskanie unikalnych przebieg\u00f3w si\u0142y\u00a0reakcji pr\u00f3bki w&nbsp;funkcji przemieszczania podczas udaru. Dane z&nbsp;przebiegu udaru oraz skanowania powierzchni przy u\u017cyciu AFM umo\u017cliwiaj\u0105 analiz\u0119 w\u0142a\u015bciwo\u015bci mechanicznych w&nbsp;skali makro i&nbsp;nano.<\/p>\n                                        <\/div>\n\t\t\t\t\t\t                                <\/div>\n\t\t\t\t                <div class=\"mn-content-block\">\n\t                                                        <div class=\"block-text\">\n\t                                        <div>Katedra In\u017cynierii Mechanicznej i&nbsp;Automatyki prowadzi badania w&nbsp;zakresie:<\/div>\n<ul>\n<li>identyfikacj\u0105 charakterystyk mechanicznych materia\u0142\u00f3w ro\u015blinnych pod k\u0105tem ograniczania strat ilo\u015bciowych\u00a0i jako\u015bciowych podczas operacji technologicznych,<\/li>\n<li>modelowaniem zachowania si\u0119 materia\u0142\u00f3w ro\u015blinnych w&nbsp;r\u00f3\u017cnych warunkach obci\u0105\u017ce\u0144 mechanicznych<\/li>\n<li>kinematyki i&nbsp;dynamiki maszyn w&nbsp;aspekcie oddzia\u0142ywania na ro\u015bliny podczas zbioru\u00a0\u00a0i transportu.<\/li>\n<li>modelowania dynamiki \u0142a\u0144cuch\u00f3w wielocz\u0142onowych<\/li>\n<li>komputerowych system\u00f3w wspomagaj\u0105cych u\u017cytkownika podczas rozwi\u0105zywania problem\u00f3w technicznych w&nbsp;odniesieniu do okre\u015blonej sytuacji eksploatacyjnej\u00a0z wykorzystaniem metod sztucznej inteligencji,<\/li>\n<li>budowy, wdra\u017cania, u\u017cytkowania i&nbsp;audytowania system\u00f3w:<\/li>\n<\/ul>\n<div style=\"padding-left: 80px;\">o\u00a0\u00a0\u00a0zarz\u0105dzania jako\u015bci\u0105,<\/div>\n<div style=\"padding-left: 80px;\">o\u00a0\u00a0\u00a0zarz\u0105dzania bezpiecze\u0144stwem informacji,<\/div>\n<div style=\"padding-left: 80px;\">o\u00a0\u00a0\u00a0zarz\u0105dzania bezpiecze\u0144stwem i&nbsp;higien\u0105 pracy,<\/div>\n<div style=\"padding-left: 80px;\">o\u00a0\u00a0\u00a0zarz\u0105dzania bezpiecze\u0144stwem \u017cywno\u015bci,<\/div>\n<div style=\"padding-left: 80px;\">o\u00a0\u00a0\u00a0zarz\u0105dzania \u015brodowiskowego<\/div>\n<div>wraz z&nbsp;analiz\u0105 ryzyka w&nbsp;tych obszarach,<\/div>\n<ul>\n<li>konstruowania nowych i&nbsp;adaptacja istniej\u0105cych urz\u0105dze\u0144 i&nbsp;element\u00f3w maszyn dla potrzeb przedsi\u0119biorstw w&nbsp;sektorze rolno \u2013 spo\u017cywczym z&nbsp;wykorzystaniem program\u00f3w CAD,<\/li>\n<li>identyfikacji zagro\u017ce\u0144 i&nbsp;przeprowadzania analizy ryzyka proces\u00f3w i&nbsp;wyrob\u00f3w\u00a0w przemy\u015ble rolno \u2013 spo\u017cywczym,<\/li>\n<li>analizy poziomu nienaruszalno\u015bci bezpiecze\u0144stwa zawieraj\u0105ce\u00a0badania zagro\u017ce\u0144\u00a0i zdolno\u015bci do dzia\u0142ania (badania HAZOP) i&nbsp;przyrz\u0105dowe systemy bezpiecze\u0144stwa dla sektora przemys\u0142u procesowego.<\/li>\n<\/ul>\n<div><b>1. Modelowanie dynamiki maszyn manipulacyjnych w&nbsp;tym m. in.:<\/b><\/div>\n<ul>\n<li>analiza strukturalna maszyn manipulacyjnych,<\/li>\n<li>planowanie trajektorii ruchu,<\/li>\n<li>analiza kinematyki otwartych \u0142a\u0144cuch\u00f3w kinematycznych maszyn manipulacyjnych,<\/li>\n<li>analiza przestrzeni roboczych maszyn manipulacyjnych w&nbsp;aspekcie wyst\u0119powanie konfiguracji osobliwych,<\/li>\n<li>analiza dynamiki otwartych \u0142a\u0144cuch\u00f3w kinematycznych uwzgl\u0119dniaj\u0105ca: si\u0142y wymuszaj\u0105ce pochodz\u0105ce od wykorzystanych proces\u00f3w technologicznych, dynamik\u0119 jednostek nap\u0119dowych, uk\u0142ad\u00f3w zasilania i&nbsp;sterowania,<\/li>\n<li>analiza stateczno\u015bci,<\/li>\n<\/ul>\n<div><b>2. Systemy doradcze w&nbsp;zakresie eksploatacji maszyn w&nbsp;przemy\u015ble rolno-spo\u017cywczym w&nbsp;tym m. in.<\/b><\/div>\n<ul>\n<li>systemy ekspertowe w&nbsp;zakresie eksploatacji maszyn przemys\u0142u rolno-spo\u017cywczego<\/li>\n<li>modelowanie sytuacji awaryjnych z&nbsp;wykorzystaniem metod in\u017cynierii wiedzy<\/li>\n<li>systemy zarz\u0105dzania jako\u015bci\u0105 ISO<\/li>\n<\/ul>\n<div><b>3. Automatyzacja proces\u00f3w przemys\u0142owych<\/b><\/div>\n<ul>\n<li>Identyfikacja i&nbsp;sterowanie w&nbsp;systemach z\u0142o\u017conych. Hierarchiczne systemy sterowania optymalnego stanem ustalonym w&nbsp;systemach z\u0142o\u017conych. Metody obliczeniowe dekompozycji-koordynacji.<\/li>\n<li>Zintegrowane systemy automatyzacji z\u0142o\u017conych proces\u00f3w produkcyjnych. Optymalny rozdzia\u0142 zasob\u00f3w w&nbsp;z\u0142o\u017conych procesach przemys\u0142owych.<\/li>\n<li>Systemy liniowe, sterowanie ze sprz\u0119\u017ceniem zwrotnym, optymalna redukcja system\u00f3w.<\/li>\n<li>Modelowanie bioproces\u00f3w, identyfikacja i&nbsp;sterowanie w&nbsp;bioreaktorach.<\/li>\n<li>Sterowanie jako\u015bci\u0105 produkcji.<\/li>\n<li>Monitoring proces\u00f3w technologicznych<\/li>\n<\/ul>\n<div><b>4. Modelowanie materia\u0142\u00f3w ro\u015blinnych oraz proces\u00f3w zwi\u0105zanych z&nbsp;ich produkcj\u0105 pod k\u0105tem ograniczenia strat ilo\u015bciowych i&nbsp;jako\u015bciowych.<\/b><\/div>\n<ul>\n<li>Okre\u015blenie zwi\u0105zk\u00f3w konstytutywnych materia\u0142\u00f3w ro\u015blinnych o&nbsp;du\u017cej zawarto\u015bci wody.<\/li>\n<li>Ocena uszkodze\u0144 mechanicznych warzyw i&nbsp;owoc\u00f3w.<\/li>\n<li>Ocena jako\u015bci warzyw i&nbsp;owoc\u00f3w.<\/li>\n<li>Modelowanie proces\u00f3w technologicznych (zgniatanie, udary, itp.) oraz rozwijanie technik eksperymentalnych s\u0142u\u017c\u0105cych do ich weryfikacji.<\/li>\n<li>Modelowanie procesu czyszczenia ziarna w&nbsp;kombajnach zbo\u017cowych.<\/li>\n<\/ul>\n                                        <\/div>\n\t\t\t\t\t\t                                <\/div>\n\t\t\t\t                <div class=\"mn-content-block\">\n\t                                                        <div class=\"block-text\">\n\t                                        <p>Historia obecnej Katery In\u017cynierii Mechanicznej i&nbsp;Automatyki si\u0119ga 1 wrze\u015bnia 1970 roku, kiedy to w&nbsp;Wy\u017cszej Szkole Rolniczej w&nbsp;Lublinie powo\u0142ano Wydzia\u0142 Techniki Rolniczej. W&nbsp;ramach Wydzia\u0142u funkcjonowa\u0142 Instytut Mechanizacji Rolnictwa, w&nbsp;kt\u00f3rym utworzono zesp\u00f3\u0142 dydaktyczny pod nazw\u0105 Zesp\u00f3\u0142 Maszynoznawstwa Og\u00f3lnego. 1 wrze\u015bnia 1972 roku Zesp\u00f3\u0142 przekszta\u0142cono w&nbsp;Zak\u0142ad Maszynoznawstwa Og\u00f3lnego. W&nbsp;1980 roku Zak\u0142ad Maszynoznawstwa Og\u00f3lnego przekszta\u0142cono w&nbsp;Zak\u0142ad Teorii Maszyn i&nbsp;Automatyki w&nbsp;ramach powo\u0142anego Instytutu Eksploatacji Maszyn Przemys\u0142u Spo\u017cywczego. W&nbsp;roku 1987 Zak\u0142ad wszed\u0142 w&nbsp;sk\u0142ad wyodr\u0119bnionego ze struktury Wydzia\u0142u Techniki Rolniczej Instytutu Podstaw Techniki a&nbsp;od 1 wrze\u015bnia 2000 roku Katedry Podstaw Techniki.<\/p>\n<p>W dniu 1 pa\u017adziernika 2011 roku uchwa\u0142\u0105 Senatu UP W&nbsp;Lublinie Zak\u0142ad Teorii Maszyn i&nbsp;Automatyki zosta\u0142 wyodr\u0119bniony z&nbsp;Katedry Podstaw Techniki i&nbsp;przekszta\u0142cony w&nbsp;Katedr\u0119 In\u017cynierii Mechanicznej i&nbsp;Automatyki. Pierwszym kierownikiem Zak\u0142adu Maszynoznawstwa Og\u00f3lnego by\u0142a Pani doc. dr in\u017c. Zdzis\u0142awa Rotter, kt\u00f3ra pe\u0142ni\u0142a funkcj\u0119 w&nbsp;latach 1972-1985. W&nbsp;okresie od roku 1994 do 1997 funkcje p.o. kierownika Zak\u0142adu pe\u0142ni\u0142 dr in\u017c. Ryszard Ochman. Od roku 1997 do chwili obecnej kierownikiem Zak\u0142adu a&nbsp;od roku 2011 Katedry jest prof. dr hab. in\u017c. Krzysztof Go\u0142acki.<\/p>\n                                        <\/div>\n\t\t\t\t\t\t                                <\/div>\n\t\t\t\t\t\t<\/div>\n\t<\/div>\n<\/section>\n\t\t<\/div>\n\t\t\t\t<\/div>\n\t\t\t\t\t\t<\/div>\n\t\t\t\t\t<\/div>\n\t\t<\/div>\n\t\t\t\t\t\t\t\t<\/div>\n\t\t\t\t\t<\/div>\n\t\t<\/section>\n\t\t\t\t\t\t<\/div>\n\t\t\t\t\t\t<\/div>\n\t\t\t\t\t<\/div>\n\t\t","protected":false},"excerpt":{"rendered":"<p>Katedra In\u017cynierii Mechanicznej i&nbsp;Automatyki UP Wydzia\u0142 In\u017cynierii Produkcji Dydaktyka Badania Historia Katedra In\u017cynierii Mechanicznej i&nbsp;Automatyki prowadzi zaj\u0119cia dydaktyczne z&nbsp;nast\u0119puj\u0105cych przedmiot\u00f3w: Grafika in\u017cynierska, Podstawy konstrukcji maszyn, Projektowanie system\u00f3w technicznych, Obs\u0142uga informatyczna produkcji, Bezpiecze\u0144stwo techniczne, Podstawy bezpiecze\u0144stwa przemys\u0142owego, Niezawodno\u015b\u0107 i&nbsp;bezpiecze\u0144stwo system\u00f3w in\u017cynierskich, Systemy bezpiecze\u0144stwa,\u00a0Automatyka, Automatyzacja i&nbsp;robotyzacja produkcji, Podstawy automatyki i&nbsp;miernictwa przemys\u0142owego, Automatyzacja bioproces\u00f3w, Audyt w&nbsp;BHP, Audytor wewn\u0119trzny [&hellip;]<\/p>\n","protected":false},"author":2,"featured_media":0,"parent":191,"menu_order":0,"comment_status":"closed","ping_status":"closed","template":"elementor_header_footer","meta":{"_monsterinsights_skip_tracking":false,"_monsterinsights_sitenote_active":false,"_monsterinsights_sitenote_note":"","_monsterinsights_sitenote_category":0},"_links":{"self":[{"href":"https:\/\/up.lublin.pl\/wip\/wp-json\/wp\/v2\/pages\/141944"}],"collection":[{"href":"https:\/\/up.lublin.pl\/wip\/wp-json\/wp\/v2\/pages"}],"about":[{"href":"https:\/\/up.lublin.pl\/wip\/wp-json\/wp\/v2\/types\/page"}],"author":[{"embeddable":true,"href":"https:\/\/up.lublin.pl\/wip\/wp-json\/wp\/v2\/users\/2"}],"replies":[{"embeddable":true,"href":"https:\/\/up.lublin.pl\/wip\/wp-json\/wp\/v2\/comments?post=141944"}],"version-history":[{"count":13,"href":"https:\/\/up.lublin.pl\/wip\/wp-json\/wp\/v2\/pages\/141944\/revisions"}],"predecessor-version":[{"id":150732,"href":"https:\/\/up.lublin.pl\/wip\/wp-json\/wp\/v2\/pages\/141944\/revisions\/150732"}],"up":[{"embeddable":true,"href":"https:\/\/up.lublin.pl\/wip\/wp-json\/wp\/v2\/pages\/191"}],"wp:attachment":[{"href":"https:\/\/up.lublin.pl\/wip\/wp-json\/wp\/v2\/media?parent=141944"}],"curies":[{"name":"wp","href":"https:\/\/api.w.org\/{rel}","templated":true}]}}