{"id":141936,"date":"2021-06-30T11:56:12","date_gmt":"2021-06-30T09:56:12","guid":{"rendered":"https:\/\/up.lublin.pl\/wip\/?page_id=141936"},"modified":"2021-09-14T13:25:01","modified_gmt":"2021-09-14T11:25:01","slug":"zaklad-inzynierii-eksploatacji-maszyn","status":"publish","type":"page","link":"https:\/\/up.lublin.pl\/wip\/wydzial\/struktura-i-pracownicy\/katedra-inzynierii-i-maszyn-spozywczych\/zaklad-inzynierii-eksploatacji-maszyn\/","title":{"rendered":"Zak\u0142ad In\u017cynierii Eksploatacji Maszyn"},"content":{"rendered":"\t\t<div data-elementor-type=\"wp-page\" data-elementor-id=\"141936\" class=\"elementor elementor-141936\" data-elementor-settings=\"[]\">\n\t\t\t\t\t\t<div class=\"elementor-inner\">\n\t\t\t\t\t\t\t<div class=\"elementor-section-wrap\">\n\t\t\t\t\t\t\t<section class=\"elementor-section elementor-top-section elementor-element elementor-element-d626966 elementor-section-boxed elementor-section-height-default elementor-section-height-default\" data-id=\"d626966\" data-element_type=\"section\">\n\t\t\t\t\t\t<div class=\"elementor-container elementor-column-gap-default\">\n\t\t\t\t\t\t\t<div class=\"elementor-row\">\n\t\t\t\t\t<div class=\"elementor-column elementor-col-100 elementor-top-column elementor-element elementor-element-a296f91\" data-id=\"a296f91\" data-element_type=\"column\">\n\t\t\t<div class=\"elementor-column-wrap elementor-element-populated\">\n\t\t\t\t\t\t\t<div class=\"elementor-widget-wrap\">\n\t\t\t\t\t\t<div class=\"elementor-element elementor-element-cfa6e0a elementor-widget elementor-widget-m2k\" data-id=\"cfa6e0a\" data-element_type=\"widget\" data-widget_type=\"m2k.default\">\n\t\t\t\t<div class=\"elementor-widget-container\">\n\t\t\t<section class=\"mn-m2-d mn-bg-green\">\n    <div class=\"mn-grid\">\n        <div class=\"mn-grid-12 mn-introtext\">\n                            <h3>\n                    Zak\u0142ad In\u017cynierii Eksploatacji Maszyn                <\/h3>\n                        <\/div>\n    <\/div>\n    <\/section>\n\t\t<\/div>\n\t\t\t\t<\/div>\n\t\t\t\t\t\t<\/div>\n\t\t\t\t\t<\/div>\n\t\t<\/div>\n\t\t\t\t\t\t\t\t<\/div>\n\t\t\t\t\t<\/div>\n\t\t<\/section>\n\t\t\t\t<section class=\"elementor-section elementor-top-section elementor-element elementor-element-cca4094 elementor-section-boxed elementor-section-height-default elementor-section-height-default\" data-id=\"cca4094\" data-element_type=\"section\">\n\t\t\t\t\t\t<div class=\"elementor-container elementor-column-gap-default\">\n\t\t\t\t\t\t\t<div class=\"elementor-row\">\n\t\t\t\t\t<div class=\"elementor-column elementor-col-100 elementor-top-column elementor-element elementor-element-0811951\" data-id=\"0811951\" data-element_type=\"column\">\n\t\t\t<div class=\"elementor-column-wrap elementor-element-populated\">\n\t\t\t\t\t\t\t<div class=\"elementor-widget-wrap\">\n\t\t\t\t\t\t<div class=\"elementor-element elementor-element-963cd33 elementor-widget elementor-widget-m5c\" data-id=\"963cd33\" data-element_type=\"widget\" data-widget_type=\"m5c.default\">\n\t\t\t\t<div class=\"elementor-widget-container\">\n\t\t\t<section class=\"mn-m5-c mn-bg-white\">\n\t<div class=\"mn-grid\">\n\t\t            <div class=\"mn-menu-container mn-grid-3\">\n                <ul class=\"mn-bg-yellow\">\n\t                                        <li>\n                            <a href=\"#\" class=\"active\" data-hash=\"#\">\n                                Dydaktyka                            <\/a>\n                        <\/li>\n                                                <li>\n                            <a href=\"#\" class=\"\" data-hash=\"#\">\n                                Badania                            <\/a>\n                        <\/li>\n                                                <li>\n                            <a href=\"#\" class=\"\" data-hash=\"#\">\n                                Historia                            <\/a>\n                        <\/li>\n                                                <li>\n                            <a href=\"#\" class=\"\" data-hash=\"#\">\n                                Oferta                            <\/a>\n                        <\/li>\n                                        <\/ul>\n            <\/div>\n\t        \t\t<div class=\"mn-content mn-grid-8\">\n\t\t\t                <div class=\"mn-content-block active\">\n\t                                                        <div class=\"block-text\">\n\t                                        <p>Przedmioty realizowane na kierunku edukacja techniczno-informatyczna<\/p>\n<p>\u2022 zarz\u0105dzanie infrastruktur\u0105 techniczn\u0105 w&nbsp;przedsi\u0119biorstwie,<\/p>\n<p>\u2022 techniki komputerowe w&nbsp;przetw\u00f3rstwie zb\u00f3\u017c,<\/p>\n<p>\u2022 eksploatacja maszyn spo\u017cywczych.<\/p>\n<p>Przedmioty realizowane na kierunku technika rolnicza i&nbsp;le\u015bna<\/p>\n<p>\u2022 eksploatacja maszyn przetw\u00f3rstwa spo\u017cywczego,<\/p>\n<p>\u2022 produkcja przetwor\u00f3w zbo\u017cowych,<\/p>\n<p>\u2022 przetw\u00f3rstwo zbo\u017cowo-m\u0142ynarskie,<\/p>\n<p>\u2022 komputerowe wspomaganie eksploatacji zak\u0142ad\u00f3w spo\u017cywczych,<\/p>\n<p>\u2022 energooszcz\u0119dne technologie w&nbsp;przemy\u015ble spo\u017cywczym,<\/p>\n<p>\u2022 fakultet specjalizacyjny in\u017cynieria piekarnictwa,<\/p>\n<p>\u2022 problemy in\u017cynierii zbo\u017cowe (PD),<\/p>\n<p>\u2022 technologie produkcji biopaliw sta\u0142ych,<\/p>\n<p>\u2022 seminarium dyplomowe.<\/p>\n<p>Przedmioty realizowane na kierunku zarz\u0105dzanie i&nbsp;in\u017cynieria produkcji<\/p>\n<p>\u2022 in\u017cynieria przetwor\u00f3w zbo\u017cowych,<\/p>\n<p>\u2022 zarz\u0105dzanie i&nbsp;komputerowe wspomaganie eksploatacji zak\u0142ad\u00f3w przemys\u0142u spo\u017cywczego,<\/p>\n<p>\u2022 eksploatacja maszyn spo\u017cywczych,<\/p>\n<p>\u2022 in\u017cynieria przetw\u00f3rstwa zbo\u017cowego i&nbsp;piekarniczego,<\/p>\n<p>\u2022 komputerowe wspomaganie eksploatacji zak\u0142ad\u00f3w spo\u017cywczych.<\/p>\n<p>Przedmioty realizowane na kierunku in\u017cynieria bezpiecze\u0144stwa<\/p>\n<p>\u2022 analiza ryzyka,<\/p>\n<p>\u2022 bezpiecze\u0144stwo w&nbsp;eksploatacji maszyn.<\/p>\n<p>Przedmioty realizowane na kierunku transport<\/p>\n<p>\u2022 transport technologiczny w&nbsp;przemy\u015ble spo\u017cywczym<\/p>\n<p>Przedmioty realizowane na Wydziale Biologii i&nbsp;Hodowli zwierz\u0105t<\/p>\n<p>\u2022 bezpiecze\u0144stwo w&nbsp;eksploatacji maszyn i&nbsp;urz\u0105dze\u0144<\/p>\n<p>Tematyka realizowanych prac dyplomowych<\/p>\n<p>\u2022 prace nad w\u0142a\u015bciwo\u015bciami mechanicznymi materia\u0142\u00f3w ro\u015blinnych,<\/p>\n<p>\u2022 badania podatno\u015bci na zag\u0119szczanie materia\u0142\u00f3w ro\u015blinnych,<\/p>\n<p>\u2022 badania procesu rozdrabniania i&nbsp;aglomerowania ro\u015blinnych materia\u0142\u00f3w ziarnistych,<\/p>\n<p>\u2022 zagadnienia teoretyczne i&nbsp;empiryczne dotycz\u0105ce piekarstwa,<\/p>\n<p>\u2022 prace badawcze opieraj\u0105ce si\u0119 nad wypiekiem pieczywa z&nbsp;r\u00f3\u017cnymi dodatkami,<\/p>\n<p>\u2022 badania nad optymalizacj\u0105 wypieku i&nbsp;oceny jako\u015bci pieczywa.<\/p>\n<p>\u2022 wybrane zagadnienia eksploatacji maszyn w&nbsp;przemy\u015ble spo\u017cywczym<\/p>\n                                        <\/div>\n\t\t\t\t\t\t                                <\/div>\n\t\t\t\t                <div class=\"mn-content-block\">\n\t                                                        <div class=\"block-text\">\n\t                                        <p>\u2022 badania w\u0142a\u015bciwo\u015bci fizycznych i&nbsp;technologicznych materia\u0142\u00f3w biologicznych stosowanych w&nbsp;przetw\u00f3rstwie spo\u017cywczym,<\/p>\n<p>\u2022 badania odporno\u015bci na p\u0119kanie surowc\u00f3w ro\u015blinnych \u2013 ziarna zb\u00f3\u017c,<\/p>\n<p>\u2022 badania teoretyczne i&nbsp;empiryczne proces\u00f3w rozdrabniania i&nbsp;aglomerowania materia\u0142\u00f3w biologicznych,<\/p>\n<p>\u2022 badania podatno\u015bci na zag\u0119szczanie materia\u0142\u00f3w ro\u015blinnych w&nbsp;aspekcie produkcji pasz i&nbsp;biopaliw sta\u0142ych,<\/p>\n<p>\u2022 badania procesu wypieku pieczywa z&nbsp;ro\u017cnymi dodatkami oraz ocena cech reologicznych r\u00f3\u017cnych produkt\u00f3w spo\u017cywczych,<\/p>\n<div>\u2022 badania nad optymalizacj\u0105 wypieku pieczywa.<\/div>\n<div><strong>\u00a0<\/strong><\/div>\n<div><strong>Zaplecze badawcze<\/strong>:<\/div>\n<p>\u2022 Laboratorium bada\u0144 w\u0142a\u015bciwo\u015bci fizycznych i&nbsp;przetw\u00f3rczych materia\u0142\u00f3w biologicznych,<\/p>\n<p>\u2022 Laboratorium bada\u0144 w\u0142a\u015bciwo\u015bci wytrzyma\u0142o\u015bciowych i&nbsp;reologicznych materia\u0142\u00f3w biologicznych,<\/p>\n<p>\u2022 Laboratorium bada\u0144 procesu granulowania materia\u0142\u00f3w biologicznych.<\/p>\n<div><strong>\u00a0<\/strong><strong>Laboratoria wyposa\u017cone s\u0105 w&nbsp;nast\u0119puj\u0105cy sprz\u0119t badawczy:<\/strong><\/div>\n<p>\u2022 prototypowe stanowisko granulowania i&nbsp;peletowania wyposa\u017cone w&nbsp;granulator firmy Amandus Kahl typ L-175, wytwornic\u0119 pary typ LW 69, kondycjoner \u0142opatkowy oraz komputerowe uk\u0142ady pomiarowe, pozwalaj\u0105ce na wykonanie analizy zapotrzebowania energii (cieplnej i&nbsp;elektrycznej), zar\u00f3wno w&nbsp;zale\u017cno\u015bci od w\u0142a\u015bciwo\u015bci przerabianych materia\u0142\u00f3w, jak i&nbsp;parametr\u00f3w techniczno-technologicznych procesu;<\/p>\n<p>\u2022 uniwersaln\u0105 maszyn\u0119 wytrzyma\u0142o\u015bciowa Zwick Z020\/TN2S (sterowan\u0105 elektronicznie, wyposa\u017con\u0105 w&nbsp;komputerowy system rejestracji danych pomiarowych oraz w&nbsp;oryginalne oprogramowanie testXpert i&nbsp;Master, jak r\u00f3wnie\u017c program testXpert Advanced Edition do og\u00f3lnego badania materia\u0142\u00f3w na obci\u0105\u017cenia cykliczne), stosowan\u0105 m.in. w&nbsp;badaniach procesu ci\u015bnieniowego zag\u0119szczania materia\u0142\u00f3w biologicznych, cech wytrzyma\u0142o\u015bciowych surowc\u00f3w i&nbsp;produkt\u00f3w spo\u017cywczych;<\/p>\n<p>\u2022 aparatur\u0119 do badania cech jako\u015bciowych m\u0105ki (zestaw do pr\u00f3bnych wypiek\u00f3w \u2013 mieszarka, piec z&nbsp;komor\u0105 fermentacyjn\u0105, konsystograf do okre\u015blania wodoch\u0142onno\u015bci m\u0105ki, urz\u0105dzenie do okre\u015blania liczby opadania, zestaw urz\u0105dze\u0144 do okre\u015blania wska\u017anika sedymentacyjnego, miernik bieli m\u0105ki);<\/p>\n<p>\u2022 urz\u0105dzenia do bada\u0144 procesu rozdrabniania w&nbsp;tym: laboratoryjny rozdrabniacz bujakowy Coullati wyposa\u017cony w&nbsp;komputerowy uk\u0142ad do pomiaru zapotrzebowania energii na rozdrabnianie, laboratoryjny mlewnik walcowy wraz z&nbsp;komputerowym systemem pomiaru energii, laboratoryjny rozdrabniacz tarczowy, przemys\u0142owy rozdrabniacz bijakowy, urz\u0105dzenia do pomiaru rozk\u0142adu granulometrycznego cz\u0105stek tj. analizatory sitowe wstrz\u0105sowe i&nbsp;wibracyjne. Ponadto analizy rozk\u0142adu cz\u0105stek mog\u0105 by\u0107 realizowane na nowoczesnym laserowym dyfraktometrze firmy Malvern Mastersizer 3000 o&nbsp;zakresie wymiarowym 0.01\u00b5m do 3500\u00b5m.<\/p>\n<p>\u2022 urz\u0105dzenia do bada\u0144 w\u0142a\u015bciwo\u015bci fizycznych materia\u0142\u00f3w biologicznych: aparat bezpo\u015bredniego \u015bcinania do pomiaru w\u0142a\u015bciwo\u015bci ciernych materia\u0142\u00f3w sypkich, farinotom do okre\u015blania szklisto\u015bci ziarna, aparat do okre\u015blania g\u0119sto\u015bci usypowej materia\u0142\u00f3w ziarnistych, urz\u0105dzenie do okre\u015blania celno\u015bci i&nbsp;wyr\u00f3wnania ziarna itd.<\/p>\n<p>\u2022 stanowisko do analizy obrazu w&nbsp;sk\u0142ad, kt\u00f3rego wchodz\u0105 mikroskop stereoskopowy, o\u015bwietlacz \u015bwiat\u0142owodowy oraz oprogramowanie do analizy obrazu firmy Multiscan.<\/p>\n                                        <\/div>\n\t\t\t\t\t\t                                <\/div>\n\t\t\t\t                <div class=\"mn-content-block\">\n\t                                                        <div class=\"block-text\">\n\t                                        <p>Historia Katedra Eksploatacji Maszyn Przemys\u0142u Spo\u017cywczego zosta\u0142a utworzona 12 maja 1993 r. w&nbsp;miejsce funkcjonuj\u0105cego od 1 wrze\u015bnia 1990 r. Zak\u0142adu Eksploatacji Maszyn Przemys\u0142u Spo\u017cywczego. Od chwili powo\u0142ania Katedry funkcj\u0119 kierownika pe\u0142ni\u0142 prof. dr hab. Janusz Laskowski. Od sierpnia 2014 roku funkcj\u0119 kierownika sprawuje dr hab. in\u017c. Grzegorz \u0141ysiak. Ponadto w&nbsp;Katedrze zatrudnionych jest 4 nauczycieli akademickich i&nbsp;2 pracownik\u00f3w in\u017cynieryjno-technicznych.<\/p>\n<p>Aktualna tematyka badawcza Katedry obejmuje nast\u0119puj\u0105ce zagadnienia:<\/p>\n<p>\u2022 badania w\u0142a\u015bciwo\u015bci fizycznych i&nbsp;technologicznych materia\u0142\u00f3w biologicznych stosowanych w&nbsp;przetw\u00f3rstwie spo\u017cywczym, paszowym oraz z&nbsp;wykorzystaniem na cele energetyczne,<\/p>\n<p>\u2022 badania odporno\u015bci na p\u0119kanie surowc\u00f3w ro\u015blinnych &#8211; ziarna zb\u00f3\u017c,<\/p>\n<p>\u2022 badania teoretyczne i&nbsp;empiryczne proces\u00f3w rozdrabniania i&nbsp;aglomerowania materia\u0142\u00f3w biologicznych,<\/p>\n<p>\u2022 badania procesu wypieku pieczywa z&nbsp;r\u00f3\u017cnymi dodatkami,<\/p>\n<p>\u2022 teoretyczne zagadnienia eksploatacji maszyn w&nbsp;przemy\u015ble spo\u017cywczym.<\/p>\n<p>Dzia\u0142alno\u015b\u0107 ta skupiona jest wi\u0119c wok\u00f3\u0142 problematyki w\u0142a\u015bciwo\u015bci fizycznych i&nbsp;technologicznych materia\u0142\u00f3w biologicznych w&nbsp;powi\u0105zaniu z&nbsp;procesami ob\u0142uskiwania, rozdrabniania, zag\u0119szczania, granulowania, przemia\u0142u i&nbsp;wypieku. Do wa\u017cniejszych prac naukowo-badawczych zrealizowanych przez pracownik\u00f3w Katedry mo\u017cna zaliczy\u0107 m.in. opracowanie technologii wykorzystania nasion rzepaku w&nbsp;produkcji granulowanych mieszanek paszowych, technologii ob\u0142uskiwania nasion bobiku, teoretycznych podstaw do opisu mechanizmu aglomerowania, modelu zag\u0119szczania surowc\u00f3w paszowych, charakterystyki podstawowych w\u0142a\u015bciwo\u015bci fizycznych surowc\u00f3w ziarnistych i&nbsp;ich podatno\u015bci na p\u0119kanie, rozdrabnianie i&nbsp;aglomerowanie. Liczne prace dotycz\u0105 wykorzystania modeli matematycznych do oceny i&nbsp;modelowania procesu zag\u0119szczania i&nbsp;granulowania surowc\u00f3w i&nbsp;mieszanek paszowych oraz biomasy ro\u015blinnej. Obszerne badania po\u015bwi\u0119cono te\u017c zwi\u0105zkom w\u0142a\u015bciwo\u015bci wytrzyma\u0142o\u015bciowych i&nbsp;technologicznych zb\u00f3\u017c z&nbsp;procesem przemia\u0142u i&nbsp;wypieku. W&nbsp;szerokim zakresie prowadzone s\u0105 tak\u017ce prace dotycz\u0105ce oceny cech jako\u015bciowych surowc\u00f3w i&nbsp;produkt\u00f3w zbo\u017cowych, takich jak m\u0105ka, makarony, pieczywo.<\/p>\n                                        <\/div>\n\t\t\t\t\t\t                                <\/div>\n\t\t\t\t                <div class=\"mn-content-block\">\n\t                                                        <div class=\"block-text\">\n\t                                        <p>Zapraszamy do wsp\u00f3\u0142pracy wszystkie zainteresowane jednostki naukowe, przemys\u0142owe i&nbsp;osoby prywatne.\u00a0Dost\u0119pna w&nbsp;Katedrze aparatura oraz wiedza i&nbsp;do\u015bwiadczenie pracownik\u00f3w mog\u0105 zosta\u0107 wykorzystane m.in. dla:<\/p>\n<ul>\n<li>oceny w\u0142a\u015bciwo\u015bci mechanicznych (wytrzyma\u0142o\u015bciowych) materia\u0142\u00f3w realizowanych na uniwersalnej maszynie wytrzyma\u0142o\u015bciowej Zwick Z020, w&nbsp;tym wytrzyma\u0142o\u015bci na \u015bciskanie, rozci\u0105ganie, zginanie, \u015bcinanie i&nbsp;innych,<\/li>\n<li>badania w\u0142a\u015bciwo\u015bci reologicznych materia\u0142\u00f3w przy wykorzystaniu w\/w maszyny wytrzyma\u0142o\u015bciowej Zwick,<\/li>\n<li>badania zachowania materia\u0142\u00f3w w&nbsp;warunkach obci\u0105\u017ce\u0144 cyklicznych,<\/li>\n<li>badania podatno\u015bci na zag\u0119szczanie materia\u0142\u00f3w z&nbsp;zastosowaniem do produkcji granulowanych mieszanek paszowych, tabletek i&nbsp;suplement\u00f3w w&nbsp;postaci zag\u0119szczonej, biopaliw w&nbsp;formie sta\u0142ej, zag\u0119szczonej itp.,<\/li>\n<li>badania energoch\u0142onno\u015bci rozdrabniania i&nbsp;granulowania,<\/li>\n<li>badania w\u0142a\u015bciwo\u015bci wypiekowych m\u0105k, wp\u0142ywu parametr\u00f3w procesu i&nbsp;dodatk\u00f3w\u00a0na w\u0142asno\u015bci ciasta i&nbsp;pieczywa, w&nbsp;tym dodatk\u00f3w prozdrowotnych,<\/li>\n<li>oceny jako\u015bci wyrob\u00f3w piekarniczych i&nbsp;innych, m.in. przy wykorzystaniu testu TPA,<\/li>\n<li>oceny rozk\u0142adu granulometrycznego cz\u0105stek przy zastosowaniu metody dyfrakcji laserowej na urz\u0105dzeniu Malvern Mastersizer 3000. Szeroki zakres pomiaru cz\u0105stek od 0.01\u00b5m do 3500\u00b5m umo\u017cliwia analiz\u0119 sk\u0142adu i&nbsp;zachowania cz\u0105stek o&nbsp;bardzo r\u00f3\u017cnych w\u0142asno\u015bciach i&nbsp;zastosowaniach.<\/li>\n<\/ul>\n<div>\u00a0<\/div>\n<div>Kontakt:<\/div>\n<div><strong>Kierownik katedry<\/strong><\/div>\n<div><strong>dr hab. in\u017c. Grzegorz \u0141ysiak<br \/><\/strong><strong>tel: 81\u00a0461 06 89 lub 81 461 00 61 w. 105<br \/><\/strong><strong>e-mail:<\/strong><b> <\/b><strong><a href=\"mailto:grzegorz.lysiak@up.lublin.pl\">grzegorz.lysiak@up.lublin.pl<\/a><\/strong><\/div>\n                                        <\/div>\n\t\t\t\t\t\t                                <\/div>\n\t\t\t\t\t\t<\/div>\n\t<\/div>\n<\/section>\n\t\t<\/div>\n\t\t\t\t<\/div>\n\t\t\t\t\t\t<\/div>\n\t\t\t\t\t<\/div>\n\t\t<\/div>\n\t\t\t\t\t\t\t\t<\/div>\n\t\t\t\t\t<\/div>\n\t\t<\/section>\n\t\t\t\t\t\t<\/div>\n\t\t\t\t\t\t<\/div>\n\t\t\t\t\t<\/div>\n\t\t","protected":false},"excerpt":{"rendered":"<p>Zak\u0142ad In\u017cynierii Eksploatacji Maszyn UP Wydzia\u0142 In\u017cynierii Produkcji Dydaktyka Badania Historia Oferta Przedmioty realizowane na kierunku edukacja techniczno-informatyczna \u2022 zarz\u0105dzanie infrastruktur\u0105 techniczn\u0105 w&nbsp;przedsi\u0119biorstwie, \u2022 techniki komputerowe w&nbsp;przetw\u00f3rstwie zb\u00f3\u017c, \u2022 eksploatacja maszyn spo\u017cywczych. Przedmioty realizowane na kierunku technika rolnicza i&nbsp;le\u015bna \u2022 eksploatacja maszyn przetw\u00f3rstwa spo\u017cywczego, \u2022 produkcja przetwor\u00f3w zbo\u017cowych, \u2022 przetw\u00f3rstwo zbo\u017cowo-m\u0142ynarskie, \u2022 komputerowe wspomaganie eksploatacji [&hellip;]<\/p>\n","protected":false},"author":2,"featured_media":0,"parent":141931,"menu_order":0,"comment_status":"closed","ping_status":"closed","template":"elementor_header_footer","meta":{"_monsterinsights_skip_tracking":false,"_monsterinsights_sitenote_active":false,"_monsterinsights_sitenote_note":"","_monsterinsights_sitenote_category":0},"_links":{"self":[{"href":"https:\/\/up.lublin.pl\/wip\/wp-json\/wp\/v2\/pages\/141936"}],"collection":[{"href":"https:\/\/up.lublin.pl\/wip\/wp-json\/wp\/v2\/pages"}],"about":[{"href":"https:\/\/up.lublin.pl\/wip\/wp-json\/wp\/v2\/types\/page"}],"author":[{"embeddable":true,"href":"https:\/\/up.lublin.pl\/wip\/wp-json\/wp\/v2\/users\/2"}],"replies":[{"embeddable":true,"href":"https:\/\/up.lublin.pl\/wip\/wp-json\/wp\/v2\/comments?post=141936"}],"version-history":[{"count":10,"href":"https:\/\/up.lublin.pl\/wip\/wp-json\/wp\/v2\/pages\/141936\/revisions"}],"predecessor-version":[{"id":142772,"href":"https:\/\/up.lublin.pl\/wip\/wp-json\/wp\/v2\/pages\/141936\/revisions\/142772"}],"up":[{"embeddable":true,"href":"https:\/\/up.lublin.pl\/wip\/wp-json\/wp\/v2\/pages\/141931"}],"wp:attachment":[{"href":"https:\/\/up.lublin.pl\/wip\/wp-json\/wp\/v2\/media?parent=141936"}],"curies":[{"name":"wp","href":"https:\/\/api.w.org\/{rel}","templated":true}]}}