{"id":141911,"date":"2021-06-30T11:25:48","date_gmt":"2021-06-30T09:25:48","guid":{"rendered":"https:\/\/up.lublin.pl\/wip\/?page_id=141911"},"modified":"2023-10-19T10:42:04","modified_gmt":"2023-10-19T08:42:04","slug":"zarzadzanie-jakoscia","status":"publish","type":"page","link":"https:\/\/up.lublin.pl\/wip\/wydzial\/struktura-i-pracownicy\/kemiz\/zarzadzanie-jakoscia\/","title":{"rendered":"Zak\u0142ad Zarz\u0105dzania Jako\u015bci\u0105 i Procesami Produkcyjnymi"},"content":{"rendered":"\t\t<div data-elementor-type=\"wp-page\" data-elementor-id=\"141911\" class=\"elementor elementor-141911\" data-elementor-settings=\"[]\">\n\t\t\t\t\t\t<div class=\"elementor-inner\">\n\t\t\t\t\t\t\t<div class=\"elementor-section-wrap\">\n\t\t\t\t\t\t\t<section class=\"elementor-section elementor-top-section elementor-element elementor-element-2ec8dc6 elementor-section-boxed elementor-section-height-default elementor-section-height-default\" data-id=\"2ec8dc6\" data-element_type=\"section\">\n\t\t\t\t\t\t<div class=\"elementor-container elementor-column-gap-default\">\n\t\t\t\t\t\t\t<div class=\"elementor-row\">\n\t\t\t\t\t<div class=\"elementor-column elementor-col-100 elementor-top-column elementor-element elementor-element-7cac43b\" data-id=\"7cac43b\" data-element_type=\"column\">\n\t\t\t<div class=\"elementor-column-wrap elementor-element-populated\">\n\t\t\t\t\t\t\t<div class=\"elementor-widget-wrap\">\n\t\t\t\t\t\t<div class=\"elementor-element elementor-element-349fb03 elementor-widget elementor-widget-m2k\" data-id=\"349fb03\" data-element_type=\"widget\" data-widget_type=\"m2k.default\">\n\t\t\t\t<div class=\"elementor-widget-container\">\n\t\t\t<section class=\"mn-m2-d mn-bg-green\">\n    <div class=\"mn-grid\">\n        <div class=\"mn-grid-12 mn-introtext\">\n                            <h3>\n                    Zak\u0142ad Zarz\u0105dzania Jako\u015bci\u0105 i&nbsp;Procesami Produkcyjnymi                <\/h3>\n                        <\/div>\n    <\/div>\n    <\/section>\n\t\t<\/div>\n\t\t\t\t<\/div>\n\t\t\t\t\t\t<\/div>\n\t\t\t\t\t<\/div>\n\t\t<\/div>\n\t\t\t\t\t\t\t\t<\/div>\n\t\t\t\t\t<\/div>\n\t\t<\/section>\n\t\t\t\t<section class=\"elementor-section elementor-top-section elementor-element elementor-element-f6c18ff elementor-section-boxed elementor-section-height-default elementor-section-height-default\" data-id=\"f6c18ff\" data-element_type=\"section\">\n\t\t\t\t\t\t<div class=\"elementor-container elementor-column-gap-default\">\n\t\t\t\t\t\t\t<div class=\"elementor-row\">\n\t\t\t\t\t<div class=\"elementor-column elementor-col-100 elementor-top-column elementor-element elementor-element-e335667\" data-id=\"e335667\" data-element_type=\"column\">\n\t\t\t<div class=\"elementor-column-wrap elementor-element-populated\">\n\t\t\t\t\t\t\t<div class=\"elementor-widget-wrap\">\n\t\t\t\t\t\t<div class=\"elementor-element elementor-element-ece1f5a elementor-widget elementor-widget-m5c\" data-id=\"ece1f5a\" data-element_type=\"widget\" data-widget_type=\"m5c.default\">\n\t\t\t\t<div class=\"elementor-widget-container\">\n\t\t\t<section class=\"mn-m5-c mn-bg-white\">\n\t<div class=\"mn-grid\">\n\t\t            <div class=\"mn-menu-container mn-grid-3\">\n                <ul class=\"mn-bg-yellow\">\n\t                                        <li>\n                            <a href=\"#\" class=\"active\" data-hash=\"#dydaktyka\">\n                                Dydaktyka                            <\/a>\n                        <\/li>\n                                                <li>\n                            <a href=\"#\" class=\"\" data-hash=\"#badania\">\n                                Badania                            <\/a>\n                        <\/li>\n                                                <li>\n                            <a href=\"#\" class=\"\" data-hash=\"#osiagniecia\">\n                                Osi\u0105gni\u0119cia                            <\/a>\n                        <\/li>\n                                        <\/ul>\n            <\/div>\n\t        \t\t<div class=\"mn-content mn-grid-8\">\n\t\t\t                <div class=\"mn-content-block active\">\n\t                                                        <div class=\"mn-cards-list\">\n                                            <div class=\"mn-card-container\">\n                                                <div>\n                                                    <img src=\"https:\/\/up.lublin.pl\/wip\/wp-content\/themes\/up-lublin\/assets\/images\/doc-ico.svg\" alt=\"\" \/>\n                                                    <h5>OPIS GOSPODARSTWA - SZACOWANIE DOCHODU RODZINY ROLNIKA - ARKUSZ KALKULACYJNY<\/h5>\n                                                <\/div>\n                                                <a href=\"https:\/\/up.lublin.pl\/wip\/wp-content\/uploads\/sites\/7\/2021\/06\/kopia_gospodarstwo_arkusz_obliczeniowy.xls\" class=\"mn-more\" target=\"_blank\">Zobacz<\/a>\n                                            <\/div>\n                                        <\/div>\n\t\t\t\t\t\t                                <\/div>\n\t\t\t\t                <div class=\"mn-content-block\">\n\t                                                        <div class=\"block-text\">\n\t                                        <p>W ramach Zak\u0142adu Zarz\u0105dzania Jako\u015bci\u0105 w&nbsp;In\u017cynierii Rolniczej funkcjonuj\u0105cego w&nbsp;ramach Katedry Eksploatacji Maszyn i&nbsp;Zarz\u0105dzania w&nbsp;In\u017cynierii Rolniczej realizowany jest temat DS2 \u201eZarz\u0105dzanie jako\u015bci\u0105 w&nbsp;zmechanizowanych technologiach produkcji rolniczej\u201d, kt\u00f3rego kierownikiem jest prof. dr hab. J\u00f3zef Sawa. <\/p>\n<p>W ramach tego zagadnienia realizowanych jest kilka temat\u00f3w badawczych, obejmuj\u0105cych m. in.:<\/p>\n<ol>\n<li>Badania nad technicznymi uwarunkowaniami w&nbsp;ochronie ro\u015blin.<\/li>\n<li>Badanie wybranych gospodarstw rodzinnych w&nbsp;celu okre\u015blenia czynnik\u00f3w warunkuj\u0105cych rozw\u00f3j mechanizacji.<\/li>\n<li>Badania nad efektywno\u015bci\u0105 nowych technologii aplikacji agrochemikali\u00f3w w&nbsp;rolnictwie.<\/li>\n<li>Badania nad wymaganiami w&nbsp;zakresie przyjaznego dla \u015brodowiska projektowania i&nbsp;u\u017cytkowania maszyn rolniczych.<\/li>\n<li>Badania nad struktur\u0105 koszt\u00f3w i&nbsp;efektywno\u015bci\u0105 nak\u0142ad\u00f3w materia\u0142owo- energetycznych w&nbsp;gospodarstwach rodzinnych.<\/li>\n<li>Badania nad procesami zarz\u0105dzania i&nbsp;zapewnienia jako\u015bci w&nbsp;zmechanizowanych technologiach produkcji rolniczej.<\/li>\n<li>Wspomaganie i&nbsp;doradztwo w&nbsp;zakresie rozwoju i&nbsp;efektywno\u015bci mechanizacji w&nbsp;gospodarstwach rodzinnych.<\/li>\n<li>Badania nad technologicznymi przyczynami wypadk\u00f3w w&nbsp;rolnictwie.<\/li>\n<\/ol>\n<p><strong>Zaplecze badawcze <\/strong><br \/>Laboratorium Badawcze Maszyn Rolniczych i&nbsp;dla Przemys\u0142u Rolno-Spo\u017cywczego (urz\u0105dzenie do badania rozpylaczy, urz\u0105dzenie do pomiaru rozk\u0142adu ci\u015bnienia na belce polowej opryskiwacza, program do analizy obrazu Image pro+)<\/p>\n                                        <\/div>\n\t\t\t\t\t\t                                <\/div>\n\t\t\t\t                <div class=\"mn-content-block\">\n\t                                                        <div class=\"block-text\">\n\t                                        <p>Inne osi\u0105gni\u0119cia naukowe pracownik\u00f3w Uzyskano patent na urz\u0105dzenie testuj\u0105ce do bada\u0144 rozpylaczy. Kierowano prac\u0105 naukowobadawcz\u0105 \u201eWp\u0142yw nowych technologii oraz poziomu i&nbsp;struktury nak\u0142ad\u00f3w materia\u0142owoenergetycznych na jako\u015b\u0107 surowc\u00f3w rolniczych\u201d.<\/p>\n<p>Inne istotne informacje<br \/>Wsp\u00f3\u0142praca z&nbsp;Walloon Agricultural Research Center, Gembloux (Belgia) oraz z&nbsp;Montana State University w&nbsp;Bozeman (USA).<\/p>\n                                        <\/div>\n\t\t\t\t\t\t                                <\/div>\n\t\t\t\t\t\t<\/div>\n\t<\/div>\n<\/section>\n\t\t<\/div>\n\t\t\t\t<\/div>\n\t\t\t\t\t\t<\/div>\n\t\t\t\t\t<\/div>\n\t\t<\/div>\n\t\t\t\t\t\t\t\t<\/div>\n\t\t\t\t\t<\/div>\n\t\t<\/section>\n\t\t\t\t\t\t<\/div>\n\t\t\t\t\t\t<\/div>\n\t\t\t\t\t<\/div>\n\t\t","protected":false},"excerpt":{"rendered":"<p>Zak\u0142ad Zarz\u0105dzania Jako\u015bci\u0105 i&nbsp;Procesami Produkcyjnymi UP Wydzia\u0142 In\u017cynierii Produkcji Dydaktyka Badania Osi\u0105gni\u0119cia OPIS GOSPODARSTWA &#8211; SZACOWANIE DOCHODU RODZINY ROLNIKA &#8211; ARKUSZ KALKULACYJNY Zobacz W ramach Zak\u0142adu Zarz\u0105dzania Jako\u015bci\u0105 w&nbsp;In\u017cynierii Rolniczej funkcjonuj\u0105cego w&nbsp;ramach Katedry Eksploatacji Maszyn i&nbsp;Zarz\u0105dzania w&nbsp;In\u017cynierii Rolniczej realizowany jest temat DS2 \u201eZarz\u0105dzanie jako\u015bci\u0105 w&nbsp;zmechanizowanych technologiach produkcji rolniczej\u201d, kt\u00f3rego kierownikiem jest prof. dr hab. J\u00f3zef [&hellip;]<\/p>\n","protected":false},"author":2,"featured_media":0,"parent":141693,"menu_order":0,"comment_status":"closed","ping_status":"closed","template":"elementor_header_footer","meta":{"_monsterinsights_skip_tracking":false,"_monsterinsights_sitenote_active":false,"_monsterinsights_sitenote_note":"","_monsterinsights_sitenote_category":0},"_links":{"self":[{"href":"https:\/\/up.lublin.pl\/wip\/wp-json\/wp\/v2\/pages\/141911"}],"collection":[{"href":"https:\/\/up.lublin.pl\/wip\/wp-json\/wp\/v2\/pages"}],"about":[{"href":"https:\/\/up.lublin.pl\/wip\/wp-json\/wp\/v2\/types\/page"}],"author":[{"embeddable":true,"href":"https:\/\/up.lublin.pl\/wip\/wp-json\/wp\/v2\/users\/2"}],"replies":[{"embeddable":true,"href":"https:\/\/up.lublin.pl\/wip\/wp-json\/wp\/v2\/comments?post=141911"}],"version-history":[{"count":15,"href":"https:\/\/up.lublin.pl\/wip\/wp-json\/wp\/v2\/pages\/141911\/revisions"}],"predecessor-version":[{"id":156640,"href":"https:\/\/up.lublin.pl\/wip\/wp-json\/wp\/v2\/pages\/141911\/revisions\/156640"}],"up":[{"embeddable":true,"href":"https:\/\/up.lublin.pl\/wip\/wp-json\/wp\/v2\/pages\/141693"}],"wp:attachment":[{"href":"https:\/\/up.lublin.pl\/wip\/wp-json\/wp\/v2\/media?parent=141911"}],"curies":[{"name":"wp","href":"https:\/\/api.w.org\/{rel}","templated":true}]}}