{"id":758,"date":"2021-02-04T08:20:29","date_gmt":"2021-02-04T07:20:29","guid":{"rendered":"http:\/\/nowastrona.up.lublin.pl\/weterynaria\/?page_id=758"},"modified":"2021-02-04T08:23:34","modified_gmt":"2021-02-04T07:23:34","slug":"opisy-modulow-2018","status":"publish","type":"page","link":"https:\/\/up.lublin.pl\/weterynaria\/opisy-modulow-2018\/","title":{"rendered":"WETERYNARIA II, III, IV, V, VI rok &#8211; STUDENCI ROZPOCZYNAJ\u0104CY STUDIA W ROKU 2018\/2019 i WCZE\u015aNIEJ"},"content":{"rendered":"\t\t<div data-elementor-type=\"wp-page\" data-elementor-id=\"758\" class=\"elementor elementor-758\" data-elementor-settings=\"[]\">\n\t\t\t\t\t\t<div class=\"elementor-inner\">\n\t\t\t\t\t\t\t<div class=\"elementor-section-wrap\">\n\t\t\t\t\t\t\t<section class=\"elementor-section elementor-top-section elementor-element elementor-element-02c402b elementor-section-boxed elementor-section-height-default elementor-section-height-default\" data-id=\"02c402b\" data-element_type=\"section\">\n\t\t\t\t\t\t<div class=\"elementor-container elementor-column-gap-default\">\n\t\t\t\t\t\t\t<div class=\"elementor-row\">\n\t\t\t\t\t<div class=\"elementor-column elementor-col-100 elementor-top-column elementor-element elementor-element-adb0bb7\" data-id=\"adb0bb7\" data-element_type=\"column\">\n\t\t\t<div class=\"elementor-column-wrap elementor-element-populated\">\n\t\t\t\t\t\t\t<div class=\"elementor-widget-wrap\">\n\t\t\t\t\t\t<div class=\"elementor-element elementor-element-091baeb elementor-widget elementor-widget-m5c\" data-id=\"091baeb\" data-element_type=\"widget\" data-widget_type=\"m5c.default\">\n\t\t\t\t<div class=\"elementor-widget-container\">\n\t\t\t<section class=\"mn-m5-c mn-m5-d2 mn-bg-white\">\n\t<div class=\"mn-grid\">\n\t\t\t\t<div class=\"mn-content mn-grid-9\">\n\t\t\t                <div class=\"mn-content-block active\">\n\t                                                        <div class=\"block-text\">\n\t                                        <h5><a href=\"http:\/\/nowastrona.up.lublin.pl\/weterynaria\/ksztalcenie\/\">\u2190\u00a0powr\u00f3t<\/a><\/h5>\n                                        <\/div>\n\t\t\t\t\t\t                                                        <div class=\"block-text\">\n\t                                        <p style=\"text-align: center;\"><strong>Weterynaria II, III, IV, V, VI rok &#8211; studenci rozpoczynaj\u0105cy studia w&nbsp;roku 2018\/2019 i&nbsp;wcze\u015bniej<\/strong><\/p>\n<p><strong>Semestr I<\/strong><br \/><a href=\"\/files\/weterynaria\/student\/2015\/m_we_sem1_m1.doc\">Chemia<\/a><br \/><a href=\"\/files\/weterynaria\/student\/2015\/m_we_sem1_m2.doc\">Biologia<\/a><br \/><a href=\"\/files\/weterynaria\/student\/2015\/m_we_sem1_m3.doc\">Biologia kom\u00f3rki<\/a><br \/><a href=\"\/files\/weterynaria\/student\/2015\/m_we_sem1_m4.doc\">Technologie informacyjne<\/a><br \/><a href=\"\/files\/weterynaria\/student\/2015\/m_we_sem1_m5.doc\">Bezpiecze\u0144stwo pracy i&nbsp;ergonomia<\/a><br \/><a href=\"\/files\/weterynaria\/m_we_sem1_m6a.doc\">Psychologia\/Filozofia<\/a><br \/><a href=\"\/files\/weterynaria\/student\/2015\/m_we_sem1_m7.doc\">J\u0119zyk \u0142aci\u0144ski 1<\/a><br \/><a href=\"\/files\/weterynaria\/opisy-modulow\/2015\/histologia_i_embriologia_1.doc\">Histologia i&nbsp;embriologia 1<\/a><br \/><a href=\"\/files\/weterynaria\/opisy-modulow\/2015\/wychowanie_fizyczne_1.docx\">Wychowanie fizyczne<\/a> 1<br \/><a href=\"\/files\/weterynaria\/opisy-modulow\/2015\/anatomia_zwierzat_1.doc\">Anatomia zwierz\u0105t 1<\/a><br \/><a href=\"\/files\/weterynaria\/student\/2015\/m_we_sem_1_m11.doc\">Biofizyka<\/a><br \/><a href=\"\/files\/weterynaria\/opisy-modulow\/2015\/jezyk_obcy_1.docx\">J\u0119zyk obcy 1<\/a><\/p>\n<p><strong>Semestr II<\/strong><br \/><a href=\"\/files\/weterynaria\/student\/2015\/m_we_sem2_m13.doc\">J\u0119zyk \u0142aci\u0144ski 2<\/a><br \/><a href=\"\/files\/weterynaria\/student\/2015\/m_we_sem2_m14.doc\">Ochrona \u015brodowiska<\/a><br \/><a href=\"\/files\/weterynaria\/opisy-modulow\/2015\/histologia_i_embriologia_2.doc\">Histologia i&nbsp;embriologia 2<\/a><br \/><a href=\"\/files\/weterynaria\/opisy-modulow\/2018\/genetyka_m_we_sem2_m16_.docx\">Genetyka og\u00f3lna i&nbsp;weterynaryjna<\/a><br \/><a href=\"\/files\/weterynaria\/student\/2015\/m_we_sem2_m17.doc\">Agronomia<\/a><br \/><a href=\"\/files\/weterynaria\/student\/2015\/m_we_sem2_m18.doc\">Biostatyka i&nbsp;metody dokumentacji<\/a><br \/><a href=\"\/files\/weterynaria\/student\/2015\/m_we_sem2_m19.docx\">Ochrona w\u0142asno\u015bci intelektualnej<\/a><br \/><a href=\"\/files\/weterynaria\/student\/2015\/deontologia.doc\">Historia weterynarii i&nbsp;deontologia<\/a><br \/><a href=\"\/files\/weterynaria\/student\/2015\/m_we_sem2_m21.docx\">Etyka<\/a><br \/><a href=\"\/files\/weterynaria\/opisy-modulow\/2015\/wychowanie_fizyczne_2.docx\">Wychowanie fizyczne 2<\/a><br \/><a href=\"\/files\/weterynaria\/opisy-modulow\/2015\/anatomia_zwierzat_2.doc\">Anatomia zwierz\u0105t 2<\/a><br \/><a href=\"\/files\/weterynaria\/student\/2015\/m_we_sem_2_i_3_m_24_i_27.doc\">Biochemia 1<\/a><br \/><a href=\"\/files\/weterynaria\/opisy-modulow\/2015\/jezyk_obcy2.docx\">J\u0119zyk obcy 2<\/a><\/p>\n<p><strong>Semestr III<\/strong><br \/><a href=\"\/files\/weterynaria\/student\/2015\/m_we_sem3_m26.doc\">Anatomia zwierz\u0105t 3<\/a><br \/><a href=\"\/files\/weterynaria\/student\/2015\/m_we_sem_2_i_3_m_24_i_27.doc\">Biochemia 2<\/a><br \/><a href=\"\/files\/weterynaria\/student\/2015\/m_we_sem3_m28.doc\">Ch\u00f3w i&nbsp;hodowla zwierz\u0105t<\/a><br \/><a href=\"\/files\/weterynaria\/student\/2015\/m_we_sem3_m29.doc\">Technologie w&nbsp;produkcji zwierz\u0119cej<\/a><br \/><a href=\"\/files\/weterynaria\/student\/2015\/m_we_sem_3_m30.doc\">Ekonomika weterynaryjna<\/a><br \/><a href=\"\/files\/weterynaria\/student\/2015\/m_we_sem3_m31.doc\">\u017bywienie zwierz\u0105t i&nbsp;paszoznawstwo<\/a><br \/><a href=\"\/files\/weterynaria\/opisy-modulow\/2018\/f_blok_a.doc\">Przedmiot do wyboru 1 &#8211; blok a<\/a><br \/><a href=\"\/files\/weterynaria\/opisy-modulow\/2018\/f_blok_a.doc\">Przedmiot do wyboru 2 &#8211; blok a<\/a><br \/><a href=\"\/files\/weterynaria\/opisy-modulow\/2018\/jezyk_obcy_3.doc\">J\u0119zyk obcy 3<\/a><br \/><a href=\"\/files\/weterynaria\/student\/2015\/m_we_sem_3_m35.doc\">Fizjologia zwierz\u0105t 1<\/a> <\/p>\n<p><strong>Semestr IV<\/strong><br \/><a href=\"\/files\/weterynaria\/opisy-modulow\/2018\/jezyk_obcy_4.doc\">J\u0119zyk obcy 4<\/a><br \/><a href=\"\/files\/weterynaria\/student\/2015\/m_we_sem4_m37.doc\">Fizjologia zwierz\u0105t 2<\/a><br \/><a href=\"\/files\/weterynaria\/opisy-modulow\/2018\/anatomia_topograficzna.doc\">Anatomia topograficzna<\/a><br \/><a href=\"\/files\/weterynaria\/student\/2015\/m_we_sem4_m39.doc\">Immunologia<\/a><br \/><a href=\"\/files\/weterynaria\/student\/2015\/epidemiologia.doc\">Epidemiologia weterynaryjna<\/a><br \/><a href=\"\/files\/weterynaria\/student\/2015\/m_we_sem4_m41.doc\">Etologia, dobrostan i&nbsp;ochrona zwierz\u0105t<\/a><br \/><a href=\"\/files\/weterynaria\/student\/2015\/f_blok_b.doc\">Przedmiot do wyboru 1 &#8211; blok b<\/a><br \/><a href=\"\/files\/weterynaria\/student\/2015\/f_blok_b.doc\">Przedmiot do wyboru 2 &#8211; blok b<\/a><br \/><a href=\"\/files\/weterynaria\/opisy-modulow\/2018\/mikrobiologia_i.pdf\">Mikrobiologia 1<\/a><br \/><a href=\"\/files\/weterynaria\/student\/2015\/m_we_sem4_m45.doc\">Praktyka hodowlana <\/a><\/p>\n<p><strong>Semestr V<\/strong><br \/><a href=\"\/files\/weterynaria\/opisy-modulow\/2018\/mikrobiologia_ii.pdf\">Mikrobiologia 2<\/a><br \/><a href=\"\/files\/weterynaria\/student\/2015\/m_we_sem5_m47.doc\">Farmacja<\/a><br \/><a href=\"\/files\/weterynaria\/dziekanat\/2019\/MODULY\/modul_ozp_3_skrocony.doc\">Ochrona zdrowia publicznego w&nbsp;stanach zagro\u017ce\u0144<\/a><br \/><a href=\"\/files\/weterynaria\/student\/2015\/f_blok_c.doc\">Przedmiot do wyboru 1 &#8211; blok c<\/a><br \/><a href=\"\/files\/weterynaria\/student\/2015\/f_blok_c.doc\">Przedmiot do wyboru 2 &#8211; blok c<\/a><br \/><a href=\"\/files\/weterynaria\/opisy-modulow\/2018\/patofizjologia_1_stary_program.pdf\">Patofizjologia 1<\/a><br \/><a href=\"\/files\/weterynaria\/student\/2015\/diagnostyka_kliniczna_i_laboratoryjna_1.doc\">Diagnostyka kliniczna i&nbsp;laboratoryjna 1<\/a><br \/><a href=\"\/files\/weterynaria\/student\/2015\/m_we_sem5_m53.docx\">Farmakologia weterynaryjna 1<\/a><\/p>\n<p><strong>Semestr VI<\/strong><br \/><a href=\"\/files\/weterynaria\/opisy-modulow\/2018\/patofizjologia_2_stary_program.pdf\">Patofizjologia 2<\/a><br \/><a href=\"\/files\/weterynaria\/student\/2015\/diagnostyka_kliniczna_i_laboratoryjna_2.doc\">Diagnostyka kliniczna i&nbsp;laboratoryjna 2<\/a><br \/><a href=\"\/files\/weterynaria\/student\/2015\/m_we_sem6_m56.doc\">Farmakologia weterynaryjna 2<\/a><br \/><a href=\"\/files\/weterynaria\/student\/2015\/choroby_owadow_uzytkowych.doc\">Choroby owad\u00f3w u\u017cytkowych<\/a><br \/><a href=\"\/files\/weterynaria\/student\/2015\/chirurgia_ogolna_i_anestezjologia.doc\">Chirurgia og\u00f3lna i&nbsp;anestezjologia<\/a><br \/><a href=\"\/files\/weterynaria\/student\/2015\/m_we_sem6_m59.doc\">Higiena \u015brodk\u00f3w \u017cywienia zwierz\u0105t<\/a><br \/><a href=\"\/files\/weterynaria\/student\/2015\/m_we_sem6_m60.doc\">Parazytologia i&nbsp;inwazjologia weterynaryjna 1<\/a><br \/><a href=\"\/files\/weterynaria\/student\/2015\/patomorfologia_1.doc\">Patomorfologia 1<\/a><\/p>\n<p><strong>Semestr VII<\/strong><br \/><a href=\"\/files\/weterynaria\/student\/2015\/m_we_sem7_m62.doc\">Parazytologia i&nbsp;inwazjologia weterynaryjna 2<\/a><br \/><a href=\"\/files\/weterynaria\/student\/2015\/m_we_sem_6i7_m63.doc\">Parazytologia &#8211; sta\u017c<\/a><br \/><a href=\"\/files\/weterynaria\/student\/2015\/m_we_sem7_m64.doc\">Higiena mleka<\/a><br \/><a href=\"\/files\/weterynaria\/student\/2015\/diagnostyka_obrazowa.doc\">Diagnostyka obrazowa<\/a><br \/><a href=\"\/files\/weterynaria\/student\/2015\/m_we_sem7_m66.doc\">Toksykologia<\/a><br \/><a href=\"\/files\/weterynaria\/opisy-modulow\/2015\/zoonozy_skrocony_stary_program.pdf\">Zoonozy<\/a><br \/><a href=\"\/files\/weterynaria\/student\/2015\/patomorfologia_2.doc\">Patomorfologia 2<\/a><br \/><a href=\"\/files\/weterynaria\/student\/2015\/m_we_sem7_m69.doc\">Higiena zwierz\u0105t rze\u017anych i&nbsp;mi\u0119sa 1<\/a><br \/><a href=\"\/files\/weterynaria\/student\/2015\/choroby_koni_blok_i.docx\">Choroby koni &#8211; blok 1<\/a> <\/p>\n<p><strong>Semestr VIII<\/strong><br \/><a href=\"\/files\/weterynaria\/student\/2015\/patomorfologia_3.doc\">Patomorfologia 3<\/a><br \/><a href=\"\/files\/weterynaria\/student\/2015\/m_we_sem8_m72.doc\">Higiena zwierz\u0105t rze\u017anych i&nbsp;mi\u0119sa 2<\/a><br \/><a href=\"\/files\/weterynaria\/student\/2015\/m_we_sem8_m73.docx\">Choroby ryb<\/a><br \/><a href=\"\/files\/weterynaria\/opisy-modulow\/2015\/ch._zw._futerkowych_skrocony_stary_program.pdf\">Choroby zwierz\u0105t futerkowych<\/a><br \/><a href=\"\/files\/weterynaria\/student\/2015\/choroby_koni_blok_ii.doc\">Choroby koni &#8211; blok 2<\/a><br \/><a href=\"\/files\/weterynaria\/student\/2015\/choroby_zwierzat_gospodarskich__blok_i.doc\">Choroby zwierz\u0105t gospodarskich &#8211; blok 1<\/a><br \/><a href=\"\/files\/weterynaria\/student\/2015\/m_we_sem8_m77.doc\">Praktyka kliniczna 1<\/a><br \/><a href=\"\/files\/weterynaria\/student\/2015\/m_we_sem8_m78.doc\">Praktyka w&nbsp;Inspekcji Weterynaryjnej 1<\/a><br \/><a href=\"\/files\/weterynaria\/opisy-modulow\/2015\/praktyka_iw_zakres_viii.doc\">Praktyka w&nbsp;Inspekcji Weterynaryjnej &#8211; zakres merytoryczny<\/a><strong><br \/><\/strong><br \/><strong>Semestr IX<\/strong><br \/><a href=\"\/files\/weterynaria\/student\/2015\/choroby_zwierzat_gospodarskich_blok_ii.doc\">Choroby zwierz\u0105t gospodarskich &#8211; blok 2<\/a><br \/><a href=\"\/files\/weterynaria\/student\/2015\/dietetyka_weterynaryjna.doc\">Dietetyka weterynaryjna<\/a><br \/><a href=\"\/files\/weterynaria\/student\/2015\/m_we_sem9_m_81.doc\">Choroby ptak\u00f3w 1<\/a><br \/><a href=\"\/files\/weterynaria\/student\/2015\/andrologia.docx\">Andrologia i&nbsp;unasiennianie<\/a><br \/><a href=\"\/files\/weterynaria\/student\/2015\/m_we_sem9_m83.doc\">Prewencja weterynaryjna 1<\/a><br \/><a href=\"\/files\/weterynaria\/student\/2015\/choroby_psow_i_kotow_-_blok_1.doc\">Choroby ps\u00f3w i&nbsp;kot\u00f3w &#8211; blok 1<\/a><br \/><a href=\"\/files\/weterynaria\/student\/2015\/m_we_sem9_m85.doc\">Higiena produkt\u00f3w pochodzenia zwierz\u0119cego 1<\/a><br \/><a href=\"\/files\/weterynaria\/student\/2015\/weterynaria_sadowa.doc\">Weterynaria s\u0105dowa<\/a><\/p>\n<p><strong>Semestr X<\/strong><br \/><a href=\"\/files\/weterynaria\/student\/2015\/m_we_sem10_m87.docx\">Prewencja weterynaryjna &#8211; 2<\/a><br \/><a href=\"\/files\/weterynaria\/student\/2015\/choroby_psow_i_kotow_-_blok_2.doc\">Choroby ps\u00f3w i&nbsp;kot\u00f3w &#8211; blok 2<\/a><br \/><a href=\"\/files\/weterynaria\/student\/2015\/m_we_sem10_m89.doc\">Higiena produkt\u00f3w pochodzenia zwierz\u0119cego &#8211; 2<\/a><br \/><a href=\"\/files\/weterynaria\/student\/2015\/m_we_sem10_m90.doc\">Choroby ptak\u00f3w 2<\/a><br \/><a href=\"\/files\/weterynaria\/student\/2015\/administracja_weterynaryjna.doc\">Administracja i&nbsp;ustawodawstwo weterynaryjne<\/a><br \/><a href=\"\/files\/weterynaria\/student\/2015\/choroby_zwierzat_gospodarskich,_staz._blok_i.doc\">Choroby zwierz\u0105t gospodarskich &#8211; sta\u017c 1<\/a><br \/><a href=\"\/files\/weterynaria\/student\/2015\/choroby_koni,_staz_1.doc\">Choroby koni &#8211; sta\u017c 1<\/a><br \/><a href=\"\/files\/weterynaria\/student\/2015\/choroby_psow_i_kotow,_staz_1.doc\">Choroby ps\u00f3w i&nbsp;kot\u00f3w &#8211; sta\u017c 1<\/a><br \/><a href=\"\/files\/weterynaria\/student\/2015\/m_we_sem10_m95.doc\">Praktyka w&nbsp;Inspekcji Weterynaryjnej 2<\/a><br \/><a href=\"\/files\/weterynaria\/opisy-modulow\/2015\/praktyka_iw_zakres_x.doc\">Praktyka w&nbsp;Inspekcji Weterynaryjnej &#8211; zakres merytoryczny<\/a><br \/><a href=\"\/files\/weterynaria\/student\/2015\/m_we_sem10_m96.doc\">Praktyka kliniczna 2 <\/a><\/p>\n<p><strong>Semestr XI<\/strong><br \/><a href=\"\/files\/weterynaria\/student\/2015\/choroby_zwierzat_gospodarskich_staz_2.doc\">Choroby zwierz\u0105t gospodarskich &#8211; sta\u017c 2<\/a><br \/><a href=\"\/files\/weterynaria\/student\/2015\/choroby_koni_-_staz_2.doc\">Choroby koni &#8211; sta\u017c 2<\/a><br \/><a href=\"\/files\/weterynaria\/student\/2015\/choroby_psow_i_kotow_-_staz_2.doc\">Choroby ps\u00f3w i&nbsp;kot\u00f3w &#8211; sta\u017c 2<\/a><br \/><a href=\"\/files\/weterynaria\/student\/2015\/m_we_sem11_m100.doc\">Choroby ptak\u00f3w &#8211; sta\u017c<\/a><br \/><a href=\"\/files\/weterynaria\/student\/2015\/f_blok_d.doc\">Przedmiot do wyboru 1 &#8211; blok d<\/a><br \/><a href=\"\/files\/weterynaria\/student\/2015\/f_blok_d.doc\">Przedmiot do wyboru 2 &#8211; blok d<\/a><br \/><a href=\"\/files\/weterynaria\/student\/2015\/f_blok_e.doc\">Przedmiot do wyboru 1 &#8211; blok e<\/a><br \/><a href=\"\/files\/weterynaria\/student\/2015\/f_blok_e.doc\">Przedmiot do wybloru 2 &#8211; blok e<\/a><br \/><a href=\"\/files\/weterynaria\/student\/2015\/f_blok_f.doc\">Przedmiot do wyboru 1 &#8211; blok f<\/a><br \/><a href=\"\/files\/weterynaria\/student\/2015\/f_blok_f.doc\">Przedmiot do wyboru 2 &#8211; blok f<\/a><\/p>\n                                        <\/div>\n\t\t\t\t\t\t                                <\/div>\n\t\t\t\t                <div class=\"mn-content-block\">\n\t                                <\/div>\n\t\t\t\t                <div class=\"mn-content-block\">\n\t                                <\/div>\n\t\t\t\t                <div class=\"mn-content-block\">\n\t                                <\/div>\n\t\t\t\t                <div class=\"mn-content-block\">\n\t                                <\/div>\n\t\t\t\t                <div class=\"mn-content-block\">\n\t                                <\/div>\n\t\t\t\t                <div class=\"mn-content-block\">\n\t                                <\/div>\n\t\t\t\t                <div class=\"mn-content-block\">\n\t                                <\/div>\n\t\t\t\t                <div class=\"mn-content-block\">\n\t                                <\/div>\n\t\t\t\t                <div class=\"mn-content-block\">\n\t                                <\/div>\n\t\t\t\t                <div class=\"mn-content-block\">\n\t                                <\/div>\n\t\t\t\t                <div class=\"mn-content-block\">\n\t                                <\/div>\n\t\t\t\t                <div class=\"mn-content-block\">\n\t                                <\/div>\n\t\t\t\t                <div class=\"mn-content-block\">\n\t                                <\/div>\n\t\t\t\t                <div class=\"mn-content-block\">\n\t                                <\/div>\n\t\t\t\t                <div class=\"mn-content-block\">\n\t                                <\/div>\n\t\t\t\t                <div class=\"mn-content-block\">\n\t                                <\/div>\n\t\t\t\t                <div class=\"mn-content-block\">\n\t                                <\/div>\n\t\t\t\t                <div class=\"mn-content-block\">\n\t                                <\/div>\n\t\t\t\t                <div class=\"mn-content-block\">\n\t                                <\/div>\n\t\t\t\t\t\t<\/div>\n\t<\/div>\n<\/section>\n\t\t<\/div>\n\t\t\t\t<\/div>\n\t\t\t\t\t\t<\/div>\n\t\t\t\t\t<\/div>\n\t\t<\/div>\n\t\t\t\t\t\t\t\t<\/div>\n\t\t\t\t\t<\/div>\n\t\t<\/section>\n\t\t\t\t\t\t<\/div>\n\t\t\t\t\t\t<\/div>\n\t\t\t\t\t<\/div>\n\t\t","protected":false},"excerpt":{"rendered":"<p>\u2190\u00a0powr\u00f3t Weterynaria II, III, IV, V, VI rok &#8211; studenci rozpoczynaj\u0105cy studia w&nbsp;roku 2018\/2019 i&nbsp;wcze\u015bniej Semestr IChemiaBiologiaBiologia kom\u00f3rkiTechnologie informacyjneBezpiecze\u0144stwo pracy i&nbsp;ergonomiaPsychologia\/FilozofiaJ\u0119zyk \u0142aci\u0144ski 1Histologia i&nbsp;embriologia 1Wychowanie fizyczne 1Anatomia zwierz\u0105t 1BiofizykaJ\u0119zyk obcy 1 Semestr IIJ\u0119zyk \u0142aci\u0144ski 2Ochrona \u015brodowiskaHistologia i&nbsp;embriologia 2Genetyka og\u00f3lna i&nbsp;weterynaryjnaAgronomiaBiostatyka i&nbsp;metody dokumentacjiOchrona w\u0142asno\u015bci intelektualnejHistoria weterynarii i&nbsp;deontologiaEtykaWychowanie fizyczne 2Anatomia zwierz\u0105t 2Biochemia 1J\u0119zyk obcy 2 Semestr IIIAnatomia [&hellip;]<\/p>\n","protected":false},"author":2,"featured_media":0,"parent":0,"menu_order":0,"comment_status":"closed","ping_status":"closed","template":"elementor_header_footer","meta":{"_monsterinsights_skip_tracking":false,"_monsterinsights_sitenote_active":false,"_monsterinsights_sitenote_note":"","_monsterinsights_sitenote_category":0},"_links":{"self":[{"href":"https:\/\/up.lublin.pl\/weterynaria\/wp-json\/wp\/v2\/pages\/758"}],"collection":[{"href":"https:\/\/up.lublin.pl\/weterynaria\/wp-json\/wp\/v2\/pages"}],"about":[{"href":"https:\/\/up.lublin.pl\/weterynaria\/wp-json\/wp\/v2\/types\/page"}],"author":[{"embeddable":true,"href":"https:\/\/up.lublin.pl\/weterynaria\/wp-json\/wp\/v2\/users\/2"}],"replies":[{"embeddable":true,"href":"https:\/\/up.lublin.pl\/weterynaria\/wp-json\/wp\/v2\/comments?post=758"}],"version-history":[{"count":10,"href":"https:\/\/up.lublin.pl\/weterynaria\/wp-json\/wp\/v2\/pages\/758\/revisions"}],"predecessor-version":[{"id":768,"href":"https:\/\/up.lublin.pl\/weterynaria\/wp-json\/wp\/v2\/pages\/758\/revisions\/768"}],"wp:attachment":[{"href":"https:\/\/up.lublin.pl\/weterynaria\/wp-json\/wp\/v2\/media?parent=758"}],"curies":[{"name":"wp","href":"https:\/\/api.w.org\/{rel}","templated":true}]}}