{"id":208,"date":"2020-11-17T13:05:51","date_gmt":"2020-11-17T12:05:51","guid":{"rendered":"http:\/\/nowastrona.up.lublin.pl\/weterynaria\/?page_id=208"},"modified":"2023-11-02T22:15:32","modified_gmt":"2023-11-02T21:15:32","slug":"stowarzyszenie-studenckie-ivsa","status":"publish","type":"page","link":"https:\/\/up.lublin.pl\/weterynaria\/stowarzyszenie-studenckie-ivsa\/","title":{"rendered":"Stowarzyszenie Studenckie IVSA"},"content":{"rendered":"\t\t<div data-elementor-type=\"wp-page\" data-elementor-id=\"208\" class=\"elementor elementor-208\" data-elementor-settings=\"[]\">\n\t\t\t\t\t\t<div class=\"elementor-inner\">\n\t\t\t\t\t\t\t<div class=\"elementor-section-wrap\">\n\t\t\t\t\t\t\t<section class=\"elementor-section elementor-top-section elementor-element elementor-element-b6d9c15 elementor-section-boxed elementor-section-height-default elementor-section-height-default\" data-id=\"b6d9c15\" data-element_type=\"section\">\n\t\t\t\t\t\t<div class=\"elementor-container elementor-column-gap-default\">\n\t\t\t\t\t\t\t<div class=\"elementor-row\">\n\t\t\t\t\t<div class=\"elementor-column elementor-col-100 elementor-top-column elementor-element elementor-element-0bd45d2\" data-id=\"0bd45d2\" data-element_type=\"column\">\n\t\t\t<div class=\"elementor-column-wrap elementor-element-populated\">\n\t\t\t\t\t\t\t<div class=\"elementor-widget-wrap\">\n\t\t\t\t\t\t<div class=\"elementor-element elementor-element-80d6eb8 elementor-widget elementor-widget-m2e\" data-id=\"80d6eb8\" data-element_type=\"widget\" data-widget_type=\"m2e.default\">\n\t\t\t\t<div class=\"elementor-widget-container\">\n\t\t\t<section class=\"mn-m2-e mn-bg-green\">\n\t<div class=\"mn-grid\">\n\t\t<div class=\"mn-grid-3 mn-introtext\">\n\t\t\t\t\t\t\t<p class=\"mn-header\">Wydzia\u0142 Medycyny Weterynaryjnej<\/p>\n\t\t\t\t\t\t\t\t\t\t\t<h3>\n\t\t\t\t\tStowarzyszenie Studenckie IVSA\t\t\t\t<\/h3>\n\t\t\t\t\t\t\t\t\t\t\t\t<\/div>\n\t\t<div class=\"mn-grid-9 mn-image-container\">\n\t\t\t\t\t<\/div>\n\t<\/div>\n\t<\/section>\n\t\t<\/div>\n\t\t\t\t<\/div>\n\t\t\t\t\t\t<\/div>\n\t\t\t\t\t<\/div>\n\t\t<\/div>\n\t\t\t\t\t\t\t\t<\/div>\n\t\t\t\t\t<\/div>\n\t\t<\/section>\n\t\t\t\t<section class=\"elementor-section elementor-top-section elementor-element elementor-element-846eae9 elementor-section-boxed elementor-section-height-default elementor-section-height-default\" data-id=\"846eae9\" data-element_type=\"section\">\n\t\t\t\t\t\t<div class=\"elementor-container elementor-column-gap-default\">\n\t\t\t\t\t\t\t<div class=\"elementor-row\">\n\t\t\t\t\t<div class=\"elementor-column elementor-col-100 elementor-top-column elementor-element elementor-element-d8c869c\" data-id=\"d8c869c\" data-element_type=\"column\">\n\t\t\t<div class=\"elementor-column-wrap elementor-element-populated\">\n\t\t\t\t\t\t\t<div class=\"elementor-widget-wrap\">\n\t\t\t\t\t\t<div class=\"elementor-element elementor-element-9b2fa02 elementor-widget elementor-widget-m5c\" data-id=\"9b2fa02\" data-element_type=\"widget\" data-widget_type=\"m5c.default\">\n\t\t\t\t<div class=\"elementor-widget-container\">\n\t\t\t<section class=\"mn-m5-c mn-bg-white\">\n\t<div class=\"mn-grid\">\n\t\t            <div class=\"mn-menu-container mn-grid-3\">\n                <ul class=\"mn-bg-yellow\">\n\t                                        <li>\n                            <a href=\"#\" class=\"active\" data-hash=\"#info\">\n                                Informacje og\u00f3lne                            <\/a>\n                        <\/li>\n                                                <li>\n                            <a href=\"#\" class=\"\" data-hash=\"#zarzad\">\n                                Zarz\u0105d                            <\/a>\n                        <\/li>\n                                                <li>\n                            <a href=\"#\" class=\"\" data-hash=\"#wydarzenia\">\n                                Wydarzenia                            <\/a>\n                        <\/li>\n                                        <\/ul>\n            <\/div>\n\t        \t\t<div class=\"mn-content mn-grid-8\">\n\t\t\t                <div class=\"mn-content-block active\">\n\t                                                        <div class=\"block-text\">\n\t                                        <p><a href=\"https:\/\/up.lublin.pl\/weterynaria\/wp-content\/uploads\/sites\/3\/2020\/11\/ivsa.jpg\"><img loading=\"lazy\" class=\"aligncenter wp-image-456 size-full\" src=\"https:\/\/up.lublin.pl\/weterynaria\/wp-content\/uploads\/sites\/3\/2020\/11\/ivsa.jpg\" alt=\"\" width=\"200\" height=\"118\" \/><\/a><\/p>\n<p><a href=\"https:\/\/up.lublin.pl\/weterynaria\/wp-content\/uploads\/sites\/3\/2020\/11\/ivsa.jpg\"><img loading=\"lazy\" class=\"alignnone size-full wp-image-159337\" src=\"https:\/\/up.lublin.pl\/weterynaria\/wp-content\/uploads\/sites\/3\/2023\/11\/393182128_838080064459818_3963923469568959357_n.jpg\" alt=\"IVSA Lublin I&nbsp;wtorek kliniczny 2023r. \" width=\"1920\" height=\"1080\" \/><\/a><\/p>\n<h3 style=\"text-align: center\">KR\u00d3TKA CHARAKTERYSTYKA<\/h3>\n<p>Zach\u0119camy do obejrzenia prezentacji o&nbsp;IVSA Lublin: <a href=\"https:\/\/tiny.pl\/9wqjg\">https:\/\/tiny.pl\/9wqjg<\/a><\/p>\n<p>Czym jest IVSA?<\/p>\n<p>IVSA (International Veterinary Students Association) jest to organizacja za\u0142o\u017cona przez student\u00f3w w&nbsp;1951 roku. Obecnie IVSA zrzesza uczelnie weterynaryjne i&nbsp;student\u00f3w z&nbsp;ca\u0142ego \u015bwiata, niezale\u017cnie od rasy, p\u0142ci, religii czy pogl\u0105d\u00f3w. Istnieje, by pomaga\u0107 zwierz\u0119tom i&nbsp;ludziom ca\u0142ego \u015bwiata poprzez wykorzystanie zapa\u0142u i&nbsp;po\u015bwi\u0119cenia student\u00f3w weterynarii. G\u0142\u00f3wn\u0105 misj\u0105 IVSA jest organizowanie wyk\u0142ad\u00f3w, warsztat\u00f3w i&nbsp;wymian mi\u0119dzynarodowych w&nbsp;celu polepszenia i&nbsp;rozpowszechniania edukacji weterynaryjnej w\u015br\u00f3d student\u00f3w weterynarii\u00a0 na ca\u0142ym \u015bwiecie.<\/p>\n<p>IVSA Lublin jest to jeden z&nbsp;oddzia\u0142\u00f3w 7 oddzia\u0142\u00f3w IVSA Poland, kt\u00f3ry dzia\u0142a na Wydziale Medycyny Weterynaryjnej Uniwersytetu Przyrodniczego w&nbsp;Lublinie. W&nbsp;roku akademickim 2023\/2024 nasza organizacja liczy blisko 400 cz\u0142onk\u00f3w, kt\u00f3rymi s\u0105 studenci od I&nbsp;do VI roku studi\u00f3w.<\/p>\n<p>IVSA Lublin s\u0142ynie ze swoich cyklicznych wydarze\u0144 \u201cWtorki Kliniczne\u201d podczas kt\u00f3rych poruszane s\u0105 tematy z&nbsp;r\u00f3\u017cnorodnych dziedzin medycyny weterynaryjnej. W&nbsp;ci\u0105gu ostatnich lat najcz\u0119\u015bciej pojawiaj\u0105c\u0105 si\u0119 tematyk\u0105 by\u0142a chirurgia, onkologia, ortopedia oraz neurologia. \u201cPoniedzia\u0142ki tematyczne\u201d to wydarzenia podczas kt\u00f3rych poruszane s\u0105 tematy zdrowia psychicznego, rozwoju po studiach, czy mo\u017cliwo\u015bci pracy za granic\u0105.<\/p>\n<p>Zdecydowanie najwi\u0119ksz\u0105 dum\u0105 naszego lubelskiego oddzia\u0142u jest \u201cStudencka Konferencja Chirurgii Weterynaryjnej\u201d kt\u00f3ra w&nbsp;tym roku akademickim b\u0119dzie mia\u0142a swoj\u0105 ju\u017c 9 edycj\u0119! S\u0105 to dwa dni pe\u0142ne wyk\u0142ad\u00f3w, dyskusji i&nbsp;konkurs\u00f3w.<\/p>\n<p>IVSA Lublin w&nbsp;ostatnich latach zorganizowa\u0142a wiele wymian mi\u0119dzynarodowych. Studenci naszego stowarzyszenia odwiedzili m.in. Wydzia\u0142 Medycyny Weterynarnej w&nbsp;Edynburgu, Konya, czy Hannover. Cz\u0142onkowie IVSA Lublin pe\u0142ni\u0105 rol\u0119 wolontariuszy na najwi\u0119kszych konferencjach i&nbsp;kongresach, zar\u00f3wno og\u00f3lnopolskich jak i&nbsp;mi\u0119dzynarodowych. Corocznie r\u00f3wnie\u017c organizujemy zbi\u00f3rki na rzecz lubelskich schronisk.<\/p>\n                                        <\/div>\n\t\t\t\t\t\t                                                        <div class=\"mn-cards-list\">\n                                            <div class=\"mn-card-container\">\n                                                <div>\n                                                    <img src=\"https:\/\/up.lublin.pl\/weterynaria\/wp-content\/themes\/up-lublin\/assets\/images\/doc-ico.svg\" alt=\"\" \/>\n                                                    <h5>Nasz Facebook<\/h5>\n                                                <\/div>\n                                                <a href=\"https:\/\/www.facebook.com\/IVSALublin20 \" class=\"mn-more\" target=\"_blank\">Zobacz<\/a>\n                                            <\/div>\n                                        <\/div>\n\t\t\t\t\t\t                                                        <div class=\"mn-cards-list\">\n                                            <div class=\"mn-card-container\">\n                                                <div>\n                                                    <img src=\"https:\/\/up.lublin.pl\/weterynaria\/wp-content\/themes\/up-lublin\/assets\/images\/doc-ico.svg\" alt=\"\" \/>\n                                                    <h5>Nasz Instagram<\/h5>\n                                                <\/div>\n                                                <a href=\"https:\/\/www.instagram.com\/ivsalublin\/?hl=pl\" class=\"mn-more\" target=\"_blank\">Zobacz<\/a>\n                                            <\/div>\n                                        <\/div>\n\t\t\t\t\t\t                                <\/div>\n\t\t\t\t                <div class=\"mn-content-block\">\n\t                                                        <ul class=\"mn-accordion\">\n                                            <li>\n                                                <h4 class=\"mn-accordion-title\">rok akademicki 2023\/2024<\/h4>\n                                                <div>\n\t\t\t\t\t\t\t\t\t                <ul style=\"list-style-type: circle\">\n<li><span style=\"font-size: 10px\">President &#8211; Liwia Arbatowska\u00a0 \u00a0 \u00a0 \u00a0 \u00a0 \u00a0 \u00a0 \u00a0 \u00a0 \u00a0 \u00a0 \u00a0 \u00a0 \u00a0 \u00a0 \u00a0 \u00a0 \u00a0 \u00a0 \u00a0 \u00a0 \u00a0 \u00a0 \u00a0 \u00a0 \u00a0 \u00a0 \u00a0 \u00a0 \u00a0 \u00a0 \u00a0 \u00a0 \u00a0 \u00a0 \u00a0 \u00a0 \u00a0 \u00a0 \u00a0 \u00a0 \u00a0 \u00a0 \u00a0 \u00a0 \u00a0 \u00a0 \u00a0 \u00a0 \u00a0 \u00a0 \u00a0 \u00a0 \u00a0 \u00a0 \u00a0 \u00a0 \u00a0 \u00a0 \u00a0 \u00a0 \u00a0 \u00a0 \u00a0 \u00a0 \u00a0 \u00a0 \u00a0 \u00a0 \u00a0 \u00a0 \u00a0 \u00a0 \u00a0 \u00a0 \u00a0 \u00a0 \u00a0\u25ca\u00a0 PRESIDENT.IVSA.UPLUBLIN@GMAIL.COM\u00a0 \u00a0 \u00a0 \u00a0 \u00a0 \u00a0 \u00a0 \u00a0 \u00a0 \u00a0 \u00a0 \u00a0 \u00a0 \u00a0 \u00a0 \u00a0 \u00a0 \u00a0 \u00a0 \u00a0 \u00a0 \u00a0 \u00a0 \u00a0 \u00a0 \u00a0 \u00a0 \u00a0 \u00a0 \u00a0 \u00a0 \u00a0 \u00a0 \u00a0 \u00a0 \u00a0 \u00a0 \u00a0 \u00a0 \u00a0 \u00a0 \u00a0 \u00a0 \u00a0 \u00a0 \u00a0 \u00a0 \u00a0 \u00a0 \u00a0 \u00a0 \u00a0 \u00a0 \u00a0 \u00a0 \u00a0 \u00a0 \u00a0 \u00a0 \u00a0 \u00a0 \u00a0<\/span><\/li>\n<li><span style=\"font-size: 10px\">Sekretarz I&nbsp;&#8211; Krystian Zieli\u0144ski\u00a0 \u00a0 \u00a0 \u00a0 \u00a0 \u00a0 \u00a0 \u00a0 \u00a0 \u00a0 \u00a0 \u00a0 \u00a0 \u00a0 \u00a0 \u00a0 \u00a0 \u00a0 \u00a0 \u00a0 \u00a0 \u00a0 \u00a0 \u00a0 \u00a0 \u00a0 \u00a0 \u00a0 \u00a0 \u00a0 \u00a0 \u00a0 \u00a0 \u00a0 \u00a0 \u00a0 \u00a0 \u00a0 \u00a0 \u00a0 \u00a0 \u00a0 \u00a0 \u00a0 \u00a0 \u00a0 \u00a0 \u00a0 \u00a0 \u00a0 \u00a0 \u00a0 \u00a0 \u00a0 \u00a0 \u00a0 \u00a0 \u00a0 \u00a0 \u00a0 \u00a0 \u00a0 \u00a0 \u00a0 \u00a0 \u00a0 \u00a0 \u00a0 \u00a0 \u00a0 \u00a0 \u00a0 \u00a0 \u00a0 \u00a0 \u00a0 \u00a0\u25ca\u00a0 SECRETARY.JUNIOR.IVSA.UPLUBLIN@GMAIL.COM<\/span><\/li>\n<li><span style=\"font-size: 10px\">Sekretarz II &#8211; Magdalena Kostjan\u00a0 \u00a0 \u00a0 \u00a0 \u00a0 \u00a0 \u00a0 \u00a0 \u00a0 \u00a0 \u00a0 \u00a0 \u00a0 \u00a0 \u00a0 \u00a0 \u00a0 \u00a0 \u00a0 \u00a0 \u00a0 \u00a0 \u00a0 \u00a0 \u00a0 \u00a0 \u00a0 \u00a0 \u00a0 \u00a0 \u00a0 \u00a0 \u00a0 \u00a0 \u00a0 \u00a0 \u00a0 \u00a0 \u00a0 \u00a0 \u00a0 \u00a0 \u00a0 \u00a0 \u00a0 \u00a0 \u00a0 \u00a0 \u00a0 \u00a0 \u00a0 \u00a0 \u00a0 \u00a0 \u00a0 \u00a0 \u00a0 \u00a0 \u00a0 \u00a0 \u00a0 \u00a0 \u00a0 \u00a0 \u00a0 \u00a0 \u00a0 \u00a0 \u00a0 \u00a0 \u00a0 \u00a0 \u00a0 \u00a0 \u00a0\u25ca\u00a0 SEKRETARZIVSALUBLIN@GMAIL.COM\u00a0 \u00a0 \u00a0 \u00a0 \u00a0 \u00a0 \u00a0 \u00a0 \u00a0 \u00a0 \u00a0 \u00a0 \u00a0 \u00a0 \u00a0 \u00a0 \u00a0 \u00a0 \u00a0 \u00a0 \u00a0 \u00a0 \u00a0 \u00a0 \u00a0 \u00a0 \u00a0 \u00a0 \u00a0 \u00a0 \u00a0 \u00a0 \u00a0 \u00a0 \u00a0 \u00a0 \u00a0 \u00a0 \u00a0 \u00a0 \u00a0 \u00a0 \u00a0 \u00a0 \u00a0 \u00a0 \u00a0 \u00a0 \u00a0 \u00a0 \u00a0 \u00a0 \u00a0 \u00a0 \u00a0 \u00a0 \u00a0 \u00a0 \u00a0 \u00a0 \u00a0 \u00a0 \u00a0 \u00a0\u00a0<\/span><\/li>\n<li><span style=\"font-size: 10px\">Exchange Officer I&nbsp;&#8211; Deepesh Kumar Parsan Chand\u00a0<\/span><\/li>\n<li><span style=\"font-size: 10px\">Exchange Officer II &#8211; Mustafa Ka\u015f\u0131k\u00e7\u0131\u00a0 \u00a0 \u00a0 \u00a0 \u00a0 \u00a0 \u00a0 \u00a0 \u00a0 \u00a0 \u00a0 \u00a0 \u00a0 \u00a0 \u00a0 \u00a0 \u00a0 \u00a0 \u00a0 \u00a0 \u00a0 \u00a0 \u00a0 \u00a0 \u00a0 \u00a0 \u00a0 \u00a0 \u00a0 \u00a0 \u00a0 \u00a0 \u00a0 \u00a0 \u00a0 \u00a0 \u00a0 \u00a0 \u00a0 \u00a0 \u00a0 \u00a0 \u00a0 \u00a0 \u00a0 \u00a0 \u00a0 \u00a0 \u00a0 \u00a0 \u00a0 \u00a0 \u00a0 \u00a0 \u00a0 \u00a0 \u00a0 \u00a0 \u00a0 \u00a0 \u00a0 \u00a0 \u00a0 \u00a0 \u00a0 \u00a0 \u00a0 \u00a0 \u00a0 \u00a0 \u00a0\u25ca\u00a0 EXCHANGEOFFICER.IVSA.UPLUBLIN@GMAIL.COM\u00a0 \u00a0 \u00a0 \u00a0 \u00a0 \u00a0 \u00a0 \u00a0 \u00a0 \u00a0 \u00a0 \u00a0 \u00a0 \u00a0 \u00a0 \u00a0 \u00a0 \u00a0 \u00a0 \u00a0 \u00a0 \u00a0 \u00a0 \u00a0 \u00a0 \u00a0 \u00a0 \u00a0 \u00a0 \u00a0 \u00a0 \u00a0 \u00a0 \u00a0 \u00a0 \u00a0 \u00a0 \u00a0 \u00a0 \u00a0 \u00a0 \u00a0 \u00a0 \u00a0 \u00a0 \u00a0 \u00a0 \u00a0 \u00a0 \u00a0 \u00a0 \u00a0 \u00a0<\/span><\/li>\n<li><span style=\"font-size: 10px\">Treasurer &#8211; Magdalena Pot\u0119pska\u00a0 \u00a0 \u00a0 \u00a0 \u00a0 \u00a0 \u00a0 \u00a0 \u00a0 \u00a0 \u00a0 \u00a0 \u00a0 \u00a0 \u00a0 \u00a0 \u00a0 \u00a0 \u00a0 \u00a0 \u00a0 \u00a0 \u00a0 \u00a0 \u00a0 \u00a0 \u00a0 \u00a0 \u00a0 \u00a0 \u00a0 \u00a0 \u00a0 \u00a0 \u00a0 \u00a0 \u00a0 \u00a0 \u00a0 \u00a0 \u00a0 \u00a0 \u00a0 \u00a0 \u00a0 \u00a0 \u00a0 \u00a0 \u00a0 \u00a0 \u00a0 \u00a0 \u00a0 \u00a0 \u00a0 \u00a0 \u00a0 \u00a0 \u00a0 \u00a0 \u00a0 \u00a0 \u00a0 \u00a0 \u00a0 \u00a0 \u00a0 \u00a0 \u00a0 \u00a0 \u00a0 \u00a0 \u00a0 \u00a0\u25ca\u00a0 TREASURER.IVSA.UPLUBLIN@GMAIL.COM\u00a0 \u00a0 \u00a0 \u00a0 \u00a0 \u00a0 \u00a0 \u00a0 \u00a0 \u00a0 \u00a0 \u00a0 \u00a0 \u00a0 \u00a0 \u00a0 \u00a0 \u00a0 \u00a0 \u00a0 \u00a0 \u00a0 \u00a0 \u00a0 \u00a0 \u00a0 \u00a0 \u00a0 \u00a0 \u00a0 \u00a0 \u00a0 \u00a0 \u00a0 \u00a0 \u00a0 \u00a0 \u00a0 \u00a0 \u00a0 \u00a0 \u00a0 \u00a0 \u00a0 \u00a0 \u00a0 \u00a0 \u00a0 \u00a0 \u00a0 \u00a0 \u00a0 \u00a0 \u00a0 \u00a0 \u00a0 \u00a0 \u00a0 \u00a0 \u00a0 \u00a0<\/span><\/li>\n<li><span style=\"font-size: 10px\">Social Media Team:\u00a0 \u00a0 \u00a0 \u00a0 \u00a0 \u00a0 \u00a0 \u00a0 \u00a0 \u00a0 \u00a0 \u00a0 \u00a0 \u00a0 \u00a0 \u00a0 \u00a0 \u00a0 \u00a0 \u00a0 \u00a0 \u00a0 \u00a0 \u00a0 \u00a0 \u00a0 \u00a0 \u00a0 \u00a0 \u00a0 \u00a0 \u00a0 \u00a0 \u00a0 \u00a0 \u00a0 \u00a0 \u00a0 \u00a0 \u00a0 \u00a0 \u00a0 \u00a0 \u00a0 \u00a0 \u00a0 \u00a0 \u00a0 \u00a0 \u00a0 \u00a0 \u00a0 \u00a0 \u00a0 \u00a0 \u00a0 \u00a0 \u00a0 \u00a0 \u00a0 \u00a0 \u00a0 \u00a0 \u00a0 \u00a0 \u00a0 \u00a0 \u00a0 \u00a0 \u00a0 \u00a0 \u00a0 \u00a0 \u00a0 \u00a0 \u00a0 \u00a0 \u00a0 \u00a0 \u00a0 \u00a0 \u00a0 \u00a0 \u00a0 \u00a0 \u00d7 Julia Poniewa\u017c\u00a0 \u00a0 \u00a0 \u00a0 \u00a0 \u00a0 \u00a0 \u00a0 \u00a0 \u00a0 \u00a0 \u00a0 \u00a0 \u00a0 \u00a0 \u00a0 \u00a0 \u00a0 \u00a0 \u00a0 \u00a0 \u00a0 \u00a0 \u00a0 \u00a0 \u00a0 \u00a0 \u00a0 \u00a0 \u00a0 \u00a0 \u00a0 \u00a0 \u00a0 \u00a0 \u00a0 \u00a0 \u00a0 \u00a0 \u00a0 \u00a0 \u00a0 \u00a0 \u00a0 \u00a0 \u00a0 \u00a0 \u00a0 \u00a0 \u00a0 \u00a0 \u00a0 \u00a0 \u00a0 \u00a0 \u00a0 \u00a0 \u00a0 \u00a0 \u00a0 \u00a0 \u00a0 \u00a0 \u00a0 \u00a0 \u00a0 \u00a0 \u00a0 \u00a0 \u00a0 \u00a0 \u00a0 \u00a0 \u00a0 \u00a0 \u00a0 \u00a0 \u00a0 \u00a0 \u00a0 \u00a0 \u00a0 \u00a0 \u00a0\u00d7 Nikola Pszech\u00a0 \u00a0 \u00a0 \u00a0 \u00a0 \u00a0 \u00a0 \u00a0 \u00a0 \u00a0 \u00a0 \u00a0 \u00a0 \u00a0 \u00a0 \u00a0 \u00a0 \u00a0 \u00a0 \u00a0 \u00a0 \u00a0 \u00a0 \u00a0 \u00a0 \u00a0 \u00a0 \u00a0 \u00a0 \u00a0 \u00a0 \u00a0 \u00a0 \u00a0 \u00a0 \u00a0 \u00a0 \u00a0 \u00a0 \u00a0 \u00a0 \u00a0 \u00a0 \u00a0 \u00a0 \u00a0 \u00a0 \u00a0 \u00a0 \u00a0 \u00a0 \u00a0 \u00a0 \u00a0 \u00a0 \u00a0 \u00a0 \u00a0 \u00a0 \u00a0 \u00a0 \u00a0 \u00a0 \u00a0 \u00a0 \u00a0 \u00a0 \u00a0 \u00a0 \u00a0 \u00a0 \u00a0 \u00a0 \u00a0 \u00a0 \u00a0 \u00a0 \u00a0 \u00a0 \u00a0 \u00a0 \u00a0 \u00a0 \u00a0 \u00a0\u00d7 Karolina Ku\u0142aga\u00a0 \u00a0 \u00a0 \u00a0 \u00a0 \u00a0 \u00a0 \u00a0 \u00a0 \u00a0 \u00a0 \u00a0 \u00a0 \u00a0 \u00a0 \u00a0 \u00a0 \u00a0 \u00a0 \u00a0 \u00a0 \u00a0 \u00a0 \u00a0 \u00a0 \u00a0 \u00a0 \u00a0 \u00a0 \u00a0 \u00a0 \u00a0 \u00a0 \u00a0 \u00a0 \u00a0 \u00a0 \u00a0 \u00a0 \u00a0 \u00a0 \u00a0 \u00a0 \u00a0 \u00a0 \u00a0 \u00a0 \u00a0 \u00a0 \u00a0 \u00a0 \u00a0 \u00a0 \u00a0 \u00a0 \u00a0 \u00a0 \u00a0 \u00a0 \u00a0 \u00a0 \u00a0 \u00a0 \u00a0 \u00a0 \u00a0 \u00a0 \u00a0 \u00a0 \u00a0 \u00a0 \u00a0 \u00a0 \u00a0 \u00a0 \u00a0 \u00a0 \u00a0 \u00a0 \u00a0 \u00a0 \u25ca\u00a0 SOCIALMEDIA.IVSA.UPLUBLIN@GMAIL.COM\u00a0<\/span><\/li>\n<\/ul>\n                                                <\/div>\n                                            <\/li>\n                                        <\/ul>\n\t\t\t\t\t\t                                                        <ul class=\"mn-accordion\">\n                                            <li>\n                                                <h4 class=\"mn-accordion-title\">rok akademicki 2021\/2022<\/h4>\n                                                <div>\n\t\t\t\t\t\t\t\t\t                <ul>\n<li>President \u2013 Aleksandra Wr\u00f3bel\n<ul>\n<li><a href=\"mailto:president.ivsa.uplublin@gmail.com\">ivsa.uplublin@gmail.com<\/a><\/li>\n<\/ul>\n<\/li>\n<li>Sekretarz \u2013 Zuzanna Suwa\u0142a<\/li>\n<li>Sekretarz \u2013 Marta Ryczaj<\/li>\n<li>M\u0142odszy sekretarz &#8211; Krystian Zieli\u0144ski\n<ul>\n<li><a href=\"mailto:secretary.ivsa.uplublin@gmail.com\">ivsa.uplublin@gmail.com<\/a><\/li>\n<\/ul>\n<\/li>\n<li>Exchange Officer &#8211; Magdalena Tarach\n<ul>\n<li>ivsa.uplublin@gmail.com<\/li>\n<\/ul>\n<\/li>\n<li>Skarbnik \u2013 Krzysztof Rzemieniak\n<ul>\n<li>ivsa.uplublin@gmail.com<\/li>\n<\/ul>\n<\/li>\n<li>Social Media Manager \u2013 Paulina Koba<\/li>\n<li>Social Media Team &#8211; Anna Cebula\n<ul>\n<li><a href=\"mailto:socialmedia.ivsa.uplublin@gmail.com\">ivsa.uplublin@gmail.com<\/a><\/li>\n<\/ul>\n<\/li>\n<\/ul>\n                                                <\/div>\n                                            <\/li>\n                                        <\/ul>\n\t\t\t\t\t\t                                                        <ul class=\"mn-accordion\">\n                                            <li>\n                                                <h4 class=\"mn-accordion-title\">rok akademicki 2020\/2021<\/h4>\n                                                <div>\n\t\t\t\t\t\t\t\t\t                <ul>\n<li>President \u2013 Aleksandra Wr\u00f3bel\n<ul>\n<li><a href=\"mailto:president.ivsa.uplublin@gmail.com\">ivsa.uplublin@gmail.com<\/a><\/li>\n<\/ul>\n<\/li>\n<li>Sekretarz \u2013 Zuzanna Suwa\u0142a<\/li>\n<li>M\u0142odszy sekretarz &#8211; Krystian Zieli\u0144ski\n<ul>\n<li><a href=\"mailto:secretary.ivsa.uplublin@gmail.com\">ivsa.uplublin@gmail.com<\/a><\/li>\n<\/ul>\n<\/li>\n<li>Exchange Officer &#8211; Natalia \u017bukowska\n<ul>\n<li>ivsa.uplublin@gmail.com<\/li>\n<\/ul>\n<\/li>\n<li>Skarbnik \u2013 Krzysztof Rzemieniak\n<ul>\n<li>ivsa.uplublin@gmail.com<\/li>\n<\/ul>\n<\/li>\n<li>Social Media \u2013 Paulina Koba\n<ul>\n<li><a href=\"mailto:socialmedia.ivsa.uplublin@gmail.com\">ivsa.uplublin@gmail.com<\/a><\/li>\n<\/ul>\n<\/li>\n<\/ul>\n                                                <\/div>\n                                            <\/li>\n                                        <\/ul>\n\t\t\t\t\t\t                                                        <div class=\"mn-cards-list\">\n                                            <div class=\"mn-card-container\">\n                                                <div>\n                                                    <img src=\"https:\/\/up.lublin.pl\/weterynaria\/wp-content\/themes\/up-lublin\/assets\/images\/doc-ico.svg\" alt=\"\" \/>\n                                                    <h5>Rok akaemicki 2019\/2020<\/h5>\n                                                <\/div>\n                                                <a href=\"http:\/\/nowastrona.up.lublin.pl\/weterynaria\/wp-content\/uploads\/sites\/3\/2020\/11\/zarzad.pdf\" class=\"mn-more\" target=\"_blank\">Zobacz<\/a>\n                                            <\/div>\n                                        <\/div>\n\t\t\t\t\t\t                                                        <ul class=\"mn-accordion\">\n                                            <li>\n                                                <h4 class=\"mn-accordion-title\">Rok akademicki 2018\/2019<\/h4>\n                                                <div>\n\t\t\t\t\t\t\t\t\t                <p>President &#8211; Kacper Siwiec<br \/>president.ivsa.uplublin@gmail.com<\/p>\n<p>VP &#8211; Patrycja Filipiak<br \/>vicepresident.ivsa.uplublin@gmail.com<\/p>\n<p>Exchange Officer -Piotr Bobrowski<br \/>-Ewa D\u0105browska<br \/>exchangeofficer.ivsa.uplublin@gmail.com<\/p>\n<p>Information Officer &#8211; Agata Strza\u0142kowska<br \/>&#8211; Krystyna W\u0119drychowska<br \/>secretary.ivsa.uplublin@gmail.com<\/p>\n<p>Treasurer &#8211; Maciej Mitura<br \/>treasurer.ivsa.uplublin@gmail.com<\/p>\n                                                <\/div>\n                                            <\/li>\n                                        <\/ul>\n\t\t\t\t\t\t                                <\/div>\n\t\t\t\t                <div class=\"mn-content-block\">\n\t                                                        <ul class=\"mn-accordion\">\n                                            <li>\n                                                <h4 class=\"mn-accordion-title\"> VI Studencka Konferencja Chirurgii Weterynaryjnej<\/h4>\n                                                <div>\n\t\t\t\t\t\t\t\t\t                <p>2020-2021 organizacja\u00a0 VI Studenckiej Konferencji Chirurgii Weterynaryjnej, kontynuacja cyklicznych spotka\u0144 \u201cWtorki Kliniczne\u201d, szkolenia z&nbsp;anestezjologii i&nbsp;cytologii, wsp\u00f3\u0142organizowanie mi\u0119dzynarodowej konferencji Animal Nutrition Conference, webinary m.in. o&nbsp;\u017cywieniu ps\u00f3w i&nbsp;kot\u00f3w oraz samorozwoju, wydarzenia z&nbsp;cyklu \u201cPostaw na rozw\u00f3j\u201d, udzia\u0142 w&nbsp;studenckiej wymianie z&nbsp;IVSA Konya<\/p>\n                                                <\/div>\n                                            <\/li>\n                                        <\/ul>\n\t\t\t\t\t\t                                                        <div class=\"block-text\">\n\t                                        <p>2019 PDF, PDF, konferencja chirurgiczna, konferencja behawioralna, IVSA Journal<\/p>\n<p>2018 PDF, PDF, konferencja chirurgiczna,<\/p>\n<p>\u00a0<\/p>\n                                        <\/div>\n\t\t\t\t\t\t                                <\/div>\n\t\t\t\t\t\t<\/div>\n\t<\/div>\n<\/section>\n\t\t<\/div>\n\t\t\t\t<\/div>\n\t\t\t\t\t\t<\/div>\n\t\t\t\t\t<\/div>\n\t\t<\/div>\n\t\t\t\t\t\t\t\t<\/div>\n\t\t\t\t\t<\/div>\n\t\t<\/section>\n\t\t\t\t\t\t<\/div>\n\t\t\t\t\t\t<\/div>\n\t\t\t\t\t<\/div>\n\t\t","protected":false},"excerpt":{"rendered":"<p>Wydzia\u0142 Medycyny Weterynaryjnej Stowarzyszenie Studenckie IVSA UP Wydzia\u0142 Medycyny Weterynaryjnej Informacje og\u00f3lne Zarz\u0105d Wydarzenia KR\u00d3TKA CHARAKTERYSTYKA Zach\u0119camy do obejrzenia prezentacji o&nbsp;IVSA Lublin: https:\/\/tiny.pl\/9wqjg Czym jest IVSA? IVSA (International Veterinary Students Association) jest to organizacja za\u0142o\u017cona przez student\u00f3w w&nbsp;1951 roku. Obecnie IVSA zrzesza uczelnie weterynaryjne i&nbsp;student\u00f3w z&nbsp;ca\u0142ego \u015bwiata, niezale\u017cnie od rasy, p\u0142ci, religii czy pogl\u0105d\u00f3w. Istnieje, [&hellip;]<\/p>\n","protected":false},"author":2,"featured_media":0,"parent":0,"menu_order":0,"comment_status":"closed","ping_status":"closed","template":"elementor_header_footer","meta":{"_monsterinsights_skip_tracking":false,"_monsterinsights_sitenote_active":false,"_monsterinsights_sitenote_note":"","_monsterinsights_sitenote_category":0},"_links":{"self":[{"href":"https:\/\/up.lublin.pl\/weterynaria\/wp-json\/wp\/v2\/pages\/208"}],"collection":[{"href":"https:\/\/up.lublin.pl\/weterynaria\/wp-json\/wp\/v2\/pages"}],"about":[{"href":"https:\/\/up.lublin.pl\/weterynaria\/wp-json\/wp\/v2\/types\/page"}],"author":[{"embeddable":true,"href":"https:\/\/up.lublin.pl\/weterynaria\/wp-json\/wp\/v2\/users\/2"}],"replies":[{"embeddable":true,"href":"https:\/\/up.lublin.pl\/weterynaria\/wp-json\/wp\/v2\/comments?post=208"}],"version-history":[{"count":104,"href":"https:\/\/up.lublin.pl\/weterynaria\/wp-json\/wp\/v2\/pages\/208\/revisions"}],"predecessor-version":[{"id":159343,"href":"https:\/\/up.lublin.pl\/weterynaria\/wp-json\/wp\/v2\/pages\/208\/revisions\/159343"}],"wp:attachment":[{"href":"https:\/\/up.lublin.pl\/weterynaria\/wp-json\/wp\/v2\/media?parent=208"}],"curies":[{"name":"wp","href":"https:\/\/api.w.org\/{rel}","templated":true}]}}