{"id":159233,"date":"2023-10-24T13:18:34","date_gmt":"2023-10-24T11:18:34","guid":{"rendered":"https:\/\/up.lublin.pl\/weterynaria\/?page_id=159233"},"modified":"2024-10-01T09:50:50","modified_gmt":"2024-10-01T07:50:50","slug":"rada-naukowa","status":"publish","type":"page","link":"https:\/\/up.lublin.pl\/weterynaria\/wydzial\/jubileusze\/jubileusz-80\/rada-naukowa\/","title":{"rendered":"Rada Naukowa | 80-lecie Wydzia\u0142u Medycyny Weterynaryjnej"},"content":{"rendered":"\t\t<div data-elementor-type=\"wp-page\" data-elementor-id=\"159233\" class=\"elementor elementor-159233\" data-elementor-settings=\"[]\">\n\t\t\t\t\t\t<div class=\"elementor-inner\">\n\t\t\t\t\t\t\t<div class=\"elementor-section-wrap\">\n\t\t\t\t\t\t\t<section class=\"elementor-section elementor-top-section elementor-element elementor-element-4e6c2a6c elementor-section-boxed elementor-section-height-default elementor-section-height-default\" data-id=\"4e6c2a6c\" data-element_type=\"section\">\n\t\t\t\t\t\t<div class=\"elementor-container elementor-column-gap-default\">\n\t\t\t\t\t\t\t<div class=\"elementor-row\">\n\t\t\t\t\t<div class=\"elementor-column elementor-col-100 elementor-top-column elementor-element elementor-element-590362da\" data-id=\"590362da\" data-element_type=\"column\">\n\t\t\t<div class=\"elementor-column-wrap elementor-element-populated\">\n\t\t\t\t\t\t\t<div class=\"elementor-widget-wrap\">\n\t\t\t\t\t\t<div class=\"elementor-element elementor-element-d4694aa elementor-widget elementor-widget-m2j\" data-id=\"d4694aa\" data-element_type=\"widget\" data-widget_type=\"m2j.default\">\n\t\t\t\t<div class=\"elementor-widget-container\">\n\t\t\t<section class=\"mn-m2-h\">\n    <div class=\"mn-image-container mn-container\">\n                    <img src=\"https:\/\/up.lublin.pl\/weterynaria\/wp-content\/uploads\/sites\/3\/2024\/01\/80lat-wmw-banner-PLv2-1.jpg\" alt=\"\">\n                        <\/div>\n    <div class=\"mn-grid mn-content\">\n                    <div class=\"mn-content-block\">\n                <p><span style=\"color: #000000\"><strong>Rada naukowa konferencji<\/strong><\/span><\/p>\n<p><span style=\"color: #000000\">Prof. dr hab. \u0141ukasz Adaszek &#8211; przewodnicz\u0105cy<br \/><\/span><\/p>\n<p><span style=\"color: #000000\">Prof. dr hab. Marcin Arciszewski <\/span><\/p>\n<p><span style=\"color: #000000\">Prof. dr hab. Ireneusz Balicki<\/span><\/p>\n<p><span style=\"color: #000000\">Prof. dr hab. Zbigniew Gr\u0105dzki <\/span><\/p>\n<p><span style=\"color: #000000\">Prof. dr hab. Jadwiga Jaworska-Adamu<\/span><\/p>\n<p><span style=\"color: #000000\">Prof. dr hab. Marta Kankofer<\/span><\/p>\n<p><span style=\"color: #000000\">Prof. dr hab. Cezary Kowalski<\/span><\/p>\n<p><span style=\"color: #000000\">Prof. dr hab. Leszek Krakowski<\/span><\/p>\n<p><span style=\"color: #000000\">Prof. dr hab. Krzysztof Lutnicki<\/span><\/p>\n<p><span style=\"color: #000000\">Prof. dr hab. Aneta Nowakiewicz<\/span><\/p>\n<p><span style=\"color: #000000\">Prof. dr hab. Izabela Polkowska<\/span><\/p>\n<p><span style=\"color: #000000\">Prof. dr hab. Rados\u0142aw Piotr Radzki<\/span><\/p>\n<p><span style=\"color: #000000\">Prof. dr hab. Krzysztof Szkucik<\/span><\/p>\n<p><span style=\"color: #000000\">Prof. dr hab. Ewa Tomaszewska<\/span><\/p>\n<p><span style=\"color: #000000\">Prof. dr hab. Krzysztof Tomczuk<\/span><\/p>\n<p><span style=\"color: #000000\">Prof. dr hab. Renata Urban-Chmiel<\/span><\/p>\n<p><span style=\"color: #000000\">Prof. dr hab. Jose Valverde Piedra<\/span><\/p>\n<p><span style=\"color: #000000\">Prof. dr hab. Stanis\u0142aw Winiarczyk<\/span><\/p>\n<p><span style=\"color: #000000\">Dr hab. Marek Bie\u0144ko, prof. uczelni<\/span><\/p>\n<p><span style=\"color: #000000\">Dr hab. Mariola Bochniarz, prof. uczelni<\/span><\/p>\n<p><span style=\"color: #000000\">Dr hab. Adam Brodzki, prof. uczelni<\/span><\/p>\n<p><span style=\"color: #000000\">Dr hab. Piotr Brodzki, prof. uczelni<\/span><\/p>\n<p><span style=\"color: #000000\">Dr hab. Artur Burma\u0144czuk, prof. uczelni<\/span><\/p>\n<p><span style=\"color: #000000\">Dr hab. Roman D\u0105browski, prof. uczelni<\/span><\/p>\n<p><span style=\"color: #000000\">Dr hab. Marta Dec, prof. uczelni<\/span><\/p>\n<p><span style=\"color: #000000\">Dr hab. Leszek Guz, prof. uczelni<\/span><\/p>\n<p><span style=\"color: #000000\">Dr hab. \u0141ukasz Jarosz, prof. uczelni<\/span><\/p>\n<p><span style=\"color: #000000\">Dr hab. Witold K\u0119dzierski, prof. uczelni<\/span><\/p>\n<p><span style=\"color: #000000\">Dr hab. Urszula Kosior-Korzecka, prof. uczelni<\/span><\/p>\n<p><span style=\"color: #000000\">Dr hab. Sylwester Kowalik, prof. uczelni<\/span><\/p>\n<p><span style=\"color: #000000\">Dr hab. Monika Krajewska-W\u0119dzina, prof. uczelni<\/span><\/p>\n<p><span style=\"color: #000000\">Dr hab. Piotr Listos, prof. uczelni<\/span><\/p>\n<p><span style=\"color: #000000\">Dr hab. Beata \u0141ebkowska-Wieruszewska, prof. uczelni<\/span><\/p>\n<p><span style=\"color: #000000\">Dr hab. Wojciech \u0141opuszy\u0144ski, prof. uczelni<\/span><\/p>\n<p><span style=\"color: #000000\">Dr hab. Agnieszka Marek, prof. uczelni<\/span><\/p>\n<p><span style=\"color: #000000\">Dr hab. Waldemar Paszkiewicz, prof. uczelni<\/span><\/p>\n<p><span style=\"color: #000000\">Dr hab. Andrzej Puchalski, prof. uczelni<\/span><\/p>\n<p><span style=\"color: #000000\">Dr hab. Iwona Puzio, prof. uczelni<\/span><\/p>\n<p><span style=\"color: #000000\">Dr hab. Dagmara St\u0119pie\u0144-Py\u015bniak, prof. uczelni<\/span><\/p>\n<p><span style=\"color: #000000\">Dr hab. Marcin Szczepanik, prof. uczelni<\/span><\/p>\n<p><span style=\"color: #000000\">Dr hab. Marek Szczubia\u0142, prof. uczelni<\/span><\/p>\n<p><span style=\"color: #000000\">Dr hab. Anna \u015amiech, prof. uczelni<\/span><\/p>\n<p><span style=\"color: #000000\">Dr hab. Iwona Taszkun, prof. uczelni<\/span><\/p>\n<p><span style=\"color: #000000\">Dr hab. Joanna Wessely-Szponder, prof. uczelni<\/span><\/p>\n<p><span style=\"color: #000000\">Dr hab. Marta W\u00f3jcik, prof. uczelni<\/span><\/p>\n<p><span style=\"color: #000000\">Dr hab. Micha\u0142 Gondek<\/span><\/p>\n<p><span style=\"color: #000000\">Dr hab. Ma\u0142gorzata Kapica<\/span><\/p>\n<p><span style=\"color: #000000\">Dr hab. \u0141ukasz Kurek<\/span><\/p>\n<p><span style=\"color: #000000\">Dr hab. Jacek Madany<\/span><\/p>\n<p><span style=\"color: #000000\">Dr hab. Renata Pyz-\u0141ukasik<\/span><\/p>\n<p><span style=\"color: #000000\">Dr hab. Aleksandra Sobczy\u0144ska-Rak<\/span><\/p>\n<p><span style=\"color: #000000\">Dr hab. Anna Zacharko-Siembida<\/span><\/p>\n            <\/div>\n                <\/div>\n<\/section>\n\t\t<\/div>\n\t\t\t\t<\/div>\n\t\t\t\t\t\t<\/div>\n\t\t\t\t\t<\/div>\n\t\t<\/div>\n\t\t\t\t\t\t\t\t<\/div>\n\t\t\t\t\t<\/div>\n\t\t<\/section>\n\t\t\t\t<section class=\"elementor-section elementor-top-section elementor-element elementor-element-e655183 elementor-section-boxed elementor-section-height-default elementor-section-height-default\" data-id=\"e655183\" data-element_type=\"section\">\n\t\t\t\t\t\t<div class=\"elementor-container elementor-column-gap-default\">\n\t\t\t\t\t\t\t<div class=\"elementor-row\">\n\t\t\t\t\t<div class=\"elementor-column elementor-col-100 elementor-top-column elementor-element elementor-element-3730986\" data-id=\"3730986\" data-element_type=\"column\">\n\t\t\t<div class=\"elementor-column-wrap elementor-element-populated\">\n\t\t\t\t\t\t\t<div class=\"elementor-widget-wrap\">\n\t\t\t\t\t\t<div class=\"elementor-element elementor-element-48bd616 elementor-widget elementor-widget-m5h\" data-id=\"48bd616\" data-element_type=\"widget\" data-widget_type=\"m5h.default\">\n\t\t\t\t<div class=\"elementor-widget-container\">\n\t\t\t<section class=\"mn-m5-h mn-bg-white no-spacing\">\r\n\t<div class=\"mn-grid\">\r\n\t\t<div class=\"mn-content mn-grid-12\">\r\n\t\t\t<div class=\"mn-lead\">\r\n\t\t\t\t<p><a href=\"https:\/\/up.lublin.pl\/weterynaria\/wydzial\/jubileusze\/jubileusz-80\/\"><strong>Powr\u00f3t do strony g\u0142\u00f3wnej Jubileuszu<\/strong><\/a><\/p>\n<p>\u00a0<\/p>\n\t\t\t<\/div>\r\n\t\t<\/div>\r\n\t<\/div>\r\n<\/section>\r\n\t\t<\/div>\n\t\t\t\t<\/div>\n\t\t\t\t\t\t<\/div>\n\t\t\t\t\t<\/div>\n\t\t<\/div>\n\t\t\t\t\t\t\t\t<\/div>\n\t\t\t\t\t<\/div>\n\t\t<\/section>\n\t\t\t\t\t\t<\/div>\n\t\t\t\t\t\t<\/div>\n\t\t\t\t\t<\/div>\n\t\t","protected":false},"excerpt":{"rendered":"<p>Rada naukowa konferencji Prof. dr hab. \u0141ukasz Adaszek &#8211; przewodnicz\u0105cy Prof. dr hab. Marcin Arciszewski Prof. dr hab. Ireneusz Balicki Prof. dr hab. Zbigniew Gr\u0105dzki Prof. dr hab. Jadwiga Jaworska-Adamu Prof. dr hab. Marta Kankofer Prof. dr hab. Cezary Kowalski Prof. dr hab. Leszek Krakowski Prof. dr hab. Krzysztof Lutnicki Prof. dr hab. Aneta Nowakiewicz [&hellip;]<\/p>\n","protected":false},"author":2,"featured_media":0,"parent":159174,"menu_order":0,"comment_status":"closed","ping_status":"closed","template":"elementor_header_footer","meta":{"_monsterinsights_skip_tracking":false,"_monsterinsights_sitenote_active":false,"_monsterinsights_sitenote_note":"","_monsterinsights_sitenote_category":0},"_links":{"self":[{"href":"https:\/\/up.lublin.pl\/weterynaria\/wp-json\/wp\/v2\/pages\/159233"}],"collection":[{"href":"https:\/\/up.lublin.pl\/weterynaria\/wp-json\/wp\/v2\/pages"}],"about":[{"href":"https:\/\/up.lublin.pl\/weterynaria\/wp-json\/wp\/v2\/types\/page"}],"author":[{"embeddable":true,"href":"https:\/\/up.lublin.pl\/weterynaria\/wp-json\/wp\/v2\/users\/2"}],"replies":[{"embeddable":true,"href":"https:\/\/up.lublin.pl\/weterynaria\/wp-json\/wp\/v2\/comments?post=159233"}],"version-history":[{"count":52,"href":"https:\/\/up.lublin.pl\/weterynaria\/wp-json\/wp\/v2\/pages\/159233\/revisions"}],"predecessor-version":[{"id":162397,"href":"https:\/\/up.lublin.pl\/weterynaria\/wp-json\/wp\/v2\/pages\/159233\/revisions\/162397"}],"up":[{"embeddable":true,"href":"https:\/\/up.lublin.pl\/weterynaria\/wp-json\/wp\/v2\/pages\/159174"}],"wp:attachment":[{"href":"https:\/\/up.lublin.pl\/weterynaria\/wp-json\/wp\/v2\/media?parent=159233"}],"curies":[{"name":"wp","href":"https:\/\/api.w.org\/{rel}","templated":true}]}}