{"id":147972,"date":"2021-07-30T10:38:02","date_gmt":"2021-07-30T08:38:02","guid":{"rendered":"https:\/\/up.lublin.pl\/weterynaria\/?page_id=147972"},"modified":"2023-05-25T12:11:37","modified_gmt":"2023-05-25T10:11:37","slug":"katedra","status":"publish","type":"page","link":"https:\/\/up.lublin.pl\/weterynaria\/wydzial\/struktura-i-pracownicy\/fizjologia\/katedra\/","title":{"rendered":"Katedra"},"content":{"rendered":"\t\t<div data-elementor-type=\"wp-page\" data-elementor-id=\"147972\" class=\"elementor elementor-147972\" data-elementor-settings=\"[]\">\n\t\t\t\t\t\t<div class=\"elementor-inner\">\n\t\t\t\t\t\t\t<div class=\"elementor-section-wrap\">\n\t\t\t\t\t\t\t<section class=\"elementor-section elementor-top-section elementor-element elementor-element-b546bff elementor-section-boxed elementor-section-height-default elementor-section-height-default\" data-id=\"b546bff\" data-element_type=\"section\">\n\t\t\t\t\t\t<div class=\"elementor-container elementor-column-gap-default\">\n\t\t\t\t\t\t\t<div class=\"elementor-row\">\n\t\t\t\t\t<div class=\"elementor-column elementor-col-100 elementor-top-column elementor-element elementor-element-4cef828\" data-id=\"4cef828\" data-element_type=\"column\">\n\t\t\t<div class=\"elementor-column-wrap elementor-element-populated\">\n\t\t\t\t\t\t\t<div class=\"elementor-widget-wrap\">\n\t\t\t\t\t\t<div class=\"elementor-element elementor-element-9745fa7 elementor-widget elementor-widget-m2e\" data-id=\"9745fa7\" data-element_type=\"widget\" data-widget_type=\"m2e.default\">\n\t\t\t\t<div class=\"elementor-widget-container\">\n\t\t\t<section class=\"mn-m2-e mn-bg-green\">\n\t<div class=\"mn-grid\">\n\t\t<div class=\"mn-grid-3 mn-introtext\">\n\t\t\t\t\t\t\t<p class=\"mn-header\">Katedra Fizjologii Zwierz\u0105t<\/p>\n\t\t\t\t\t\t\t\t\t\t\t<h3>\n\t\t\t\t\tKatedra\t\t\t\t<\/h3>\n\t\t\t\t\t\t\t\t\t\t\t\t<\/div>\n\t\t<div class=\"mn-grid-9 mn-image-container\">\n\t\t\t\t\t<\/div>\n\t<\/div>\n\t<\/section>\n\t\t<\/div>\n\t\t\t\t<\/div>\n\t\t\t\t\t\t<\/div>\n\t\t\t\t\t<\/div>\n\t\t<\/div>\n\t\t\t\t\t\t\t\t<\/div>\n\t\t\t\t\t<\/div>\n\t\t<\/section>\n\t\t\t\t<section class=\"elementor-section elementor-top-section elementor-element elementor-element-62f2208 elementor-section-boxed elementor-section-height-default elementor-section-height-default\" data-id=\"62f2208\" data-element_type=\"section\">\n\t\t\t\t\t\t<div class=\"elementor-container elementor-column-gap-default\">\n\t\t\t\t\t\t\t<div class=\"elementor-row\">\n\t\t\t\t\t<div class=\"elementor-column elementor-col-100 elementor-top-column elementor-element elementor-element-cdaa766\" data-id=\"cdaa766\" data-element_type=\"column\">\n\t\t\t<div class=\"elementor-column-wrap elementor-element-populated\">\n\t\t\t\t\t\t\t<div class=\"elementor-widget-wrap\">\n\t\t\t\t\t\t<div class=\"elementor-element elementor-element-a3d20bc elementor-widget elementor-widget-m5c\" data-id=\"a3d20bc\" data-element_type=\"widget\" data-widget_type=\"m5c.default\">\n\t\t\t\t<div class=\"elementor-widget-container\">\n\t\t\t<section class=\"mn-m5-c mn-bg-white\">\n\t<div class=\"mn-grid\">\n\t\t            <div class=\"mn-menu-container mn-grid-3\">\n                <ul class=\"mn-bg-yellow\">\n\t                                        <li>\n                            <a href=\"#\" class=\"active\" data-hash=\"#\">\n                                Pracownicy                            <\/a>\n                        <\/li>\n                                                <li>\n                            <a href=\"#\" class=\"\" data-hash=\"#\">\n                                Publikacje                            <\/a>\n                        <\/li>\n                                                <li>\n                            <a href=\"#\" class=\"\" data-hash=\"#\">\n                                Ksi\u0105\u017cka adresowa                            <\/a>\n                        <\/li>\n                                        <\/ul>\n            <\/div>\n\t        \t\t<div class=\"mn-content mn-grid-8\">\n\t\t\t                <div class=\"mn-content-block active\">\n\t                                                        <div class=\"block-text\">\n\t                                        <p><strong>SEKRETARIAT KATEDRY FIZJOLOGII ZWIERZ\u0104T<br \/><\/strong>tel\/fax: 81 445 69 73 (pok\u00f3j 208) <br \/>email: <a href=\"mailto:fizjologia.zwierzat@up.lublin.pl\">fizjologia.zwierzat at up.lublin.pl<\/a><\/p>\n<table style=\"border-collapse: collapse;width: 100%;height: 543px\">\n<tbody>\n<tr style=\"height: 543px\">\n<td style=\"width: 52.7505%;height: 543px\">\n<p><strong>Kierownik Katedry Fizjologii Zwierz\u0105t<br \/><\/strong>dr hab. Iwona Puzio prof. uczelni<br \/>tel. 81 445 69 32 (pok\u00f3j 209)<\/p>\n<p><strong>Profesorowie<br \/><\/strong>prof. dr hab. Ewa Tomaszewska<br \/>tel. 81 445 69 63 (pok\u00f3j 304 A)<\/p>\n<p><strong>Adiunkci<\/strong><br \/>dr hab. Marek Bie\u0144ko<br \/>tel. 81 445 69 30 (pok\u00f3j 211)<\/p>\n<p>dr hab. Ma\u0142gorzata Kapica<br \/>tel. 81 445 60 77 (pok\u00f3j 307)<\/p>\n<p>dr hab. Sylwester Kowalik<br \/>tel. 81 445 67 95 (pok\u00f3j 321)<\/p>\n<p>dr hab. Rados\u0142aw Radzki<\/p>\n<p>tel. 81 445 60 69<\/p>\n<p>dr Sylwia Szyma\u0144czyk<br \/>tel. 81 445 60 47 (pok\u00f3j 212)<\/p>\n<p>dr hab. Marcin Tatara<br \/>tel. 81 445 69 50) (pok\u00f3j 216)<\/p>\n<\/td>\n<td style=\"width: 47.2495%;height: 543px\">\n<div id=\"wb_Text3\"><strong>Wyk\u0142adowcy<\/strong><br \/>dr Marta Paw\u0142owska-Olszewska<br \/>tel. 81 445 60 47 (pok\u00f3j 320)<\/div>\n<div>\u00a0<\/div>\n<div id=\"wb_Text5\">\n<p><strong>Specjali\u015bci<br \/><\/strong>St. spec. nauk.-techn.<br \/>dr Adam Wasak<br \/>tel. 81 445 65 11 (pok\u00f3j 544)<\/p>\n<p>mgr in\u017c. Ireneusz Banasiewicz<br \/>tel. 81 445 69 73 (pok\u00f3j 208)<\/p>\n<p>mgr in\u017c. Wioletta Gi\u017cka<br \/>tel. 81 445 69 73 (pok\u00f3j 208)<\/p>\n<p>mgr Jolanta Stec<br \/>tel. 81 445 67 68 (pok\u00f3j 306)<\/p>\n<\/div>\n<\/td>\n<\/tr>\n<\/tbody>\n<\/table>\n<p>E-mailem pracownika UP jest adres wg szablonu: imie.nazwisko@up.lublin.pl &#8211; bez polskich znak\u00f3w<br \/>Our employees&#8217; addresses use the scheme as follows: name.surname@up.lublin.pl, no Polish national letters<\/p>\n                                        <\/div>\n\t\t\t\t\t\t                                <\/div>\n\t\t\t\t                <div class=\"mn-content-block\">\n\t                                                        <div class=\"mn-cards-list\">\n                                            <div class=\"mn-card-container\">\n                                                <div>\n                                                    <img src=\"https:\/\/up.lublin.pl\/weterynaria\/wp-content\/themes\/up-lublin\/assets\/images\/doc-ico.svg\" alt=\"\" \/>\n                                                    <h5>Publikacje pracownik\u00f3w Katedry<\/h5>\n                                                <\/div>\n                                                <a href=\"https:\/\/publikacje.up.lublin.pl\/bpp\/jednostka\/Katedra-Fizjologii-Zwierzat\/\" class=\"mn-more\" target=\"_blank\">Zobacz<\/a>\n                                            <\/div>\n                                        <\/div>\n\t\t\t\t\t\t                                <\/div>\n\t\t\t\t                <div class=\"mn-content-block\">\n\t                                                        <div class=\"mn-cards-list\">\n                                            <div class=\"mn-card-container\">\n                                                <div>\n                                                    <img src=\"https:\/\/up.lublin.pl\/weterynaria\/wp-content\/themes\/up-lublin\/assets\/images\/doc-ico.svg\" alt=\"\" \/>\n                                                    <h5>Ksi\u0105\u017cka adresowa Wydzia\u0142u<\/h5>\n                                                <\/div>\n                                                <a href=\"up.lublin.pl\/weterynaria\/wydzial\/struktura-i-pracownicy\/\" class=\"mn-more\" target=\"_blank\">Zobacz<\/a>\n                                            <\/div>\n                                        <\/div>\n\t\t\t\t\t\t                                                        <div class=\"mn-cards-list\">\n                                            <div class=\"mn-card-container\">\n                                                <div>\n                                                    <img src=\"https:\/\/up.lublin.pl\/weterynaria\/wp-content\/themes\/up-lublin\/assets\/images\/doc-ico.svg\" alt=\"\" \/>\n                                                    <h5>Ksi\u0105\u017cka adresowa Uczelni<\/h5>\n                                                <\/div>\n                                                <a href=\"up.lublin.pl\/uniwersytet\/struktura-organizacyjna\/\" class=\"mn-more\" target=\"_blank\">Zobacz<\/a>\n                                            <\/div>\n                                        <\/div>\n\t\t\t\t\t\t                                <\/div>\n\t\t\t\t\t\t<\/div>\n\t<\/div>\n<\/section>\n\t\t<\/div>\n\t\t\t\t<\/div>\n\t\t\t\t\t\t<\/div>\n\t\t\t\t\t<\/div>\n\t\t<\/div>\n\t\t\t\t\t\t\t\t<\/div>\n\t\t\t\t\t<\/div>\n\t\t<\/section>\n\t\t\t\t\t\t<\/div>\n\t\t\t\t\t\t<\/div>\n\t\t\t\t\t<\/div>\n\t\t","protected":false},"excerpt":{"rendered":"<p>Katedra Fizjologii Zwierz\u0105t Katedra UP Wydzia\u0142 Medycyny Weterynaryjnej Pracownicy Publikacje Ksi\u0105\u017cka adresowa SEKRETARIAT KATEDRY FIZJOLOGII ZWIERZ\u0104Ttel\/fax: 81 445 69 73 (pok\u00f3j 208) email: fizjologia.zwierzat at up.lublin.pl Kierownik Katedry Fizjologii Zwierz\u0105tdr hab. Iwona Puzio prof. uczelnitel. 81 445 69 32 (pok\u00f3j 209) Profesorowieprof. dr hab. Ewa Tomaszewskatel. 81 445 69 63 (pok\u00f3j 304 A) Adiunkcidr hab. [&hellip;]<\/p>\n","protected":false},"author":2,"featured_media":0,"parent":147940,"menu_order":0,"comment_status":"closed","ping_status":"closed","template":"elementor_header_footer","meta":{"_monsterinsights_skip_tracking":false,"_monsterinsights_sitenote_active":false,"_monsterinsights_sitenote_note":"","_monsterinsights_sitenote_category":0},"_links":{"self":[{"href":"https:\/\/up.lublin.pl\/weterynaria\/wp-json\/wp\/v2\/pages\/147972"}],"collection":[{"href":"https:\/\/up.lublin.pl\/weterynaria\/wp-json\/wp\/v2\/pages"}],"about":[{"href":"https:\/\/up.lublin.pl\/weterynaria\/wp-json\/wp\/v2\/types\/page"}],"author":[{"embeddable":true,"href":"https:\/\/up.lublin.pl\/weterynaria\/wp-json\/wp\/v2\/users\/2"}],"replies":[{"embeddable":true,"href":"https:\/\/up.lublin.pl\/weterynaria\/wp-json\/wp\/v2\/comments?post=147972"}],"version-history":[{"count":16,"href":"https:\/\/up.lublin.pl\/weterynaria\/wp-json\/wp\/v2\/pages\/147972\/revisions"}],"predecessor-version":[{"id":158078,"href":"https:\/\/up.lublin.pl\/weterynaria\/wp-json\/wp\/v2\/pages\/147972\/revisions\/158078"}],"up":[{"embeddable":true,"href":"https:\/\/up.lublin.pl\/weterynaria\/wp-json\/wp\/v2\/pages\/147940"}],"wp:attachment":[{"href":"https:\/\/up.lublin.pl\/weterynaria\/wp-json\/wp\/v2\/media?parent=147972"}],"curies":[{"name":"wp","href":"https:\/\/api.w.org\/{rel}","templated":true}]}}