{"id":147869,"date":"2021-07-30T09:38:46","date_gmt":"2021-07-30T07:38:46","guid":{"rendered":"https:\/\/up.lublin.pl\/weterynaria\/?page_id=147869"},"modified":"2022-10-13T14:36:12","modified_gmt":"2022-10-13T12:36:12","slug":"radiologia-ultrasonografia","status":"publish","type":"page","link":"https:\/\/up.lublin.pl\/weterynaria\/wydzial\/struktura-i-pracownicy\/chirurgia-zwierzat\/radiologia-ultrasonografia\/","title":{"rendered":"Pracownia Radiologii i Ultrasonografii"},"content":{"rendered":"\t\t<div data-elementor-type=\"wp-page\" data-elementor-id=\"147869\" class=\"elementor elementor-147869\" data-elementor-settings=\"[]\">\n\t\t\t\t\t\t<div class=\"elementor-inner\">\n\t\t\t\t\t\t\t<div class=\"elementor-section-wrap\">\n\t\t\t\t\t\t\t<section class=\"elementor-section elementor-top-section elementor-element elementor-element-09066ef elementor-section-boxed elementor-section-height-default elementor-section-height-default\" data-id=\"09066ef\" data-element_type=\"section\">\n\t\t\t\t\t\t<div class=\"elementor-container elementor-column-gap-default\">\n\t\t\t\t\t\t\t<div class=\"elementor-row\">\n\t\t\t\t\t<div class=\"elementor-column elementor-col-100 elementor-top-column elementor-element elementor-element-6eb543e\" data-id=\"6eb543e\" data-element_type=\"column\">\n\t\t\t<div class=\"elementor-column-wrap elementor-element-populated\">\n\t\t\t\t\t\t\t<div class=\"elementor-widget-wrap\">\n\t\t\t\t\t\t<div class=\"elementor-element elementor-element-1166221 elementor-widget elementor-widget-m2k\" data-id=\"1166221\" data-element_type=\"widget\" data-widget_type=\"m2k.default\">\n\t\t\t\t<div class=\"elementor-widget-container\">\n\t\t\t<section class=\"mn-m2-d mn-bg-green\">\n    <div class=\"mn-grid\">\n        <div class=\"mn-grid-12 mn-introtext\">\n                            <h3>\n                    Pracownia Radiologii i&nbsp;Ultrasonografii                <\/h3>\n                        <\/div>\n    <\/div>\n    <\/section>\n\t\t<\/div>\n\t\t\t\t<\/div>\n\t\t\t\t\t\t<\/div>\n\t\t\t\t\t<\/div>\n\t\t<\/div>\n\t\t\t\t\t\t\t\t<\/div>\n\t\t\t\t\t<\/div>\n\t\t<\/section>\n\t\t\t\t<section class=\"elementor-section elementor-top-section elementor-element elementor-element-e59b53e elementor-section-boxed elementor-section-height-default elementor-section-height-default\" data-id=\"e59b53e\" data-element_type=\"section\">\n\t\t\t\t\t\t<div class=\"elementor-container elementor-column-gap-default\">\n\t\t\t\t\t\t\t<div class=\"elementor-row\">\n\t\t\t\t\t<div class=\"elementor-column elementor-col-100 elementor-top-column elementor-element elementor-element-fe44e96\" data-id=\"fe44e96\" data-element_type=\"column\">\n\t\t\t<div class=\"elementor-column-wrap elementor-element-populated\">\n\t\t\t\t\t\t\t<div class=\"elementor-widget-wrap\">\n\t\t\t\t\t\t<div class=\"elementor-element elementor-element-2e795b6 elementor-widget elementor-widget-m5c\" data-id=\"2e795b6\" data-element_type=\"widget\" data-widget_type=\"m5c.default\">\n\t\t\t\t<div class=\"elementor-widget-container\">\n\t\t\t<section class=\"mn-m5-c mn-bg-white\">\n\t<div class=\"mn-grid\">\n\t\t            <div class=\"mn-menu-container mn-grid-3\">\n                <ul class=\"mn-bg-yellow\">\n\t                                        <li>\n                            <a href=\"#\" class=\"active\" data-hash=\"#dydaktyka\">\n                                Dydaktyka                            <\/a>\n                        <\/li>\n                                                <li>\n                            <a href=\"#\" class=\"\" data-hash=\"#badania\">\n                                Badania                            <\/a>\n                        <\/li>\n                                                <li>\n                            <a href=\"#\" class=\"\" data-hash=\"#historia\">\n                                Historia                            <\/a>\n                        <\/li>\n                                        <\/ul>\n            <\/div>\n\t        \t\t<div class=\"mn-content mn-grid-8\">\n\t\t\t                <div class=\"mn-content-block active\">\n\t                                                        <div class=\"block-text\">\n\t                                        <p>Przedmioty og\u00f3lne:<\/p>\n<ul>\n<li>Diagnostyka obrazowa<\/li>\n<\/ul>\n<p>Fakultety:<\/p>\n<ul>\n<li>Radiologia kliniczna nag\u0142ych przypadk\u00f3w u&nbsp;ma\u0142ych zwierz\u0105t<\/li>\n<li>Badanie usg w&nbsp;ostrych stanach klinicznych<\/li>\n<\/ul>\n<p>Diagnostyka obrazowa<\/p>\n<p>Zalety i&nbsp;ograniczenia, wskazania i&nbsp;przeciwwskazania do wykonywania poszczeg\u00f3lnych technik diagnostyki obrazowej. Ochrona radiologiczna. Budowa i&nbsp;rodzaje aparat\u00f3w rentgenowskich. Zasady badania rentgenowskiego. Obraz zmian patologicznych w&nbsp;klatce piersiowej i&nbsp;jamie brzusznej. Metody bada\u0144 kontrastowych (wady i&nbsp;zalety), Obraz radiologiczny ko\u015bci w&nbsp;okresie osteogenezy i&nbsp;po osi\u0105gni\u0119ciu dojrza\u0142o\u015bci szkieletowej. Z\u0142amanie i&nbsp;gojenie ko\u015bci. Choroby zwyrodnieniowe ko\u015bci i&nbsp;staw\u00f3w. Zapalenie ko\u015bci. Nowotwory ko\u015bci. Przygotowanie pacjenta do badania tomograficznego. Podstawy interpretacji obrazu tomograficznego. Dokumentacja przeprowadzonych bada\u0144. Aparatura, powstawanie obrazu, artefakty w&nbsp;badaniu ultrasonograficznym. Podstawowe zasady badania ultrasonograficznego jamy brzusznej oraz diagnostyka zmian patologicznych w&nbsp;jamie brzusznej. Badanie endoskopowe \u2013 instrumentarium i&nbsp;przygotowanie pacjenta do badania. Podstawowe zasady badania endoskopowego.<\/p>\n<p>Radiologia kliniczna nag\u0142ych przypadk\u00f3w u&nbsp;ma\u0142ych<\/p>\n<p>Zasady badania radiologicznego ma\u0142ych zwierz\u0105t w&nbsp;nag\u0142ych stanach klinicznych. Wyb\u00f3r w\u0142a\u015bciwej metody obrazowania. Pacjent po urazie \u2013 podstawowe zasady diagnostyki obrazowej klatki piersiowej i&nbsp;jamy brzusznej oraz cz\u0119\u015bci osiowej szkieletu.<\/p>\n<p>Badanie usg w&nbsp;ostrych stanach klinicznych<\/p>\n<p>Zasady przygotowania pacjenta do badania w&nbsp;ostrych stanach klinicznych. Specyfika tworzenia obrazu ultrasonograficznego w&nbsp;stanach ostrych. Podstawowe zasady interpretacji wynik\u00f3w i&nbsp;dokumentacji bada\u0144. Wykorzystanie bada\u0144 ultrasonograficznych w&nbsp;onkologii, w&nbsp;stanach pourazowych klatki piersiowej i&nbsp;jamy brzusznej oraz zespole ostrego brzucha.<\/p>\n                                        <\/div>\n\t\t\t\t\t\t                                <\/div>\n\t\t\t\t                <div class=\"mn-content-block\">\n\t                                                        <div class=\"block-text\">\n\t                                        <p>1. Badania radiologiczne i&nbsp;ultrasonograficzne nad rozwojem i&nbsp;inwazj\u0105 proces\u00f3w nowotworowych u&nbsp;zwierz\u0105t, ze szczeg\u00f3lnym uwzgl\u0119dnieniem mo\u017cliwo\u015bci wczesnego rozpoznania i&nbsp;okre\u015blenia stopnia zaawansowania rozleg\u0142o\u015bci proces\u00f3w nowotworowych.<\/p>\n<p>2. Badania nad wyst\u0119powaniem chor\u00f3b okresu dojrzewania szkieletowego zwierz\u0105t domowych b\u0119d\u0105ce kontynuacj\u0105 bada\u0144 z&nbsp;lat poprzednich nad wyst\u0119powaniem niekt\u00f3rych chor\u00f3b u&nbsp;m\u0142odych ps\u00f3w w&nbsp;okresie dojrzewania szkieletowego.<\/p>\n<p>3. Diagnostyka obrazowa chor\u00f3b zwierz\u0105t egzotycznych.<\/p>\n<p>Celem tematu jest poszerzenie mo\u017cliwo\u015bci obrazowo-diagnostycznych chor\u00f3b zwierz\u0105t egzotycznych, kt\u00f3re s\u0105 coraz cz\u0119\u015bciej spotykanymi pacjentami w&nbsp;gabinetach lekarzy weterynarii. Prowadzone badania maj\u0105 pos\u0142u\u017cy\u0107 monitoringowi proces\u00f3w patologicznych i&nbsp;pomy\u015blno\u015bci leczenia wybranych chor\u00f3b u&nbsp;gad\u00f3w.<\/p>\n                                        <\/div>\n\t\t\t\t\t\t                                <\/div>\n\t\t\t\t                <div class=\"mn-content-block\">\n\t                                                        <div class=\"block-text\">\n\t                                        <p><strong>Pracownia Radiologii i&nbsp;Ultrasonografii<\/strong><\/p>\n<div align=\"center\"><strong>Zak\u0142ad Radiologii i&nbsp;Ultrasonografii (2000-2003)<\/strong><\/div>\n<div align=\"center\"><strong>Zak\u0142ad Radiologii Weterynaryjnej (1972 &#8211;\u00a02000)<\/strong><\/div>\n<div align=\"center\">\u00a0<\/div>\n<p>Zak\u0142ad Radiologii Weterynaryjnej zosta\u0142 powo\u0142any jako jednostka dydaktyczno-naukowa w&nbsp;1972 r., po wprowadzeniu w&nbsp;uczelniach pa\u0144stwowych struktury instytutowej. Kierownikiem Zak\u0142adu by\u0142 prof. dr hab. Stanis\u0142aw Koper. We wczesnych latach 60 zosta\u0142a zapocz\u0105tkowana,\u00a0trwaj\u0105ca wiele lat wsp\u00f3\u0142praca naukowa z&nbsp;Katedr\u0105 Radiologii Akademii Medycznej w&nbsp;Lublinie. W&nbsp;1973 r. zosta\u0142a zakupiona nowoczesna &#8211; jak na owe czasy &#8211; aparatura rentgenowska, co poszerzy\u0142o mo\u017cliwo\u015bci naukowe, kliniczno-us\u0142ugowe i&nbsp;dydaktyczne Zak\u0142adu Radiologii. W&nbsp;tych latach rozwini\u0119to z&nbsp;Katedr\u0105 Anatomii Zwierz\u0105t AR wsp\u00f3lne badania nad chorobami u&nbsp;ps\u00f3w (zaburzeniami wegetatywnego uk\u0142adu nerwowego) i&nbsp;ma\u0142ych prze\u017cuwaczy (czynno\u015bci ruchowej przewodu pokarmowego). We wsp\u00f3\u0142pracy z&nbsp;Katedrami Fizjopatologii i&nbsp;Anatomii Patologicznej prowadzono badania nad chorobami uk\u0142adu naczyniowego i&nbsp;patologii narz\u0105dowych u&nbsp;byd\u0142a i&nbsp;\u015bwi\u0144. Bogate kontakty naukowe z&nbsp;zagranicznymi o\u015brodkami naukowymi, w&nbsp;tym g\u0142\u00f3wnie z&nbsp;Uniwersytetem w&nbsp;Turynie\u00a0oraz z&nbsp;Katedr\u0105 Klinicznej Radiologii na Kr\u00f3lewskim Wydziale Weterynaryjnym w&nbsp;Sztokholmie (lata 70 i&nbsp;80) przyczyni\u0142y si\u0119 do rozwoju w&nbsp;Zak\u0142adzie Radiologii i&nbsp;Ultrasonografii bada\u0144 nad chorobami okresu dojrzewania szkieletowego u&nbsp;ps\u00f3w.<\/p>\n<p>23 lipca 2003 na mocy Zarz\u0105dzenia Rektora z&nbsp;samodzielnego Zak\u0142adu Radiologii i&nbsp;Ultrasonografii, kt\u00f3rego kierownikiem od 1972 do 2001 roku by\u0142 prof. dr hab. Stanis\u0142aw Koper, zosta\u0142a utworzona Pracownia Radiologii i&nbsp;Ultrasonografii. W&nbsp;latach 2001-2003 funkcj\u0119 Kuratora Zak\u0142adu pe\u0142ni\u0142 prof. dr hab. Zygmunt Wrona. Z&nbsp;dniem 1 wrze\u015bnia 2003 roku Pracownia Radiologii i&nbsp;Ultrasonografii zosta\u0142a w\u0142\u0105czona w&nbsp;struktur\u0119 Katedry i&nbsp;Kliniki Chirurgii Zwierz\u0105t. Kierownikiem Pracowni w&nbsp;latach 2003-2013 by\u0142a dr Renata Komsta, w&nbsp;2013 r. kierownictwo obj\u0105\u0142 dr Piotr D\u0119biak.<\/p>\n<p>W 2011 roku zainstalowano nowoczesny aparat RTG pracuj\u0105cy w&nbsp;systemie bezpo\u015bredniej radiografii cyfrowej, co wp\u0142yn\u0119\u0142o na wzrost standardu\u00a0wykonywanych bada\u0144 radiologicznych. Pracownia wyposa\u017cona jest w&nbsp;kilka nowoczesnych ultrasonograf\u00f3w. Jednostka wype\u0142nia zadania badawcze oraz w&nbsp;zakresie dydaktyki i&nbsp;dzia\u0142alno\u015bci kliniczne. Obecnie prowadzi specjalizacyjne szkolenie podyplomowe dla lekarzy weterynarii z&nbsp;zakresu radiologii weterynaryjnej.<\/p>\n<p>Pracownicy jednostki bior\u0105 udzia\u0142 w&nbsp;organizowanych na terenie kraju oraz poza jego granicami konferencjach naukowych i&nbsp;szkoleniach, co przyczynia si\u0119 do aktywnego rozwoju naukowego kadry.<\/p>\n<p>Dorobek naukowy Pracowni Radiologii i&nbsp;Ultrasonografii jest zespo\u0142owy i&nbsp;liczy obecnie ponad 150 prac naukowo-badawczych, w&nbsp;kt\u00f3rych obecna jest praca habilitacyjna Stanis\u0142awa Kopera (1971) oraz prace na stopie\u0144 doktora. Prace doktorskie wykonali: Marek\u00a0Mucha (1978), Renata Komsta (2003), Piotr D\u0119biak (2009), Anna \u0141ojszczyk &#8211; Szczepaniak (2013).<\/p>\n<p>Sk\u0142ad osobowy Zak\u0142adu tworzyli r\u00f3wnie\u017c: prof. dr hab. dipl. ECVDI Stanis\u0142aw Koper, dr Marek Mucha, lek. wet. Anita Riha, lek wet. Miros\u0142aw Karpi\u0144ski, lek. wet. Pawe\u0142 Adamczyk, lek. wet. Piotr Barszcz, lek. wet. Leszek Mo\u015b, lek. wet. Anatol Grab\u0142owski, lek. wet. Ryszard Pasterski, lek. wet. Tomasz Dyzma, lek. wet. Agata Surdacka. in\u017c. Halina Kaw\u0119cka-B\u0142ach,\u00a0mgr Ewa Ku\u017ama, tech. wet. Miros\u0142aw Golasi\u0144ski, mgr in\u017c. Ma\u0142gorzata Pa\u0142ys.<\/p>\n                                        <\/div>\n\t\t\t\t\t\t                                <\/div>\n\t\t\t\t\t\t<\/div>\n\t<\/div>\n<\/section>\n\t\t<\/div>\n\t\t\t\t<\/div>\n\t\t\t\t\t\t<\/div>\n\t\t\t\t\t<\/div>\n\t\t<\/div>\n\t\t\t\t\t\t\t\t<\/div>\n\t\t\t\t\t<\/div>\n\t\t<\/section>\n\t\t\t\t\t\t<\/div>\n\t\t\t\t\t\t<\/div>\n\t\t\t\t\t<\/div>\n\t\t","protected":false},"excerpt":{"rendered":"<p>Pracownia Radiologii i&nbsp;Ultrasonografii UP Wydzia\u0142 Medycyny Weterynaryjnej Dydaktyka Badania Historia Przedmioty og\u00f3lne: Diagnostyka obrazowa Fakultety: Radiologia kliniczna nag\u0142ych przypadk\u00f3w u&nbsp;ma\u0142ych zwierz\u0105t Badanie usg w&nbsp;ostrych stanach klinicznych Diagnostyka obrazowa Zalety i&nbsp;ograniczenia, wskazania i&nbsp;przeciwwskazania do wykonywania poszczeg\u00f3lnych technik diagnostyki obrazowej. Ochrona radiologiczna. Budowa i&nbsp;rodzaje aparat\u00f3w rentgenowskich. Zasady badania rentgenowskiego. Obraz zmian patologicznych w&nbsp;klatce piersiowej i&nbsp;jamie brzusznej. Metody [&hellip;]<\/p>\n","protected":false},"author":2,"featured_media":0,"parent":147758,"menu_order":0,"comment_status":"closed","ping_status":"closed","template":"elementor_header_footer","meta":{"_monsterinsights_skip_tracking":false,"_monsterinsights_sitenote_active":false,"_monsterinsights_sitenote_note":"","_monsterinsights_sitenote_category":0},"_links":{"self":[{"href":"https:\/\/up.lublin.pl\/weterynaria\/wp-json\/wp\/v2\/pages\/147869"}],"collection":[{"href":"https:\/\/up.lublin.pl\/weterynaria\/wp-json\/wp\/v2\/pages"}],"about":[{"href":"https:\/\/up.lublin.pl\/weterynaria\/wp-json\/wp\/v2\/types\/page"}],"author":[{"embeddable":true,"href":"https:\/\/up.lublin.pl\/weterynaria\/wp-json\/wp\/v2\/users\/2"}],"replies":[{"embeddable":true,"href":"https:\/\/up.lublin.pl\/weterynaria\/wp-json\/wp\/v2\/comments?post=147869"}],"version-history":[{"count":10,"href":"https:\/\/up.lublin.pl\/weterynaria\/wp-json\/wp\/v2\/pages\/147869\/revisions"}],"predecessor-version":[{"id":155601,"href":"https:\/\/up.lublin.pl\/weterynaria\/wp-json\/wp\/v2\/pages\/147869\/revisions\/155601"}],"up":[{"embeddable":true,"href":"https:\/\/up.lublin.pl\/weterynaria\/wp-json\/wp\/v2\/pages\/147758"}],"wp:attachment":[{"href":"https:\/\/up.lublin.pl\/weterynaria\/wp-json\/wp\/v2\/media?parent=147869"}],"curies":[{"name":"wp","href":"https:\/\/api.w.org\/{rel}","templated":true}]}}