{"id":147758,"date":"2021-07-30T08:46:30","date_gmt":"2021-07-30T06:46:30","guid":{"rendered":"https:\/\/up.lublin.pl\/weterynaria\/?page_id=147758"},"modified":"2022-10-13T14:36:47","modified_gmt":"2022-10-13T12:36:47","slug":"chirurgia-zwierzat","status":"publish","type":"page","link":"https:\/\/up.lublin.pl\/weterynaria\/wydzial\/struktura-i-pracownicy\/chirurgia-zwierzat\/","title":{"rendered":"Katedra i Klinika Chirurgii Zwierz\u0105t"},"content":{"rendered":"\t\t<div data-elementor-type=\"wp-page\" data-elementor-id=\"147758\" class=\"elementor elementor-147758\" data-elementor-settings=\"[]\">\n\t\t\t\t\t\t<div class=\"elementor-inner\">\n\t\t\t\t\t\t\t<div class=\"elementor-section-wrap\">\n\t\t\t\t\t\t\t<section class=\"elementor-section elementor-top-section elementor-element elementor-element-f452344 elementor-section-boxed elementor-section-height-default elementor-section-height-default\" data-id=\"f452344\" data-element_type=\"section\">\n\t\t\t\t\t\t<div class=\"elementor-container elementor-column-gap-default\">\n\t\t\t\t\t\t\t<div class=\"elementor-row\">\n\t\t\t\t\t<div class=\"elementor-column elementor-col-100 elementor-top-column elementor-element elementor-element-68a4cfb\" data-id=\"68a4cfb\" data-element_type=\"column\">\n\t\t\t<div class=\"elementor-column-wrap elementor-element-populated\">\n\t\t\t\t\t\t\t<div class=\"elementor-widget-wrap\">\n\t\t\t\t\t\t<div class=\"elementor-element elementor-element-258d084 elementor-widget elementor-widget-m2k\" data-id=\"258d084\" data-element_type=\"widget\" data-widget_type=\"m2k.default\">\n\t\t\t\t<div class=\"elementor-widget-container\">\n\t\t\t<section class=\"mn-m2-d mn-bg-green\">\n    <div class=\"mn-grid\">\n        <div class=\"mn-grid-12 mn-introtext\">\n                            <h3>\n                    Katedra i&nbsp;Klinika Chirurgii Zwierz\u0105t                <\/h3>\n                        <\/div>\n    <\/div>\n    <\/section>\n\t\t<\/div>\n\t\t\t\t<\/div>\n\t\t\t\t\t\t<\/div>\n\t\t\t\t\t<\/div>\n\t\t<\/div>\n\t\t\t\t\t\t\t\t<\/div>\n\t\t\t\t\t<\/div>\n\t\t<\/section>\n\t\t\t\t<section class=\"elementor-section elementor-top-section elementor-element elementor-element-b029e0f elementor-section-boxed elementor-section-height-default elementor-section-height-default\" data-id=\"b029e0f\" data-element_type=\"section\">\n\t\t\t\t\t\t<div class=\"elementor-container elementor-column-gap-default\">\n\t\t\t\t\t\t\t<div class=\"elementor-row\">\n\t\t\t\t\t<div class=\"elementor-column elementor-col-100 elementor-top-column elementor-element elementor-element-ed19aac\" data-id=\"ed19aac\" data-element_type=\"column\">\n\t\t\t<div class=\"elementor-column-wrap elementor-element-populated\">\n\t\t\t\t\t\t\t<div class=\"elementor-widget-wrap\">\n\t\t\t\t\t\t<div class=\"elementor-element elementor-element-b64e6b5 elementor-widget elementor-widget-m5c\" data-id=\"b64e6b5\" data-element_type=\"widget\" data-widget_type=\"m5c.default\">\n\t\t\t\t<div class=\"elementor-widget-container\">\n\t\t\t<section class=\"mn-m5-c mn-bg-white\">\n\t<div class=\"mn-grid\">\n\t\t            <div class=\"mn-menu-container mn-grid-3\">\n                <ul class=\"mn-bg-yellow\">\n\t                                        <li>\n                            <a href=\"#\" class=\"active\" data-hash=\"#dydaktyka\">\n                                Dydaktyka                            <\/a>\n                        <\/li>\n                                                <li>\n                            <a href=\"#\" class=\"\" data-hash=\"#badania\">\n                                Badania                            <\/a>\n                        <\/li>\n                                                <li>\n                            <a href=\"#\" class=\"\" data-hash=\"#historia\">\n                                Historia                            <\/a>\n                        <\/li>\n                                                <li>\n                            <a href=\"#\" class=\"\" data-hash=\"#oferta\">\n                                Oferta                            <\/a>\n                        <\/li>\n                                        <\/ul>\n            <\/div>\n\t        \t\t<div class=\"mn-content mn-grid-8\">\n\t\t\t                <div class=\"mn-content-block active\">\n\t                                                        <div class=\"block-text\">\n\t                                        <p>W Katedrze i&nbsp;Klinice Chirurgii Zwierz\u0105t prowadzone s\u0105 zaj\u0119cia dydaktyczne z&nbsp;nast\u0119puj\u0105cych przedmiot\u00f3w:<\/p>\n<ul>\n<li>anestezjologia i&nbsp;chirurgia og\u00f3lna,<\/li>\n<li>chirurgia operacyjna zwierz\u0105t w&nbsp;ramach modu\u0142\u00f3w gatunkowych,<\/li>\n<li>okulistyka,<\/li>\n<li>stomatologia,<\/li>\n<li>ortopedia<\/li>\n<li>radiologia<\/li>\n<\/ul>\n<p>Jako przedmioty fakultatywne prowadzone s\u0105:<\/p>\n<ul>\n<li>onkologia,<\/li>\n<li>biomateria\u0142y,<\/li>\n<li>neurologia i&nbsp;elementy neurochirurgii<\/li>\n<\/ul>\n<p>\u0106wiczenia prowadzone s\u0105 w&nbsp;przewa\u017caj\u0105cej cz\u0119\u015bci na materiale klinicznym. Studenci V&nbsp;i VI roku odbywaj\u0105 sta\u017ce kliniczne stanowi\u0105ce praktyczne uzupe\u0142nienie \u0107wicze\u0144.<\/p>\n<p>Na Wydziale Biologii i&nbsp;Hodowli Zwierz\u0105t, kierunku Hipologia i&nbsp;Je\u017adziectwo, na studiach stacjonarnych II stopnia pracownicy Katedry prowadz\u0105 zaj\u0119cia z&nbsp;przedmiotu Pierwsza pomoc weterynaryjna.<\/p>\n<p>Opr\u00f3cz wielu wcze\u015bniej wydanych pozycji podr\u0119cznikowych do cennych materia\u0142\u00f3w opublikowanych w&nbsp;ostatnim okresie, pomocnych w&nbsp;dydaktyce nale\u017cy wliczy\u0107<\/p>\n<ul>\n<li>Anestezjologi\u0119 zwierz\u0105t domowych i&nbsp;laboratoryjnych prof. dr hab. Edwarda Komara,<\/li>\n<li>Kucie kopyt koni ze wsp\u00f3\u0142autorstwem prof. dr hab. Piotra Silmanowicza<\/li>\n<li>jak r\u00f3wnie\u017c liczne publikacje o&nbsp;charakterze praktycznym w&nbsp;krajowych i&nbsp;zagranicznych czasopismach zawodowych. Dr Aleksandra Sobczy\u0144ska-Rak jest wsp\u00f3\u0142autorem podr\u0119cznika \u2013 Tumor angiogensis, z&nbsp;zakresu onkologii dotycz\u0105cego neoangiogenezy.<\/li>\n<\/ul>\n                                        <\/div>\n\t\t\t\t\t\t                                                        <ul class=\"mn-accordion\">\n                                            <li>\n                                                <h4 class=\"mn-accordion-title\">Pracownia Radiologii i&nbsp;Ultrasonografii <\/h4>\n                                                <div>\n\t\t\t\t\t\t\t\t\t                <p>Jednostka wype\u0142nia zadania w&nbsp;zakresie dydaktyki i&nbsp;dzia\u0142alno\u015bci klinicznej. Prowadzi specjalizacyjne szkolenie podyplomowe dla lekarzy weterynarii z&nbsp;zakresu Radiologii Weterynaryjnej.<\/p>\n                                                <\/div>\n                                            <\/li>\n                                        <\/ul>\n\t\t\t\t\t\t                                                        <ul class=\"mn-accordion\">\n                                            <li>\n                                                <h4 class=\"mn-accordion-title\">Pliki Word i&nbsp;Power Point do pobrania<\/h4>\n                                                <div>\n\t\t\t\t\t\t\t\t\t                                                                <\/div>\n                                            <\/li>\n                                        <\/ul>\n\t\t\t\t\t\t                                <\/div>\n\t\t\t\t                <div class=\"mn-content-block\">\n\t                                                        <div class=\"block-text\">\n\t                                        <div class=\"post1\">\n<p align=\"center\"><strong>Katedra i&nbsp;Klinika Chirurgii Zwierz\u0105t<\/strong><\/p>\n<p>Analiza dorobku naukowo-badawczego pracownik\u00f3w Katedry i&nbsp;Kliniki Chirurgii Zwierz\u0105t\u00a0pozwala na wyodr\u0119bnienie nast\u0119puj\u0105cych dziedzin bada\u0144:<\/p>\n<div>&#8211; chirurgii operacyjnej, eksperymentalnej i&nbsp;biomateria\u0142\u00f3w,<\/div>\n<div>&#8211; ortopedii,<\/div>\n<div>&#8211; okulistyki,<\/div>\n<div>&#8211; anestezjologii,<\/div>\n<div>&#8211; stomatologii,<\/div>\n<div>&#8211; onkologii, \u00a0<\/div>\n<div>&#8211; neurologii.<\/div>\n<p>\u00a0\u00a0\u00a0\u00a0\u00a0\u00a0\u00a0\u00a0\u00a0\u00a0\u00a0 W&nbsp;okresie ostatniego dziesi\u0119ciolecia badano nowo wprowadzane \u015brodki do sedacji i&nbsp;znieczulania zwierz\u0105t.<\/p>\n<p>W ramach dzia\u0142alno\u015bci statutowej\u00a0realizowano tematy o&nbsp;du\u017cej warto\u015bci aplikacyjnej. Nale\u017cy wliczy\u0107 do nich\u00a0badania:<\/p>\n<p>a\/ dotycz\u0105ce najnowszych metod leczenia powik\u0142a\u0144 w&nbsp;gojeniu z\u0142ama\u0144 ko\u015bci d\u0142ugich,<\/p>\n<p>b\/ nad diagnostyk\u0105 i&nbsp;leczeniem chor\u00f3b spoj\u00f3wek i&nbsp;rog\u00f3wki oraz wyst\u0119powaniem i&nbsp;diagnostyk\u0105 wrodzonych chor\u00f3b narz\u0105du wzroku,<\/p>\n<p>\u00a0c\/ nad wykorzystaniem nowoczesnych technik i&nbsp;\u015brodk\u00f3w leczniczych w&nbsp;chirurgii klinicznej, w&nbsp;kt\u00f3rych uwzgl\u0119dniono &#8211; metody leczenia chor\u00f3b przyz\u0119bia u&nbsp;zwierz\u0105t mi\u0119so\u017cernych, post\u0119powanie i&nbsp;rozpoznawanie chor\u00f3b przewodu pokarmowego z&nbsp;zastosowaniem technik endoskopowych, zastosowanie nowych biomateria\u0142\u00f3w\u00a0w leczeniu z\u0142ama\u0144 ko\u015bci i&nbsp;chorobach przyz\u0119bia, a&nbsp;tak\u017ce w&nbsp;gojeniu ubytk\u00f3w krytycznych\u00a0\u00a0 ko\u015bci i&nbsp;chrz\u0105stki stawowej\u00a0u ps\u00f3w oraz u\u00a0\u00a0 zwierz\u0105t nieudomowionych.<\/p>\n<p>Poka\u017any dorobek\u00a0pracownik\u00f3w Kliniki stanowi\u0105 badania nad procesami nowotworowymi u&nbsp;zwierz\u0105t, a&nbsp;tak\u017ce analiza sekwencji DNA w&nbsp;tkankach zdrowych i&nbsp;chorobowo zmienionych u&nbsp;ps\u00f3w. Badania kierowane przez dr Adama Brodzkiego nad skuteczno\u015bci\u0105 leczenia farmakologicznego i&nbsp;chirurgicznego nowotwor\u00f3w hormonozale\u017cnych w&nbsp;zale\u017cno\u015bci od wynik\u00f3w bada\u0144 laboratoryjnych uzyska\u0142y\u00a0grant MN i&nbsp;SZW.\u00a0Na\u00a0badania dotycz\u0105ce dwufazowego spr\u0119\u017cystego\u00a0biomateria\u0142u\u00a0ko\u015bciozast\u0119pczego w&nbsp;badaniach in vivo grant MN i&nbsp;SZW uzyska\u0142a dr hab. Izabela Polkowska. Realizowano tak\u017ce we wsp\u00f3\u0142pracy z&nbsp;AGH z&nbsp;Katedr\u0105 Bimateria\u0142\u00f3w AGH grant dotycz\u0105cy resorbowalnych biomateria\u0142\u00f3w polimerowych do regeneracji tkanki kostnej.<\/p>\n<div align=\"center\">\u00a0<\/div>\n<div align=\"center\"><strong>Pracownia Radiologii i&nbsp;Ultrasonografii<\/strong><\/div>\n<div>\u00a0<\/div>\n<p>Obecny kierunek bada\u0144 jednostki obejmuje zakres chor\u00f3b dojrzewania szkieletowego u&nbsp;ps\u00f3w. Prowadzone s\u0105 badania rentgenometryczne uk\u0142adu kostnego. W&nbsp;obszarze zainteresowa\u0144 naukowych pracownik\u00f3w znajduj\u0105 si\u0119 r\u00f3wnie\u017c badania nad rozwojem \u00a0\u00a0\u00a0\u00a0\u00a0\u00a0\u00a0\u00a0\u00a0\u00a0\u00a0\u00a0\u00a0\u00a0\u00a0\u00a0\u00a0\u00a0\u00a0\u00a0\u00a0i inwazj\u0105 tkanek przez procesy nowotworowe u&nbsp;zwierz\u0105t, szczeg\u00f3lnie nowotwor\u00f3w j\u0105der i&nbsp;gruczo\u0142u krokowego. Trwaj\u0105 prace w&nbsp;zakresie bada\u0144 obrazowych chor\u00f3b zwierz\u0105t egzotycznych. Pracownicy bior\u0105 udzia\u0142 w&nbsp;organizowanych na terenie kraju oraz poza jego granicami konferencjach naukowych i&nbsp;szkoleniach. Z&nbsp;zakresu ultrasonografii kwalifikacje podnoszono min. w&nbsp;trakcie szkole\u0144 organizowanych przez PTU. Wyniki bada\u0144 prezentowano w\u0142asnych podczas europejskich spotka\u0144 European Veterinary Diagnostic Imaging\u00a0 (Ghent 2004, Monachium 2005, Giessen 2010, Londyn 2011, Cascais 2013). Owocem kontakt\u00f3w z&nbsp;zagranicznymi o\u015brodkami naukowymi s\u0105 odbyte sta\u017ce na Wydziale Weterynaryjnym Szwedzkiego Uniwersytetu Nauk Rolniczych w&nbsp;Uppsali (dr Renata Komsta 2010, dr Anna \u0141ojszczyk &#8211; Szczepaniak 2013).<\/p>\n<\/div>\n<div class=\"post1\">\n<p>\u00a0<\/p>\n<p><strong>G\u0142\u00f3wne kierunki bada\u0144: <\/strong><\/p>\n<p>mo\u017cliwo\u015b\u0107 stosowania akupunktury w&nbsp;lecznictwie zwierz\u0105t; efektywno\u015b\u0107 leczenia chor\u00f3b przewodu pokarmowego u&nbsp;koni; nowe metody znieczule\u0144 u&nbsp;ps\u00f3w i&nbsp;koni; etiopatogeneza i&nbsp;leczenie chor\u00f3b spoj\u00f3wek i&nbsp;rog\u00f3wki; nowoczesne sposoby leczenia nast\u0119pstw wypadk\u00f3w (z\u0142amania ko\u015bci, rany). Badania terenowe nad wyst\u0119powaniem i&nbsp;terapi\u0105 z.z.o; badania wstrz\u0105su pourazowego u&nbsp;ps\u00f3w; badania przydatno\u015bci nici i&nbsp;ta\u015bm w\u0119glowych w&nbsp;praktyce; choroby &#8220;neo&#8221; w&nbsp;praktyce ma\u0142ych zwierz\u0105t. <\/p>\n<p><strong>Osi\u0105gni\u0119cia: <\/strong><\/p>\n<p>wprowadzono w\u0142asn\u0105 metod\u0119 zamykania kana\u0142u pachwinowego; opracowano spos\u00f3b post\u0119powania przy przerwaniu przegrody nosowej; zastosowano lu\u017ane magnesy do zapobiegania urazowemu zapaleniu czepca i&nbsp;otrzewnej; opracowano metody leczenia otwartych ran jam maziowych; wprowadzono nowoczesne metody znieczule\u0144 zwierz\u0105t oraz nowe sposoby leczenia z\u0142ama\u0144 ko\u015bci.<\/p>\n<\/div>\n                                        <\/div>\n\t\t\t\t\t\t                                <\/div>\n\t\t\t\t                <div class=\"mn-content-block\">\n\t                                                        <div class=\"block-text\">\n\t                                        <p>Klinika chirurgiczna wyodr\u0119bni\u0142a si\u0119 w&nbsp;1945 roku z&nbsp;Polikliniki Weterynaryjnej zorganizowanej 1 kwietnia 1945 roku przez lek. wet. W\u0142adys\u0142awa Bili\u0144skiego i&nbsp;Wac\u0142awa Patyr\u0119 przy wsp\u00f3\u0142udziale lek. wet. Rudolfa Kurczaka. Kierownikiem jej zosta\u0142 mianowany podpu\u0142kownik lek. wet. Franciszek Klepaczko, kt\u00f3ry od marca 1945 roku prowadzi\u0142 wyk\u0142ady i&nbsp;\u0107wiczenia z&nbsp;zakresu weterynarii wojskowej. Po jego przej\u015bciu na emerytur\u0119 w&nbsp;1961 roku kierownictwo katedry i&nbsp;Kliniki obj\u0105\u0142 doc. dr Mieczys\u0142aw Lewandowski.<\/p>\n<p>Pocz\u0105tkowo Katedra zajmowa\u0142a cz\u0119\u015b\u0107 budynku przy Al. Rac\u0142awickich 9. W&nbsp;1958 roku Katedr\u0119 i&nbsp;Klinik\u0119 przeniesiono do nowych budynk\u00f3w przy ul. G\u0142\u0119bokiej.<\/p>\n<p>Zaj\u0119cia dydaktyczne prowadzone s\u0105 w&nbsp;formie \u0107wicze\u0144 klinicznych, w&nbsp;kt\u00f3rych materia\u0142em s\u0105 chore zwierz\u0119ta leczone ambulatoryjne i&nbsp;stacjonarnie. W&nbsp;klinice studenci odbywaj\u0105 sta\u017ce, kt\u00f3re stanowi\u0105 praktyczne uzupe\u0142nienie \u0107wicze\u0144.<\/p>\n<p>\u0106wiczenia programowe w&nbsp;Katedrze i&nbsp;Klinice Chirurgii Zwierz\u0105t prowadzone s\u0105 na III, IV, V&nbsp;i VI roku studi\u00f3w. Tematyka \u0107wicze\u0144 obejmuje anestezjologi\u0119 i&nbsp;intensywn\u0105 terapi\u0119, chirurgi\u0119 operacyjn\u0105, stomatologi\u0119, okulistyk\u0119, onkologi\u0119 i&nbsp;ortopedi\u0119. Przedmiotem wyk\u0142adowym nie obj\u0119tym programem \u0107wicze\u0144 jest neurologia.<\/p>\n<p>Problematyka badawcza obejmuje prace nad wyst\u0119powaniem, patogenez\u0105, rozpoznawaniem i&nbsp;leczeniem chor\u00f3b chirurgicznych zwierz\u0105t gospodarskich i&nbsp;towarzysz\u0105cych. Analiza kilkudziesi\u0119cioletniego dorobku naukowo-badawczego pracownik\u00f3w Kliniki pozwala na wyodr\u0119bnienie nast\u0119puj\u0105cych dziedzin bada\u0144: Chirurgii (operacyjnej i&nbsp;eksperymentalnej), ortopedii, okulistyki, anestezjologii, onkologii i&nbsp;innych.<\/p>\n<p>Pierwsze prace badawcze z&nbsp;zakresu Chirurgii operacyjnej dotyczy\u0142y udoskonalenia technik operacyjnych i&nbsp;leczenia zachowawczego oraz wprowadzania do praktyki klinicznej nowych \u015brodk\u00f3w farmakologicznych. Do praktycznych osi\u0105gni\u0119\u0107 zaliczy\u0107 nale\u017cy opracowanie nowej metody zamkni\u0119cia kana\u0142u pachwinowego. Licz\u0105cym si\u0119 faktem by\u0142o wprowadzenie do praktyki klinicznej nowej metody trzebienia knur\u00f3w, opracowanie sposobu post\u0119powania przy przerwaniu przegrody nosowej u&nbsp;buhaj\u00f3w za pomoc\u0105 zastosowania szwu odroczonego. Do prac wnosz\u0105cych du\u017cy wk\u0142ad praktyczny nale\u017c\u0105 badania dotycz\u0105ce: profilaktycznego stosowania lu\u017anych magnes\u00f3w w&nbsp;zapobieganiu chorobom przed\u017co\u0142\u0105dk\u00f3w u&nbsp;prze\u017cuwaczy, gojenia si\u0119 ran \u017cwacza a&nbsp;tak\u017ce pow\u0142ok brzusznych po rumenotomii. <\/p>\n<p>W wymienionym okresie zesp\u00f3\u0142 Kliniki Chirurgicznej wykona\u0142 liczne prace naukowo-badawcze z&nbsp;zakresu chirurgii eksperymentalnej, kt\u00f3re by\u0142y realizowane samodzielnie lub we wsp\u00f3\u0142pracy z&nbsp;Katedrami i&nbsp;Zak\u0142adami Wydzia\u0142u Medycyny Weterynaryjnej, a&nbsp;tak\u017ce spoza uczelnianymi o\u015brodkami naukowo-badawczymi. We wsp\u00f3\u0142pracy z&nbsp;Akademi\u0105 Medyczn\u0105 wykonano badania dotycz\u0105ce: formowania si\u0119 kr\u0105\u017cenia obocznego przy niedro\u017cno\u015bci \u017cy\u0142y czczej dog\u0142owowej u&nbsp;ps\u00f3w, motoryki przewodu pokarmowego po wagotomii u&nbsp;ps\u00f3w, wp\u0142ywu i&nbsp;reakcji organizmu na zespolenie narz\u0105d\u00f3w wewn\u0119trznych oraz mo\u017cliwo\u015bci stosowania klej\u00f3w cyjanoakrylowych w&nbsp;zabiegach kosmetycznych u&nbsp;zwierz\u0105t, sposob\u00f3w wgajania si\u0119 protez naczyniowych dwustronnie welurowych typu Dallon, wskaza\u0144 do stosowania no\u017ca ultrad\u017awi\u0119kowego w&nbsp;chirurgii, a&nbsp;tak\u017ce przyczyn i&nbsp;warunk\u00f3w rozwoju ARDS. Nawi\u0105zano tak\u017ce wsp\u00f3\u0142prac\u0119 z&nbsp;AGH w&nbsp;Krakowie w&nbsp;celu opracowania i&nbsp;wprowadzenia do praktyki klinicznej nowych materia\u0142\u00f3w biomedycznych z&nbsp;w\u0142\u00f3kien w\u0119glowych, ich kompozyt\u00f3w oraz hydroksyapatytu.<\/p>\n<p>Du\u017ce zainteresowanie w&nbsp;kraju i&nbsp;za granic\u0105 zyska\u0142y badania kliniczne i&nbsp;eksperymentalne z&nbsp;zakresu ortopedii. Na szczeg\u00f3lne wyr\u00f3\u017cnienie zas\u0142uguj\u0105 prace Profesora Lewandowskiego dotycz\u0105ce wyst\u0119powania i&nbsp;leczenia szczud\u0142owato\u015bci u&nbsp;\u017arebi\u0105t poprzez tenotomi\u0119 g\u0142owy wsporowej. Opracowano i&nbsp;wdro\u017cono do praktycznego stosowania metod\u0119 leczenia przypadk\u00f3w pora\u017cenia nerwu udowego w&nbsp;powik\u0142aniach mi\u0119\u015bniochwatu pora\u017cennego koni. Du\u017ce praktyczne znaczenie wnosi\u0142o opracowanie nowej metody leczenia otwartych ran jam maziowych. Liczne s\u0105 cytowania dotycz\u0105ce bada\u0144 Lipi\u0144skiej i&nbsp;wsp. nad rol\u0105 kompwets\u00f3w immunologicznych w&nbsp;przebiegu zapalenia stawu u&nbsp;\u015bwi\u0144 immunizowanych i&nbsp;nieimmunizowanych w\u0142oskowcem r\u00f3\u017cycy oraz wirusem choroby Aujeszky\u2019ego. <\/p>\n<p>W\u015br\u00f3d istotnych osi\u0105gni\u0119\u0107 nale\u017cy wymieni\u0107 badania nad zastosowaniem niskich temperatur. Krioterapi\u0119 stosowano w&nbsp;leczeniu raka strza\u0142ki i&nbsp;podeszwy u&nbsp;koni, wrzod\u00f3w podeszwy u&nbsp;byd\u0142a, trudno goj\u0105cych si\u0119 ran i&nbsp;ziarniniak\u00f3w, nowotwor\u00f3w a&nbsp;tak\u017ce w&nbsp;niekt\u00f3rych chorobach oczu.<\/p>\n<p>Wykonano r\u00f3wnie\u017c badania kliniczne nad wykorzystaniem metody \u201eZespol\u201d w&nbsp;leczeniu z\u0142ama\u0144 ko\u015bci d\u0142ugich u&nbsp;ps\u00f3w.<\/p>\n<p>Warunkiem koniecznym do wprowadzania nowych technik by\u0142 post\u0119p w&nbsp;anestezjologii. Post\u0119p ten dobitnie odzwierciedla zakres i&nbsp;metodyka prac badawczych w&nbsp;latach 50. Zajmowano si\u0119 wtedy g\u0142\u00f3wnie wp\u0142ywem pochodnych chloropromazyny na organizm r\u00f3\u017cnych gatunk\u00f3w zwierz\u0105t. Nast\u0119pne prace dotycz\u0105 barbituran\u00f3w oraz skojarzonego dzia\u0142ania benzodwuazepin. Prace naukowe z&nbsp;dziedziny anestezjologii z&nbsp;racji coraz wi\u0119kszego potencja\u0142u badawczego nabieraj\u0105 w&nbsp;latach 70. i&nbsp;80 charakteru bada\u0144 kompleksowych. Do osi\u0105gni\u0119\u0107 znacznie poszerzaj\u0105cych wiedz\u0119 o&nbsp;lekach anestezjologicznych nale\u017ca\u0142y badania dotycz\u0105ce stosowania \u015brodk\u00f3w sterydowych i&nbsp;ketaminy u&nbsp;zwierz\u0105t domowych i&nbsp;wolno\u017cyj\u0105cych. Na specjaln\u0105 uwag\u0119 zas\u0142uguj\u0105 prace dotycz\u0105ce neuroleptanalgezjii, akupunktury oraz stosowania pr\u0105du elektrycznego do znieczulania owiec i&nbsp;ps\u00f3w. Du\u017c\u0105 uwag\u0119 zwracano na opracowanie znieczule\u0144 rdzeniowych umo\u017cliwiaj\u0105cych wykonywanie operacji u&nbsp;pacjent\u00f3w w&nbsp;z\u0142ym stanie og\u00f3lnym. W&nbsp;ostatnim okresie zajmowano si\u0119 badaniami hemodynamicznymi i&nbsp;gazometrycznymi w&nbsp;przebiegu znieczulenia propofolem. <\/p>\n<p>Obecnie w&nbsp;Katedrze i&nbsp;Klinice Chirurgii Zwierz\u0105t prowadzi si\u0119 badania nad leczeniem powik\u0142a\u0144 pooperacyjnych ko\u015bci d\u0142ugich przy u\u017cyciu stabilizator\u00f3w zewn\u0119trznych u&nbsp;ma\u0142ych zwierz\u0105t, sposobami post\u0119powania i&nbsp;leczenia w&nbsp;z\u0142amaniach ko\u015bci d\u0142ugich u&nbsp;ptak\u00f3w nieudomowionych, warunkami gojenia si\u0119 wrzod\u00f3w rog\u00f3wki u&nbsp;ma\u0142ych zwierz\u0105t i&nbsp;diagnostyk\u0105 i&nbsp;terapi\u0105 przewlek\u0142ego powierzchownego zapalenia rog\u00f3wki oraz suchego zapalenia spoj\u00f3wek i&nbsp;rog\u00f3wki, mechanizmami i&nbsp;sposobami leczenia paradontopatii i&nbsp;wykorzystania r\u00f3\u017cnych aparat\u00f3w do ortodontycznego leczenia wad zgryzu.<\/p>\n<p>W coraz wi\u0119kszym stopniu wprowadza si\u0119 do praktyki klinicznej oraz do bada\u0144 naukowych chirurgi\u0119 ma\u0142oinwazyjn\u0105 \u2013 endoskopow\u0105 oraz artroskopow\u0105.<\/p>\n<p>Poza licznymi osi\u0105gni\u0119ciami na polu naukowo-badawczym o&nbsp;rozwoju Katedry i&nbsp;Kliniki Chirurgicznej na przestrzeni lat \u015bwiadczy sta\u0142y wzrost liczby pacjent\u00f3w, a&nbsp;tak\u017ce ci\u0105g\u0142e poszerzanie zakresu us\u0142ug.<\/p>\n                                        <\/div>\n\t\t\t\t\t\t                                <\/div>\n\t\t\t\t                <div class=\"mn-content-block\">\n\t                                                        <div class=\"mn-cards-list\">\n                                            <div class=\"mn-card-container\">\n                                                <div>\n                                                    <img src=\"https:\/\/up.lublin.pl\/weterynaria\/wp-content\/themes\/up-lublin\/assets\/images\/doc-ico.svg\" alt=\"\" \/>\n                                                    <h5>Us\u0142ugi Katedry<\/h5>\n                                                <\/div>\n                                                <a href=\"https:\/\/up.lublin.pl\/uslugi\/klinika-weterynaryjna\/katedra-i-klinika-chirurgii-zwierzat\/\" class=\"mn-more\" target=\"_blank\">Zobacz<\/a>\n                                            <\/div>\n                                        <\/div>\n\t\t\t\t\t\t                                <\/div>\n\t\t\t\t\t\t<\/div>\n\t<\/div>\n<\/section>\n\t\t<\/div>\n\t\t\t\t<\/div>\n\t\t\t\t\t\t<\/div>\n\t\t\t\t\t<\/div>\n\t\t<\/div>\n\t\t\t\t\t\t\t\t<\/div>\n\t\t\t\t\t<\/div>\n\t\t<\/section>\n\t\t\t\t\t\t<\/div>\n\t\t\t\t\t\t<\/div>\n\t\t\t\t\t<\/div>\n\t\t","protected":false},"excerpt":{"rendered":"<p>Katedra i&nbsp;Klinika Chirurgii Zwierz\u0105t UP Wydzia\u0142 Medycyny Weterynaryjnej Dydaktyka Badania Historia Oferta W Katedrze i&nbsp;Klinice Chirurgii Zwierz\u0105t prowadzone s\u0105 zaj\u0119cia dydaktyczne z&nbsp;nast\u0119puj\u0105cych przedmiot\u00f3w: anestezjologia i&nbsp;chirurgia og\u00f3lna, chirurgia operacyjna zwierz\u0105t w&nbsp;ramach modu\u0142\u00f3w gatunkowych, okulistyka, stomatologia, ortopedia radiologia Jako przedmioty fakultatywne prowadzone s\u0105: onkologia, biomateria\u0142y, neurologia i&nbsp;elementy neurochirurgii \u0106wiczenia prowadzone s\u0105 w&nbsp;przewa\u017caj\u0105cej cz\u0119\u015bci na materiale klinicznym. Studenci [&hellip;]<\/p>\n","protected":false},"author":2,"featured_media":0,"parent":317,"menu_order":0,"comment_status":"closed","ping_status":"closed","template":"elementor_header_footer","meta":{"_monsterinsights_skip_tracking":false,"_monsterinsights_sitenote_active":false,"_monsterinsights_sitenote_note":"","_monsterinsights_sitenote_category":0},"_links":{"self":[{"href":"https:\/\/up.lublin.pl\/weterynaria\/wp-json\/wp\/v2\/pages\/147758"}],"collection":[{"href":"https:\/\/up.lublin.pl\/weterynaria\/wp-json\/wp\/v2\/pages"}],"about":[{"href":"https:\/\/up.lublin.pl\/weterynaria\/wp-json\/wp\/v2\/types\/page"}],"author":[{"embeddable":true,"href":"https:\/\/up.lublin.pl\/weterynaria\/wp-json\/wp\/v2\/users\/2"}],"replies":[{"embeddable":true,"href":"https:\/\/up.lublin.pl\/weterynaria\/wp-json\/wp\/v2\/comments?post=147758"}],"version-history":[{"count":13,"href":"https:\/\/up.lublin.pl\/weterynaria\/wp-json\/wp\/v2\/pages\/147758\/revisions"}],"predecessor-version":[{"id":155604,"href":"https:\/\/up.lublin.pl\/weterynaria\/wp-json\/wp\/v2\/pages\/147758\/revisions\/155604"}],"up":[{"embeddable":true,"href":"https:\/\/up.lublin.pl\/weterynaria\/wp-json\/wp\/v2\/pages\/317"}],"wp:attachment":[{"href":"https:\/\/up.lublin.pl\/weterynaria\/wp-json\/wp\/v2\/media?parent=147758"}],"curies":[{"name":"wp","href":"https:\/\/api.w.org\/{rel}","templated":true}]}}