{"id":146336,"date":"2021-07-26T11:02:29","date_gmt":"2021-07-26T09:02:29","guid":{"rendered":"https:\/\/up.lublin.pl\/weterynaria\/?page_id=146336"},"modified":"2021-07-26T11:11:59","modified_gmt":"2021-07-26T09:11:59","slug":"zaklad","status":"publish","type":"page","link":"https:\/\/up.lublin.pl\/weterynaria\/wydzial\/struktura-i-pracownicy\/anathist\/histologia\/zaklad\/","title":{"rendered":"Zak\u0142ad"},"content":{"rendered":"\t\t<div data-elementor-type=\"wp-page\" data-elementor-id=\"146336\" class=\"elementor elementor-146336\" data-elementor-settings=\"[]\">\n\t\t\t\t\t\t<div class=\"elementor-inner\">\n\t\t\t\t\t\t\t<div class=\"elementor-section-wrap\">\n\t\t\t\t\t\t\t<section class=\"elementor-section elementor-top-section elementor-element elementor-element-07a257b elementor-section-boxed elementor-section-height-default elementor-section-height-default\" data-id=\"07a257b\" data-element_type=\"section\">\n\t\t\t\t\t\t<div class=\"elementor-container elementor-column-gap-default\">\n\t\t\t\t\t\t\t<div class=\"elementor-row\">\n\t\t\t\t\t<div class=\"elementor-column elementor-col-100 elementor-top-column elementor-element elementor-element-fb5925a\" data-id=\"fb5925a\" data-element_type=\"column\">\n\t\t\t<div class=\"elementor-column-wrap elementor-element-populated\">\n\t\t\t\t\t\t\t<div class=\"elementor-widget-wrap\">\n\t\t\t\t\t\t<div class=\"elementor-element elementor-element-1e3132e elementor-widget elementor-widget-m2e\" data-id=\"1e3132e\" data-element_type=\"widget\" data-widget_type=\"m2e.default\">\n\t\t\t\t<div class=\"elementor-widget-container\">\n\t\t\t<section class=\"mn-m2-e mn-bg-green\">\n\t<div class=\"mn-grid\">\n\t\t<div class=\"mn-grid-3 mn-introtext\">\n\t\t\t\t\t\t\t\t\t\t<h3>\n\t\t\t\t\tZak\u0142ad\t\t\t\t<\/h3>\n\t\t\t\t\t\t\t\t\t\t\t\t<\/div>\n\t\t<div class=\"mn-grid-9 mn-image-container\">\n\t\t\t\t\t<\/div>\n\t<\/div>\n\t<\/section>\n\t\t<\/div>\n\t\t\t\t<\/div>\n\t\t\t\t\t\t<\/div>\n\t\t\t\t\t<\/div>\n\t\t<\/div>\n\t\t\t\t\t\t\t\t<\/div>\n\t\t\t\t\t<\/div>\n\t\t<\/section>\n\t\t\t\t<section class=\"elementor-section elementor-top-section elementor-element elementor-element-2b1a680 elementor-section-boxed elementor-section-height-default elementor-section-height-default\" data-id=\"2b1a680\" data-element_type=\"section\">\n\t\t\t\t\t\t<div class=\"elementor-container elementor-column-gap-default\">\n\t\t\t\t\t\t\t<div class=\"elementor-row\">\n\t\t\t\t\t<div class=\"elementor-column elementor-col-100 elementor-top-column elementor-element elementor-element-39ac14c\" data-id=\"39ac14c\" data-element_type=\"column\">\n\t\t\t<div class=\"elementor-column-wrap elementor-element-populated\">\n\t\t\t\t\t\t\t<div class=\"elementor-widget-wrap\">\n\t\t\t\t\t\t<div class=\"elementor-element elementor-element-fd80174 elementor-widget elementor-widget-m5c\" data-id=\"fd80174\" data-element_type=\"widget\" data-widget_type=\"m5c.default\">\n\t\t\t\t<div class=\"elementor-widget-container\">\n\t\t\t<section class=\"mn-m5-c mn-bg-white\">\n\t<div class=\"mn-grid\">\n\t\t            <div class=\"mn-menu-container mn-grid-3\">\n                <ul class=\"mn-bg-yellow\">\n\t                                        <li>\n                            <a href=\"#\" class=\"active\" data-hash=\"#\">\n                                Pracownicy                            <\/a>\n                        <\/li>\n                                        <\/ul>\n            <\/div>\n\t        \t\t<div class=\"mn-content mn-grid-8\">\n\t\t\t                <div class=\"mn-content-block active\">\n\t                                                        <ul class=\"mn-accordion\">\n                                            <li>\n                                                <h4 class=\"mn-accordion-title\">Prof. dr hab.Jadwiga Jaworska-Adamu<\/h4>\n                                                <div>\n\t\t\t\t\t\t\t\t\t                <p>Stanowisko: kierownik Zak\u0142adu Histologii i&nbsp;Embriologii <br \/>telefon: 81 445 68 59<br \/>e-mail: jadwiga.jaworska@up.lublin.pl<\/p>\n                                                <\/div>\n                                            <\/li>\n                                        <\/ul>\n\t\t\t\t\t\t                                                        <ul class=\"mn-accordion\">\n                                            <li>\n                                                <h4 class=\"mn-accordion-title\">Prof. dr hab. Regina Cybulska<\/h4>\n                                                <div>\n\t\t\t\t\t\t\t\t\t                <p>Stanowisko: profesor emerytowany<br \/>telefon: 81 445 66 33<br \/>e-mail: regina.cybulska@up.lublin.pl<\/p>\n                                                <\/div>\n                                            <\/li>\n                                        <\/ul>\n\t\t\t\t\t\t                                                        <ul class=\"mn-accordion\">\n                                            <li>\n                                                <h4 class=\"mn-accordion-title\">Dr n. wet. Aleksandra Krawczyk<\/h4>\n                                                <div>\n\t\t\t\t\t\t\t\t\t                <p>Stanowisko: asystent<br \/>telefon: 81 445 68 49<br \/>e-mail: aleksandra.krawczyk@up.lublin.pl<\/p>\n                                                <\/div>\n                                            <\/li>\n                                        <\/ul>\n\t\t\t\t\t\t                                                        <ul class=\"mn-accordion\">\n                                            <li>\n                                                <h4 class=\"mn-accordion-title\">Lek. wet. Renata Szewerniak<\/h4>\n                                                <div>\n\t\t\t\t\t\t\t\t\t                <p>Stanowisko: specjalista in\u017cynieryjno-techniczny<br \/>telefon: 81 445 67 41<br \/>e-mail: renata.szewerniak@up.lublin.pl<\/p>\n                                                <\/div>\n                                            <\/li>\n                                        <\/ul>\n\t\t\t\t\t\t                                                        <ul class=\"mn-accordion\">\n                                            <li>\n                                                <h4 class=\"mn-accordion-title\">Lek wet. Karol Rycerz<\/h4>\n                                                <div>\n\t\t\t\t\t\t\t\t\t                <p>Stanowisko: asystent<br \/>telefon: 81 445 66 33<br \/>e-mail: karol.rycerz@up.lublin.pl<\/p>\n                                                <\/div>\n                                            <\/li>\n                                        <\/ul>\n\t\t\t\t\t\t                                                        <ul class=\"mn-accordion\">\n                                            <li>\n                                                <h4 class=\"mn-accordion-title\">Pracownia histologiczna 225<\/h4>\n                                                <div>\n\t\t\t\t\t\t\t\t\t                <p>telefon: 81 445 67 41<\/p>\n                                                <\/div>\n                                            <\/li>\n                                        <\/ul>\n\t\t\t\t\t\t                                <\/div>\n\t\t\t\t\t\t<\/div>\n\t<\/div>\n<\/section>\n\t\t<\/div>\n\t\t\t\t<\/div>\n\t\t\t\t\t\t<\/div>\n\t\t\t\t\t<\/div>\n\t\t<\/div>\n\t\t\t\t\t\t\t\t<\/div>\n\t\t\t\t\t<\/div>\n\t\t<\/section>\n\t\t\t\t\t\t<\/div>\n\t\t\t\t\t\t<\/div>\n\t\t\t\t\t<\/div>\n\t\t","protected":false},"excerpt":{"rendered":"<p>Zak\u0142ad UP Wydzia\u0142 Medycyny Weterynaryjnej Pracownicy Prof. dr hab.Jadwiga Jaworska-Adamu Stanowisko: kierownik Zak\u0142adu Histologii i&nbsp;Embriologii telefon: 81 445 68 59e-mail: jadwiga.jaworska@up.lublin.pl Prof. dr hab. Regina Cybulska Stanowisko: profesor emerytowanytelefon: 81 445 66 33e-mail: regina.cybulska@up.lublin.pl Dr n. wet. Aleksandra Krawczyk Stanowisko: asystenttelefon: 81 445 68 49e-mail: aleksandra.krawczyk@up.lublin.pl Lek. wet. Renata Szewerniak Stanowisko: specjalista in\u017cynieryjno-technicznytelefon: 81 445 [&hellip;]<\/p>\n","protected":false},"author":2,"featured_media":0,"parent":146314,"menu_order":0,"comment_status":"closed","ping_status":"closed","template":"elementor_header_footer","meta":{"_monsterinsights_skip_tracking":false,"_monsterinsights_sitenote_active":false,"_monsterinsights_sitenote_note":"","_monsterinsights_sitenote_category":0},"_links":{"self":[{"href":"https:\/\/up.lublin.pl\/weterynaria\/wp-json\/wp\/v2\/pages\/146336"}],"collection":[{"href":"https:\/\/up.lublin.pl\/weterynaria\/wp-json\/wp\/v2\/pages"}],"about":[{"href":"https:\/\/up.lublin.pl\/weterynaria\/wp-json\/wp\/v2\/types\/page"}],"author":[{"embeddable":true,"href":"https:\/\/up.lublin.pl\/weterynaria\/wp-json\/wp\/v2\/users\/2"}],"replies":[{"embeddable":true,"href":"https:\/\/up.lublin.pl\/weterynaria\/wp-json\/wp\/v2\/comments?post=146336"}],"version-history":[{"count":4,"href":"https:\/\/up.lublin.pl\/weterynaria\/wp-json\/wp\/v2\/pages\/146336\/revisions"}],"predecessor-version":[{"id":146341,"href":"https:\/\/up.lublin.pl\/weterynaria\/wp-json\/wp\/v2\/pages\/146336\/revisions\/146341"}],"up":[{"embeddable":true,"href":"https:\/\/up.lublin.pl\/weterynaria\/wp-json\/wp\/v2\/pages\/146314"}],"wp:attachment":[{"href":"https:\/\/up.lublin.pl\/weterynaria\/wp-json\/wp\/v2\/media?parent=146336"}],"curies":[{"name":"wp","href":"https:\/\/api.w.org\/{rel}","templated":true}]}}