{"id":140732,"date":"2021-04-25T16:32:23","date_gmt":"2021-04-25T14:32:23","guid":{"rendered":"https:\/\/up.lublin.pl\/weterynaria\/?page_id=140732"},"modified":"2022-10-13T14:40:20","modified_gmt":"2022-10-13T12:40:20","slug":"katedra-przedklinicznych-nauk-weterynaryjnych","status":"publish","type":"page","link":"https:\/\/up.lublin.pl\/weterynaria\/wydzial\/struktura-i-pracownicy\/katedra-przedklinicznych-nauk-weterynaryjnych\/","title":{"rendered":"Katedra Przedklinicznych Nauk Weterynaryjnych"},"content":{"rendered":"\t\t<div data-elementor-type=\"wp-page\" data-elementor-id=\"140732\" class=\"elementor elementor-140732\" data-elementor-settings=\"[]\">\n\t\t\t\t\t\t<div class=\"elementor-inner\">\n\t\t\t\t\t\t\t<div class=\"elementor-section-wrap\">\n\t\t\t\t\t\t\t<section class=\"elementor-section elementor-top-section elementor-element elementor-element-2936702 elementor-section-boxed elementor-section-height-default elementor-section-height-default\" data-id=\"2936702\" data-element_type=\"section\">\n\t\t\t\t\t\t<div class=\"elementor-container elementor-column-gap-default\">\n\t\t\t\t\t\t\t<div class=\"elementor-row\">\n\t\t\t\t\t<div class=\"elementor-column elementor-col-100 elementor-top-column elementor-element elementor-element-6e3f72b\" data-id=\"6e3f72b\" data-element_type=\"column\">\n\t\t\t<div class=\"elementor-column-wrap elementor-element-populated\">\n\t\t\t\t\t\t\t<div class=\"elementor-widget-wrap\">\n\t\t\t\t\t\t<div class=\"elementor-element elementor-element-5d18db4 elementor-widget elementor-widget-m2k\" data-id=\"5d18db4\" data-element_type=\"widget\" data-widget_type=\"m2k.default\">\n\t\t\t\t<div class=\"elementor-widget-container\">\n\t\t\t<section class=\"mn-m2-d mn-bg-green\">\n    <div class=\"mn-grid\">\n        <div class=\"mn-grid-12 mn-introtext\">\n                            <h3>\n                     Katedra Przedklinicznych Nauk Weterynaryjnych                <\/h3>\n                        <\/div>\n    <\/div>\n    <\/section>\n\t\t<\/div>\n\t\t\t\t<\/div>\n\t\t\t\t\t\t<\/div>\n\t\t\t\t\t<\/div>\n\t\t<\/div>\n\t\t\t\t\t\t\t\t<\/div>\n\t\t\t\t\t<\/div>\n\t\t<\/section>\n\t\t\t\t<section class=\"elementor-section elementor-top-section elementor-element elementor-element-8d293e5 elementor-section-boxed elementor-section-height-default elementor-section-height-default\" data-id=\"8d293e5\" data-element_type=\"section\">\n\t\t\t\t\t\t<div class=\"elementor-container elementor-column-gap-default\">\n\t\t\t\t\t\t\t<div class=\"elementor-row\">\n\t\t\t\t\t<div class=\"elementor-column elementor-col-100 elementor-top-column elementor-element elementor-element-cfd94f1\" data-id=\"cfd94f1\" data-element_type=\"column\">\n\t\t\t<div class=\"elementor-column-wrap elementor-element-populated\">\n\t\t\t\t\t\t\t<div class=\"elementor-widget-wrap\">\n\t\t\t\t\t\t<div class=\"elementor-element elementor-element-36c4625 elementor-widget elementor-widget-m5c\" data-id=\"36c4625\" data-element_type=\"widget\" data-widget_type=\"m5c.default\">\n\t\t\t\t<div class=\"elementor-widget-container\">\n\t\t\t<section class=\"mn-m5-c mn-bg-white\">\n\t<div class=\"mn-grid\">\n\t\t            <div class=\"mn-menu-container mn-grid-3\">\n                <ul class=\"mn-bg-yellow\">\n\t                                        <li>\n                            <a href=\"#\" class=\"active\" data-hash=\"#dydaktyka\">\n                                Dydaktyka                            <\/a>\n                        <\/li>\n                                                <li>\n                            <a href=\"#\" class=\"\" data-hash=\"#badania\">\n                                Badania                            <\/a>\n                        <\/li>\n                                                <li>\n                            <a href=\"#\" class=\"\" data-hash=\"#historia\">\n                                Historia                            <\/a>\n                        <\/li>\n                                                <li>\n                            <a href=\"#\" class=\"\" data-hash=\"#konferencje\">\n                                Konferencje                            <\/a>\n                        <\/li>\n                                                <li>\n                            <a href=\"#\" class=\"\" data-hash=\"#\">\n                                Oferta naukowo-badawcza                            <\/a>\n                        <\/li>\n                                        <\/ul>\n            <\/div>\n\t        \t\t<div class=\"mn-content mn-grid-8\">\n\t\t\t                <div class=\"mn-content-block active\">\n\t                                                        <div class=\"block-text\">\n\t                                        <p><b><i>A. <\/i><\/b><i>Przedmioty obligatoryjne realizowane dla student\u00f3w Wydzia\u0142u Medycyny Weterynaryjnej(wyk\u0142ady i&nbsp;\u0107wiczenia na studiach stacjonarnych i&nbsp;niestacjonarnych)<b>:<\/b><\/i><\/p>\n<ul>\n<li>Patofizjologia<\/li>\n<li>Farmakologia weterynaryjna<\/li>\n<li>Farmacja weterynaryjna<\/li>\n<li>Toksykologia Weterynaryjna wyk\u0142ady i&nbsp;\u0107wiczenia z&nbsp;przedmiotu<\/li>\n<li>Ochrona \u015arodowiska<\/li>\n<\/ul>\n<p><b><i>B.<\/i><\/b><i> Przedmioty obligatoryjne realizowane dla student\u00f3w Wydzia\u0142u Nauk o&nbsp;\u017bywno\u015bci i&nbsp;Biotechnologii (wyk\u0142ady i&nbsp;\u0107wiczenia na studiach stacjonarnych i&nbsp;niestacjonarnych)<b>:<\/b><\/i><\/p>\n<ul>\n<li>Kliniczny Zarys Chor\u00f3b<\/li>\n<\/ul>\n<p><b><i>C.<\/i><\/b><i> przedmioty fakultatywne dla student\u00f3w Wydzia\u0142u Medycyny Weterynaryjnej : <\/i><\/p>\n<ul>\n<li>Farmakologia kliniczna<\/li>\n<li>Transformacje nowotworowe<\/li>\n<li>Choroby zwierz\u0105t laboratoryjnych<\/li>\n<li>Choroby genetyczne zwierz\u0105t<\/li>\n<li>Laboratoryjna Analiza Toksykologiczna<\/li>\n<\/ul>\n<div><b>\u00a0<\/b><b><i>D.\u00a0<\/i><\/b><i>Studenckie Ko\u0142o Naukowe Medyk\u00f3w Weterynaryjnych (Sekcja Patofizjologii oraz Sekcja Toksykologii)<\/i><\/div>\n<p><b><i>E.\u00a0<\/i><\/b><i>\u00a0Realizacja studi\u00f3w doktoranckich<\/i><\/p>\n<p><b><i>F.\u00a0<\/i><\/b><i>Opieka naukowa oraz realizacja \u00a0prac magisterskich, in\u017cynierskich oraz licencjackich przez student\u00f3w r\u00f3\u017cnych wydzia\u0142\u00f3w Uniwersytetu Przyrodniczego . <\/i><\/p>\n                                        <\/div>\n\t\t\t\t\t\t                                <\/div>\n\t\t\t\t                <div class=\"mn-content-block\">\n\t                                                        <div class=\"block-text\">\n\t                                        <div><b>Realizowane kierunki badawcze:<\/b><\/div>\n<p>\u00a7\u00a0 udzia\u0142 leptyny i&nbsp;kisspeptyn w&nbsp;patomechanizmach zaburze\u0144 aktywno\u015bci wydzielniczej przysadki m\u00f3zgowej; \u00a0patomechanizm rozwoju torbieli jajnikowych u&nbsp;prze\u017cuwaczy;<\/p>\n<p>\u00a7 odchylenia w&nbsp;aktywno\u015bci nowotworowych kom\u00f3rek macierzystych w&nbsp;procesie hepatokarcinogenezy<\/p>\n<p>\u00a7 aktywno\u015b\u0107 proliferacyjna limfocyt\u00f3w w&nbsp;przebiegu chor\u00f3b zapalnych (BRD, mastitis, metritis) oraz ocena funkcji sekrecyjnej neutrofili i&nbsp;ich destrukcyjne odpowiedzi zapalne; powi\u0105zania uk\u0142adu krzepni\u0119cia i&nbsp;reakcji zapalnych w&nbsp;chorobach byd\u0142a i&nbsp;ps\u00f3w; \u00a0\u00a0<\/p>\n<p>\u00a7\u00a0 znaczenie poszczeg\u00f3lnych subpopulacji makrofag\u00f3w w&nbsp;modulowaniu odpowiedzi zapalnych;<\/p>\n<p>\u00a7\u00a0 wp\u0142yw miokin na aktywno\u015b\u0107 mi\u0119\u015bni szkieletowych (wykorzystanie miokin do oceny wysi\u0142ku transportowego u&nbsp;koni);<\/p>\n<p>\u00a7 rola katelicydyn, jako peptyd\u00f3w bior\u0105cych udzia\u0142 w&nbsp;modulowaniu odpowiedzi zapalnej u&nbsp;r\u00f3\u017cnych gatunk\u00f3w zwierz\u0105t;<\/p>\n<p>\u00a7\u00a0 wp\u0142yw r\u00f3\u017cnicy kationowo-anionowej paszy (DCAD) na parametry metaboliczne u&nbsp;zwierz\u0105t produkcyjnych;<\/p>\n<p>\u00a7 badania farmakokinetyczne antybiotyk\u00f3w \u03b2-laktamowych u&nbsp;kr\u00f3w mlecznych z&nbsp;przypadkami mastitis;<\/p>\n<p>\u00a7 oznaczanie pozosta\u0142o\u015bci wybranych sulfonamid\u00f3woraz antybiotyk\u00f3w w&nbsp;produktach pochodzenia zwierz\u0119cego;<\/p>\n<p>\u00a7 badanie farmakokinetyki lek\u00f3w przeciwb\u00f3lowych;<\/p>\n<p>\u00a7 badania protekcyjnego wp\u0142ywu wybranych antyoksydant\u00f3ww przypadku intoksykacji mykotoksynami u&nbsp;drobiu, w&nbsp;zakresie parametr\u00f3w funkcji nerek, w\u0105troby oraz potencja\u0142u antyoksydacyjno-oksydacyjnego z&nbsp;wykorzystaniem systemu RANDOX;<\/p>\n<p>\u00a7 badania poprzedzaj\u0105ce wprowadzenie melatoniny do medycyny weterynaryjnej;.<\/p>\n<p>\u00a7 ocena toksyczno\u015bci indolowych vinylo-oksazolidino-tion\u00f3w (VTO) wyst\u0119puj\u0105cych w&nbsp;\u015brucie rzepakowej dla drobiu;<\/p>\n<p>\u00a7 badania chlorowanych benzen\u00f3w, fenoli oraz naftalen\u00f3w wchodz\u0105cych w&nbsp;sk\u0142ad preparat\u00f3w KSYLAMIT;<\/p>\n<p>\u00a7 ocena stopnia zanieczyszczenia \u015brodowiska o\u0142owiem, kadmem, cynkiem, miedzi\u0105 i&nbsp;rt\u0119ci\u0105 w&nbsp;oparciu o&nbsp;ich poziom w&nbsp;narz\u0105dach wewn\u0119trznych;<\/p>\n<p>\u00a7 oznaczanie pierwiastk\u00f3w toksycznych w&nbsp;paszach ro\u015blinnych oraz w&nbsp;tkankach zwierz\u0105t pochodz\u0105cych z&nbsp;r\u00f3\u017cnych region\u00f3w i&nbsp;\u015brodowisk kraju (np. \u017cubry z&nbsp;Bia\u0142owieskiego Parku Narodowego);<\/p>\n<p>\u00a7 badania z&nbsp;zakresu toksykologii eksperymentalnej \u2013 badania w&nbsp;modelowych uk\u0142adach <i>in vivo i&nbsp;in vitro<\/i> nad toksyczno\u015bci\u0105 lek\u00f3w weterynaryjnych;<\/p>\n<p>\u00a7 toksykodynamika, toksykokinetyka i&nbsp;metabolizmem bioaktywacyjny metronidazolu oraz toksykometria benzotioanilid\u00f3w;<\/p>\n<p>\u00a7\u00a0 ekotoksykologiczna ocena \u015brodowisk naturalnych.<\/p>\n<div><b>Realizowane projekty badawcze:<\/b><\/div>\n<p>v\u00a0\u00a0\u00a0\u00a0 \u201eModuluj\u0105ce dzia\u0142anie leptyny na sekrecj\u0119 przysadkowych gonadotropin w&nbsp;rozwoju torbieli jajnikowych u&nbsp;owiec\u201d &#8211; projekt badawczy w\u0142asny (3 P06K 020 25) \u2013 kierownik projektu \u2013 prof. dr Ryszard Bobowiec<\/p>\n<p>v \u201eOcena przydatno\u015bci terapeutycznej kom\u00f3rek owalnych w&nbsp;uszkodzeniach w\u0105troby u&nbsp;szczur\u00f3w\u201d &#8211; projekt badawczy w\u0142asny (N N308 3169 33) \u2013 kierownik projektu prof. dr hab. Ryszard Bobowiec<\/p>\n<p>v\u00a0 Badania nad zachowaniem si\u0119 poziom\u00f3w melatoniny we krwi ps\u00f3w w&nbsp;cyklu ca\u0142odobowym i&nbsp;zmianami sezonowymi pod k\u0105tem zastosowa\u0144 klinicznych\u201d &#8211; projekt badawczy w\u0142asny &#8211; kierownik projektu &#8211; prof. dr hab. C. Kowalski<\/p>\n<p>v\u00a0 \u201eAltermative technologies for sustainable, low cost and hormone-free systems of ruminant reproduction\u201d (Francja \u2013 INRA) \u2013 wsp\u00f3\u0142udzia\u0142 w&nbsp;opracowaniu mi\u0119dzynarodowego projektu badawczego (dr hab. Urszula Kosior-Korzeckiej)<\/p>\n<p>v\u00a0\u00a0 \u201eUse of virtual problems\/virtual patients in veterinary basic sciences\u201d \u2013 wsp\u00f3\u0142udzia\u0142 w&nbsp;realizacji projektu (dr Marta W\u00f3jcik)<\/p>\n<p>v\u00a0 Badania farmakokinetyczne okre\u015blaj\u0105ce stopie\u0144 ryzyka dla konsument\u00f3w po stosowaniu antybiotyk\u00f3w beta-laktamowych u&nbsp;kr\u00f3w z&nbsp;przypadkami mastitis\u201d &#8211; projekt badawczy w\u0142asny &#8211; kierownik projektu &#8211; dr Artur Burma\u0144czuk.<\/p>\n                                        <\/div>\n\t\t\t\t\t\t                                <\/div>\n\t\t\t\t                <div class=\"mn-content-block\">\n\t                                                        <div class=\"block-text\">\n\t                                        <p>Katedra Przedklinicznych Nauk Weterynaryjnych powsta\u0142a 1 wrze\u015bnia 2003 r., po po\u0142\u0105czeniu trzech Katedr (Katedry Farmakologii, Katedry Patofizjologii oraz Katedry Toksykologii i&nbsp;Ochrony \u015arodowiska). Od czasu powstania, w&nbsp;jednostce funkcjonuj\u0105 trzy Zak\u0142ady: Zak\u0142ad Farmakologii, Zak\u0142ad Patofizjologii oraz Zak\u0142ad Toksykologii i&nbsp;Ochrony \u015arodowiska. G\u0142\u00f3wne zadania jednostki dotycz\u0105 sfery dydaktycznej, naukowej, organizatorskiej i&nbsp;popularyzatorskiej. Sk\u0142adaj\u0105 si\u0119 na ni\u0105: badania statutowe, realizacja projekt\u00f3w grantowych, prac badawczych zlecanych przez firmy zewn\u0119trzne, dzia\u0142alno\u015b\u0107 w&nbsp;organizacjach naukowych i&nbsp;instytucjach nadzoruj\u0105cych obieg lek\u00f3w i&nbsp;substancji toksycznych oraz wyst\u0105pienia i&nbsp;publikowanie opracowa\u0144 monograficznych i&nbsp;ksi\u0105\u017ckowych.<\/p>\n<p>Dzia\u0142alno\u015b\u0107 naukowo-badawcza oraz wieloletnia wsp\u00f3\u0142praca z&nbsp;cenionymi o\u015brodkami zagranicznymi owocuje wsp\u00f3lnymi publikacjami indeksowanymi przez Journal Citation Reports (JCR) oraz rozwojem naukowym pracownik\u00f3w naukowo-dydaktycznych.<\/p>\n<p>Kierownik Katedry Przedklinicznych Nauk Weterynaryjnych:<\/p>\n<p>Prof. zw. dr hab. Ryszard Bobowiec<\/p>\n<p>Jednostki wchodz\u0105ce w&nbsp;sk\u0142ad Katedry:<\/p>\n<ul>\n<li>Zak\u0142ad Farmakologii &#8211; kierownik: prof. zw. dr hab. Cezary Kowalski<\/li>\n<li>Zak\u0142ad Patofizjologii &#8211; kierownik: prof. zw. dr hab. Ryszard Bobowiec)<\/li>\n<li>Zak\u0142ad Toksykologii i&nbsp;Ochrony \u015arodowiska &#8211; kierownik: prof. UP dr hab. Jose Luis Valverde Piedra<\/li>\n<\/ul>\n                                        <\/div>\n\t\t\t\t\t\t                                <\/div>\n\t\t\t\t                <div class=\"mn-content-block\">\n\t                                                        <div class=\"block-text\">\n\t                                        <p>Konferencje organizowane lub wsp\u00f3\u0142organizowane przez jednostk\u0119 :<\/p>\n<p>Mi\u0119dzynarodowa Konferencja pt. &#8220;Znaczenie mechanizm\u00f3w patogenetycznych w&nbsp;terapii i&nbsp;profilaktyce chor\u00f3b&#8221;. Organizator: Katedra Przedklinicznych Nauk Weterynaryjnych i&nbsp;Instytut Chor\u00f3b Zaka\u017anych i&nbsp;Inwazyjnych. Konferencja organizowana na Wydziale Medycyny Weterynaryjnej w&nbsp;Lublinie w&nbsp;dniach 22-23 wrze\u015bnia 2005 r., pod patronatem Ministerstwa Nauki i&nbsp;Informatyzacji oraz Polskiej Akademii Nauk.<\/p>\n<p>Inne wa\u017cne przedsi\u0119wzi\u0119cia:<\/p>\n<ul>\n<li>realizacja projektu badawczego pt. &#8220;Moduluj\u0105ce dzia\u0142anie leptyny na sekrecj\u0119 przysadkowych gonadotropin w&nbsp;rozwoju torbieli jajnikowych u&nbsp;owiec&#8221;. (kierownik projektu: prof. dr hab. Ryszard Bobowiec)<\/li>\n<li>sta\u0142a wsp\u00f3\u0142praca naukowo-badawcza z&nbsp;Katedr\u0105 Anatomii, Biochemii i&nbsp;Fizjologii Wydzia\u0142u Medycyny Weterynaryjnej Uniwersytetu w&nbsp;Pizie, W\u0142ochy<\/li>\n<li>sta\u017c naukowy dr Urszuli Kosior-Korzeckiej z&nbsp;zakresu analizy ekspresji receptor\u00f3w leptynowych w&nbsp;kom\u00f3rkach przysadki we francuskim o\u015brodku naukowym INRA (Departament Fizjologii Zwierz\u0105t w&nbsp;Jouy en Josas k\/Pary\u017ca), oraz udzia\u0142 w&nbsp;programie Socrates-Erasmus (Katedra Anatomii, Biochemii i&nbsp;Fizjologii Weterynaryjnej Uniwersytetu w&nbsp;Pizie).<\/li>\n<li>sta\u017ce naukowe dr Marty W\u00f3jcik i&nbsp;dr Joanny Wessely-Szponder w&nbsp;Katedrze Anatomii, Biochemii i&nbsp;Fizjologii Weterynaryjnej Uniwersytetu w&nbsp;Pizie (W\u0142ochy).<\/li>\n<li>organizacja spotka\u0144 naukowych w&nbsp;ramach dzia\u0142alno\u015bci Polskiego Towarzystwa Fizjologicznego (Oddzia\u0142 w&nbsp;Lublinie), w&nbsp;kt\u00f3rych bior\u0105 udzia\u0142 cz\u0142onkowie (pracownicy naukowi, lekarze weterynarii i&nbsp;medycyny z&nbsp;o\u015brodka lubelskiego), oraz przedstawiciele innych o\u015brodk\u00f3w naukowych z&nbsp;kraju i&nbsp;zagranicy oraz studenci.<\/li>\n<li>organizacja w&nbsp;Katedrze Przedklinicznych Nauk Weterynaryjnych spotka\u0144 naukowych na kt\u00f3rych przedstawiane s\u0105 wyniki prac: wysy\u0142anych do druku w&nbsp;recenzowanych czasopismach, opracowywanych w&nbsp;formie pracy doktorskiej lub planowanych i&nbsp;wykonywanych w&nbsp;ramach rozpocz\u0119tej habilitacji.<\/li>\n<li>przewodniczenie w&nbsp;kadencjach 2002-2005 i&nbsp;2005-2008 przez prof. dr hab. Ryszarda Bobowca i&nbsp;zarz\u0105dzanie przez dr Urszul\u0119 Kosior-Korzeck\u0105 (sekretarz) dr Mart\u0119 W\u00f3jcik (skarbnik) lubelskim oddzia\u0142em Polskiego Towarzystwa Fizjologicznego<\/li>\n<\/ul>\n                                        <\/div>\n\t\t\t\t\t\t                                <\/div>\n\t\t\t\t                <div class=\"mn-content-block\">\n\t                                                        <div class=\"block-text\">\n\t                                        <p style=\"text-align: center;\"><img loading=\"lazy\" style=\"border-style: initial; border-color: initial; color: #000000; font-family: Verdana, Arial, Helvetica; font-size: 12px; text-align: center;\" src=\"https:\/\/up.lublin.pl\/files\/images\/logo\/weterynaria.png\" alt=\"\" width=\"114\" height=\"114\" \/><\/p>\n<p align=\"center\"><strong>OFERTA NAUKOWO-BADAWCZA KATEDRY PRZEDKLINICZNYCH NAUK WETERYNARYJNYCH WYDZIA\u0141U MEDYCYNY WETERYNARYJNEJ<\/strong><\/p>\n<p align=\"center\"><b>Uniwersytetu Przyrodniczego w&nbsp;Lublinie<\/b><\/p>\n<p><b>Zak\u0142ad Farmakologii <\/b>Katedry Przedklinicznych Nauk Weterynaryjnych oferuje badania z&nbsp;zakresu:<\/p>\n<p>&#8211; Farmakokinetyka i&nbsp;farmakodynamika lek\u00f3w weterynaryjnych, przeciwbakteryjnych, przeciwpaso\u017cytniczych i&nbsp;przeciwb\u00f3lowych, umo\u017cliwiaj\u0105ca zar\u00f3wno precyzyjne ustalenie poziomu dawkowania, ocen\u0119 ich dzia\u0142ania w&nbsp;organizmie, ponadto ustalenie czasu ich eliminacji z&nbsp;ustroju.<\/p>\n<p>&#8211; Opracowanie metod i&nbsp;procedur analitycznych posiadaj\u0105cych powtarzaln\u0105 oznaczalno\u015b\u0107, w&nbsp;kt\u00f3rych warunki analityczne s\u0105 dobierane w&nbsp;spos\u00f3b pozwalaj\u0105cy na oznaczania poziom\u00f3w substancji badanych (lek\u00f3w) w&nbsp;tkankach i&nbsp;produktach pochodzenia zwierz\u0119cego.<\/p>\n<p>&#8211; Rola wolnych rodnik\u00f3w i&nbsp;antyoksydant\u00f3w w&nbsp;funkcjonowaniu organizmu.<\/p>\n<p>&#8211; Ocena dzia\u0142ania toksycznego lek\u00f3w i&nbsp;oporno\u015bci szczep\u00f3w patogennych na chemioterapeutyki stosowane w&nbsp;lecznictwie weterynaryjnym.<\/p>\n<p>&#8211; Badania nad nowymi, skuteczniejszymi lekami (po\u0142\u0105czenia chemioterapeutyk\u00f3w).<\/p>\n<p><b>Zak\u0142ad Patofizjologii<\/b> Katedry Przedklinicznych Nauk Weterynaryjnych oferuje badania dotycz\u0105ce hormonalnych i&nbsp;zapalnych odpowiedzi kom\u00f3rek izolowanych w&nbsp;warunkach zdrowia i&nbsp;choroby oraz analizy ryzyka wyst\u0119powania chor\u00f3b metabolicznych, infekcyjnych i&nbsp;neoplastycznych &#8211; badania <i>in vivo i&nbsp;in vitro<\/i> (eksperymentalne metody izolacji i&nbsp;hodowli kom\u00f3rek pochodzenia zwierz\u0119cego, w&nbsp;nienowotworowych i&nbsp;nowotworowych uszkodzeniach narz\u0105d\u00f3w wewn\u0119trznych).<\/p>\n<p>Podstaw\u0105 nowoczesnych modeli do\u015bwiadczalnych z&nbsp;zastosowaniem nieinwazyjnych metod badawczych s\u0105 wypracowane w&nbsp;Jednostce metody izolacji i&nbsp;hodowli kom\u00f3rek pochodzenia zwierz\u0119cego takich jak: kom\u00f3rki przysadki m\u00f3zgowej, neutrofile, limfocyty, hepatocyty, kom\u00f3rki owalne w\u0105troby, kom\u00f3rki ziarniste i&nbsp;kom\u00f3rki lutealne jajnika, w&nbsp;nienowotworowych i&nbsp;nowotworowych uszkodzeniach narz\u0105d\u00f3w.<\/p>\n<p>Do stosowanej w&nbsp;Zak\u0142adzie Patofizjologii metodyki nale\u017c\u0105 m. in.:<\/p>\n<p>&#8211; izolacja i&nbsp;hodowla kom\u00f3rek przysadki m\u00f3zgowej, techniki izolacji mRNA i&nbsp;odwrotnej transkrypcji oraz metody Real-Time PCR<\/p>\n<p>&#8211; analiza izoform D&nbsp;i L&nbsp;kwasu mlekowego<\/p>\n<p>&#8211; oznaczanie steryd\u00f3w jajnikowych i&nbsp;nadnerczowych metod\u0105 HPLC<\/p>\n<p>&#8211; oznaczanie ubichinonu Q9 i&nbsp;Q10 w&nbsp;\u017c\u00f3\u0142ci owiec z&nbsp;wykorzystaniem HPLC<\/p>\n<p>&#8211; izolacja i&nbsp;hodowla <i>in vitro<\/i> kom\u00f3rek w\u0105troby szczur\u00f3w (hepatocyt\u00f3w, kom\u00f3rek owalnych i&nbsp;kom\u00f3rek gwia\u017adzistych)<\/p>\n<p>&#8211; izolacja limfocyt\u00f3w i&nbsp;neutrofili z&nbsp;krwi obwodowej, hodowla kom\u00f3rek krwi w&nbsp;warunkach <i>in vitro<\/i><\/p>\n<p>&#8211; badanie aktywno\u015bci wydzielniczej leukocyt\u00f3w na podstawie uwalniania enzym\u00f3w i&nbsp;wolnych rodnik\u00f3w<\/p>\n<p>&#8211; techniki: ELISA, HPLC, chromatografii niskoci\u015bnieniowej kolumnowej oraz oceny krzepni\u0119cia krwi (endogenny potencja\u0142 trombiny)<\/p>\n<p><strong>G\u0142\u00f3wne kierunki bada\u0144 realizowanych w&nbsp;Zak\u0142adzie Patofizjologii:<\/strong><\/p>\n<p>&#8211; Patomechanizm rozwoju rozwoju torbieli jajnikowych u&nbsp;owiec<\/p>\n<p>&#8211; Udzia\u0142 leptyny i&nbsp;receptor\u00f3w leptynowych w&nbsp;patomechanizmach zaburze\u0144 aktywno\u015bci wydzielniczej przysadki u&nbsp;owiec.<\/p>\n<p>&#8211; Zaburzenia r\u00f3wnowagi oksydo-redukcyjnej w\u0105troby u&nbsp;owiec.<\/p>\n<p>&#8211; Udzia\u0142 progenitorowych kom\u00f3rek owalnych w&nbsp;procesach regeneracji w\u0105troby w&nbsp;nowotworowych i&nbsp;nienowotworowych uszkodzeniach tego narz\u0105du.<\/p>\n<p>&#8211; Udzia\u0142 kom\u00f3rek gwia\u017adzistych w\u0105troby w&nbsp;procesach zw\u0142\u00f3knienia i&nbsp;marsko\u015bci u&nbsp;szczur\u00f3w.<\/p>\n<p>&#8211; Aktywno\u015b\u0107 proliferacyjna limfocyt\u00f3w izolowanych z&nbsp;krwi.<\/p>\n<p>&#8211; Aktywno\u015b\u0107 sekrecyjna neutrofili i&nbsp;ich udzia\u0142 w&nbsp;destrukcyjnej odpowiedzi zapalnej w&nbsp;przebiegu chor\u00f3b uk\u0142adu oddechowego i&nbsp;rozrodczego u&nbsp;r\u00f3\u017cnych gatunk\u00f3w zwierz\u0105t.<\/p>\n<p>&#8211; Zaburzenia krzepni\u0119cia oraz powi\u0105zania uk\u0142adu krzepni\u0119cia i&nbsp;reakcji zapalnych w&nbsp;chorobach byd\u0142a i&nbsp;ps\u00f3w.<\/p>\n<p>&#8211; Znaczenie neutrofilowych peptyd\u00f3w antybakteryjnych w&nbsp;patogenezie i&nbsp;terapii chor\u00f3b.<\/p>\n<div><strong>Zak\u0142ad Toksykologii i&nbsp;Ochrony \u015arodowiska oferuje oznaczenia pierwiastk\u00f3w w&nbsp;pr\u00f3bkach gleby, wody, \u017cywno\u015bci, paszach, surowcach pochodzenia zwierz\u0119cego i&nbsp;ro\u015blinnego metod\u0105 absorpcyjnej spektrometrii atomowej AAS.<\/strong><\/div>\n<div>\u00a0<\/div>\n<div>Zak\u0142ad dysponuje nast\u0119puj\u0105ca aparatur\u0105:<\/div>\n<p>Spektrometry : p\u0142omieniowy Avanta PH, GBC, kuweta grafitowa \u2013 SpectrA 220Z; mineralizator mikrofalowy \u2013 Multiwave 2000, Anton Paar; analizator rt\u0119ci z&nbsp;technik\u0105 wymiennych par \u2013 MA \u20132, NIC.<\/p>\n<div>Jednostka oferuje analizy z&nbsp;zakresu:<\/div>\n<p>&#8211; przygotowywanie pr\u00f3b do analizy (ekstrakcja, mineralizacja)<\/p>\n<p>&#8211; analiza ilo\u015bciowa \u015blad\u00f3w i&nbsp;mikro\u015blad\u00f3w w&nbsp;materiale biologicznym i&nbsp;\u015brodowiskowym technika p\u0142omieniow\u0105 FAAS (Mg, Ca, Zn, Mn, Fe, Cu) i&nbsp;bezp\u0142omieniow\u0105 (Cd, Pb,Cu, Ni, Co, Cr, Mn)<\/p>\n<p>&#8211; analiza ilo\u015bciowa Hg metod\u0105 CVAAS<\/p>\n                                        <\/div>\n\t\t\t\t\t\t                                <\/div>\n\t\t\t\t\t\t<\/div>\n\t<\/div>\n<\/section>\n\t\t<\/div>\n\t\t\t\t<\/div>\n\t\t\t\t\t\t<\/div>\n\t\t\t\t\t<\/div>\n\t\t<\/div>\n\t\t\t\t\t\t\t\t<\/div>\n\t\t\t\t\t<\/div>\n\t\t<\/section>\n\t\t\t\t\t\t<\/div>\n\t\t\t\t\t\t<\/div>\n\t\t\t\t\t<\/div>\n\t\t","protected":false},"excerpt":{"rendered":"<p>Katedra Przedklinicznych Nauk Weterynaryjnych UP Wydzia\u0142 Medycyny Weterynaryjnej Dydaktyka Badania Historia Konferencje Oferta naukowo-badawcza A. Przedmioty obligatoryjne realizowane dla student\u00f3w Wydzia\u0142u Medycyny Weterynaryjnej(wyk\u0142ady i&nbsp;\u0107wiczenia na studiach stacjonarnych i&nbsp;niestacjonarnych): Patofizjologia Farmakologia weterynaryjna Farmacja weterynaryjna Toksykologia Weterynaryjna wyk\u0142ady i&nbsp;\u0107wiczenia z&nbsp;przedmiotu Ochrona \u015arodowiska B. Przedmioty obligatoryjne realizowane dla student\u00f3w Wydzia\u0142u Nauk o&nbsp;\u017bywno\u015bci i&nbsp;Biotechnologii (wyk\u0142ady i&nbsp;\u0107wiczenia na studiach stacjonarnych [&hellip;]<\/p>\n","protected":false},"author":2,"featured_media":0,"parent":317,"menu_order":0,"comment_status":"closed","ping_status":"closed","template":"elementor_header_footer","meta":{"_monsterinsights_skip_tracking":false,"_monsterinsights_sitenote_active":false,"_monsterinsights_sitenote_note":"","_monsterinsights_sitenote_category":0},"_links":{"self":[{"href":"https:\/\/up.lublin.pl\/weterynaria\/wp-json\/wp\/v2\/pages\/140732"}],"collection":[{"href":"https:\/\/up.lublin.pl\/weterynaria\/wp-json\/wp\/v2\/pages"}],"about":[{"href":"https:\/\/up.lublin.pl\/weterynaria\/wp-json\/wp\/v2\/types\/page"}],"author":[{"embeddable":true,"href":"https:\/\/up.lublin.pl\/weterynaria\/wp-json\/wp\/v2\/users\/2"}],"replies":[{"embeddable":true,"href":"https:\/\/up.lublin.pl\/weterynaria\/wp-json\/wp\/v2\/comments?post=140732"}],"version-history":[{"count":31,"href":"https:\/\/up.lublin.pl\/weterynaria\/wp-json\/wp\/v2\/pages\/140732\/revisions"}],"predecessor-version":[{"id":155625,"href":"https:\/\/up.lublin.pl\/weterynaria\/wp-json\/wp\/v2\/pages\/140732\/revisions\/155625"}],"up":[{"embeddable":true,"href":"https:\/\/up.lublin.pl\/weterynaria\/wp-json\/wp\/v2\/pages\/317"}],"wp:attachment":[{"href":"https:\/\/up.lublin.pl\/weterynaria\/wp-json\/wp\/v2\/media?parent=140732"}],"curies":[{"name":"wp","href":"https:\/\/api.w.org\/{rel}","templated":true}]}}