{"id":995,"date":"2021-01-18T10:02:52","date_gmt":"2021-01-18T09:02:52","guid":{"rendered":"http:\/\/nowastrona.up.lublin.pl\/srodowiskowa\/?page_id=995"},"modified":"2021-05-07T13:07:39","modified_gmt":"2021-05-07T11:07:39","slug":"galeria-zdjec","status":"publish","type":"page","link":"https:\/\/up.lublin.pl\/srodowiskowa\/projekty-badawcze\/salix\/galeria-zdjec\/","title":{"rendered":"Galeria zdj\u0119\u0107"},"content":{"rendered":"\t\t<div data-elementor-type=\"wp-page\" data-elementor-id=\"995\" class=\"elementor elementor-995\" data-elementor-settings=\"[]\">\n\t\t\t\t\t\t<div class=\"elementor-inner\">\n\t\t\t\t\t\t\t<div class=\"elementor-section-wrap\">\n\t\t\t\t\t\t\t<section class=\"elementor-section elementor-top-section elementor-element elementor-element-b5a5d9e elementor-section-boxed elementor-section-height-default elementor-section-height-default\" data-id=\"b5a5d9e\" data-element_type=\"section\">\n\t\t\t\t\t\t<div class=\"elementor-container elementor-column-gap-default\">\n\t\t\t\t\t\t\t<div class=\"elementor-row\">\n\t\t\t\t\t<div class=\"elementor-column elementor-col-100 elementor-top-column elementor-element elementor-element-8313efc\" data-id=\"8313efc\" data-element_type=\"column\">\n\t\t\t<div class=\"elementor-column-wrap elementor-element-populated\">\n\t\t\t\t\t\t\t<div class=\"elementor-widget-wrap\">\n\t\t\t\t\t\t<div class=\"elementor-element elementor-element-e2c63cc elementor-widget elementor-widget-m5c\" data-id=\"e2c63cc\" data-element_type=\"widget\" data-widget_type=\"m5c.default\">\n\t\t\t\t<div class=\"elementor-widget-container\">\n\t\t\t<section class=\"mn-m5-c mn-m5-d2 mn-bg-white\">\n\t<div class=\"mn-grid\">\n\t\t\t\t<div class=\"mn-content mn-grid-9\">\n\t\t\t                <div class=\"mn-content-block active\">\n\t                                                        <div class=\"block-text\">\n\t                                        <h5><a href=\"https:\/\/up.lublin.pl\/srodowiskowa\/projekty-badawcze\/salix\/\">\u2190 powr\u00f3t<\/a><\/h5>\n                                        <\/div>\n\t\t\t\t\t\t                                                        <div class=\"block-text\">\n\t                                        <h5>\u00a0<\/h5>\n<h5 style=\"text-align: center;\">(kliknij na zdj\u0119cie, aby je powi\u0119kszy\u0107)<\/h5>\n<p style=\"text-align: center;\">Reintrodukowane osobniki Salix lapponum<\/p>\n<p style=\"text-align: center;\"><a href=\"http:\/\/nowastrona.up.lublin.pl\/srodowiskowa\/wp-content\/uploads\/sites\/5\/2021\/01\/Reintrodukowane-osobniki-Salix-lapponum.jpg\"><img loading=\"lazy\" class=\"aligncenter wp-image-1106\" src=\"http:\/\/nowastrona.up.lublin.pl\/srodowiskowa\/wp-content\/uploads\/sites\/5\/2021\/01\/Reintrodukowane-osobniki-Salix-lapponum.jpg\" alt=\"\" width=\"332\" height=\"220\" \/><\/a><\/p>\n<p style=\"text-align: center;\">Sadzenie ro\u015blin 2018<\/p>\n<p><a href=\"http:\/\/nowastrona.up.lublin.pl\/srodowiskowa\/wp-content\/uploads\/sites\/5\/2021\/01\/Sadzenie-ro\u015blin-2018.jpg\"><img loading=\"lazy\" class=\"aligncenter wp-image-1110\" src=\"http:\/\/nowastrona.up.lublin.pl\/srodowiskowa\/wp-content\/uploads\/sites\/5\/2021\/01\/Sadzenie-ro\u015blin-2018.jpg\" alt=\"\" width=\"336\" height=\"222\" \/><\/a><\/p>\n<p style=\"text-align: center;\">Transport sadzonek na torfowisko<\/p>\n<p style=\"text-align: center;\"><a href=\"http:\/\/nowastrona.up.lublin.pl\/srodowiskowa\/wp-content\/uploads\/sites\/5\/2021\/01\/Transport-sadzonek-na-torfowisko-1.jpg\"><img loading=\"lazy\" class=\"aligncenter wp-image-1122\" src=\"http:\/\/nowastrona.up.lublin.pl\/srodowiskowa\/wp-content\/uploads\/sites\/5\/2021\/01\/Transport-sadzonek-na-torfowisko-1.jpg\" alt=\"\" width=\"345\" height=\"229\" \/><\/a><\/p>\n<p style=\"text-align: center;\">Znakowanie reintrodukowanych osobnik\u00f3w S. lapponum i&nbsp;S. myrtilloides<\/p>\n<p style=\"text-align: center;\"><a href=\"http:\/\/nowastrona.up.lublin.pl\/srodowiskowa\/wp-content\/uploads\/sites\/5\/2021\/01\/Znakowanie-reintrodukowanych-osobnik\u00f3w-S.-lapponum-i-S.-myrtilloides.jpg\"><img loading=\"lazy\" class=\"aligncenter wp-image-1134\" src=\"http:\/\/nowastrona.up.lublin.pl\/srodowiskowa\/wp-content\/uploads\/sites\/5\/2021\/01\/Znakowanie-reintrodukowanych-osobnik\u00f3w-S.-lapponum-i-S.-myrtilloides.jpg\" alt=\"\" width=\"328\" height=\"217\" \/><\/a><\/p>\n<p style=\"text-align: center;\">Pomiary biometryczne reintrodukowanej ro\u015bliny Salix myrtilloides<\/p>\n<p><a href=\"http:\/\/nowastrona.up.lublin.pl\/srodowiskowa\/wp-content\/uploads\/sites\/5\/2021\/01\/Pomiary-biometryczne-reintrodukowanej-ro\u015bliny-Salix-myrtilloides-1.jpg\"><img loading=\"lazy\" class=\"aligncenter wp-image-1078\" src=\"http:\/\/nowastrona.up.lublin.pl\/srodowiskowa\/wp-content\/uploads\/sites\/5\/2021\/01\/Pomiary-biometryczne-reintrodukowanej-ro\u015bliny-Salix-myrtilloides-1.jpg\" alt=\"\" width=\"347\" height=\"230\" \/><\/a><\/p>\n<p style=\"text-align: center;\">Badania florystyczne na torfowisku Blizionki w&nbsp;Poleskim Parku Narodowym<\/p>\n<p><a href=\"http:\/\/nowastrona.up.lublin.pl\/srodowiskowa\/wp-content\/uploads\/sites\/5\/2021\/01\/Badania-florystyczne-na-torfowisku-Blizionki-w-Poleskim-Parku-Narodowym.jpg\"><img loading=\"lazy\" class=\"aligncenter wp-image-1046\" src=\"http:\/\/nowastrona.up.lublin.pl\/srodowiskowa\/wp-content\/uploads\/sites\/5\/2021\/01\/Badania-florystyczne-na-torfowisku-Blizionki-w-Poleskim-Parku-Narodowym.jpg\" alt=\"\" width=\"397\" height=\"263\" \/><\/a><\/p>\n<p style=\"text-align: center;\">Pomiary biometryczne reintrodukowanych ro\u015blin<\/p>\n<p style=\"text-align: center;\"><a href=\"http:\/\/nowastrona.up.lublin.pl\/srodowiskowa\/wp-content\/uploads\/sites\/5\/2021\/01\/Pomiary-biometryczne-reintrodukowanych-ro\u015blin.jpg\"><img loading=\"lazy\" class=\"aligncenter wp-image-1082\" src=\"http:\/\/nowastrona.up.lublin.pl\/srodowiskowa\/wp-content\/uploads\/sites\/5\/2021\/01\/Pomiary-biometryczne-reintrodukowanych-ro\u015blin.jpg\" alt=\"\" width=\"404\" height=\"267\" \/><\/a><\/p>\n<p style=\"text-align: center;\">Oznakowany osobnik Salix lapponum 2018<\/p>\n<p><a href=\"http:\/\/nowastrona.up.lublin.pl\/srodowiskowa\/wp-content\/uploads\/sites\/5\/2021\/01\/Oznakowany-osobnik-Salix-lapponum-2018.jpg\"><img loading=\"lazy\" class=\"aligncenter wp-image-1138\" src=\"http:\/\/nowastrona.up.lublin.pl\/srodowiskowa\/wp-content\/uploads\/sites\/5\/2021\/01\/Oznakowany-osobnik-Salix-lapponum-2018.jpg\" alt=\"\" width=\"408\" height=\"270\" \/><\/a><\/p>\n<p style=\"text-align: center;\">Oznakowanie ro\u015blin b\u0119d\u0105cych \u017ar\u00f3d\u0142em materia\u0142u ro\u015blinnego do uprawy ex situ<\/p>\n<p><a href=\"http:\/\/nowastrona.up.lublin.pl\/srodowiskowa\/wp-content\/uploads\/sites\/5\/2021\/01\/Oznakowanie-ro\u015blin-b\u0119d\u0105cych-\u017ar\u00f3d\u0142em-materia\u0142u-ro\u015blinnego-do-uprawy-ex-situ-1.jpg\"><img loading=\"lazy\" class=\"aligncenter wp-image-1066\" src=\"http:\/\/nowastrona.up.lublin.pl\/srodowiskowa\/wp-content\/uploads\/sites\/5\/2021\/01\/Oznakowanie-ro\u015blin-b\u0119d\u0105cych-\u017ar\u00f3d\u0142em-materia\u0142u-ro\u015blinnego-do-uprawy-ex-situ-1.jpg\" alt=\"\" width=\"425\" height=\"281\" \/><\/a><\/p>\n<p style=\"text-align: center;\">gotowe inspekty z&nbsp;pierwsz\u0105 parti\u0105 aklimatyzowanych ro\u015blin 2019<\/p>\n<p style=\"text-align: center;\"><a href=\"http:\/\/nowastrona.up.lublin.pl\/srodowiskowa\/wp-content\/uploads\/sites\/5\/2021\/01\/Gotowe-inspekty-z-pierwsz\u0105-parti\u0105-aklimatyzowanych-ro\u015blin-2019.jpg\"><img loading=\"lazy\" class=\"aligncenter wp-image-1054\" src=\"http:\/\/nowastrona.up.lublin.pl\/srodowiskowa\/wp-content\/uploads\/sites\/5\/2021\/01\/Gotowe-inspekty-z-pierwsz\u0105-parti\u0105-aklimatyzowanych-ro\u015blin-2019.jpg\" alt=\"\" width=\"398\" height=\"264\" \/><\/a><\/p>\n<p style=\"text-align: center;\">inspekty z&nbsp;wierzb\u0105 lapo\u0144sk\u0105 2019<\/p>\n<p><a href=\"http:\/\/nowastrona.up.lublin.pl\/srodowiskowa\/wp-content\/uploads\/sites\/5\/2021\/01\/Inspekty-z-wierzb\u0105-lapo\u0144sk\u0105-2019.jpg\"><img loading=\"lazy\" class=\"aligncenter wp-image-1058\" src=\"http:\/\/nowastrona.up.lublin.pl\/srodowiskowa\/wp-content\/uploads\/sites\/5\/2021\/01\/Inspekty-z-wierzb\u0105-lapo\u0144sk\u0105-2019.jpg\" alt=\"\" width=\"408\" height=\"270\" \/><\/a><\/p>\n<p style=\"text-align: center;\">prace w&nbsp;Terenowej Stacji Aklimatyzacji Ro\u015blin 2019<\/p>\n<p><a href=\"http:\/\/nowastrona.up.lublin.pl\/srodowiskowa\/wp-content\/uploads\/sites\/5\/2021\/01\/prace-w-Terenowej-Stacji-Aklimatyzacji-Ro\u015blin-2019-1.jpg\"><img loading=\"lazy\" class=\"aligncenter wp-image-1094\" src=\"http:\/\/nowastrona.up.lublin.pl\/srodowiskowa\/wp-content\/uploads\/sites\/5\/2021\/01\/prace-w-Terenowej-Stacji-Aklimatyzacji-Ro\u015blin-2019-1.jpg\" alt=\"\" width=\"407\" height=\"269\" \/><\/a><\/p>\n<p style=\"text-align: center;\">prace w&nbsp;Terenowej Stacji Aklimatyzacji Ro\u015blin 2019<\/p>\n<p style=\"text-align: center;\"><a href=\"http:\/\/nowastrona.up.lublin.pl\/srodowiskowa\/wp-content\/uploads\/sites\/5\/2021\/01\/prace-w-Terenowej-Stacji-Aklimatyzacji-Ro\u015blin-2019a.jpg\"><img loading=\"lazy\" class=\"aligncenter wp-image-1098\" src=\"http:\/\/nowastrona.up.lublin.pl\/srodowiskowa\/wp-content\/uploads\/sites\/5\/2021\/01\/prace-w-Terenowej-Stacji-Aklimatyzacji-Ro\u015blin-2019a.jpg\" alt=\"\" width=\"386\" height=\"256\" \/><\/a><\/p>\n<p style=\"text-align: center;\">prace w&nbsp;Terenowej Stacji Aklimatyzacji Ro\u015blin<\/p>\n<p><a href=\"http:\/\/nowastrona.up.lublin.pl\/srodowiskowa\/wp-content\/uploads\/sites\/5\/2021\/01\/prace-w-Terenowej-Stacji-Aklimatyzacji-Ro\u015blin.jpg\"><img loading=\"lazy\" class=\"aligncenter wp-image-1102\" src=\"http:\/\/nowastrona.up.lublin.pl\/srodowiskowa\/wp-content\/uploads\/sites\/5\/2021\/01\/prace-w-Terenowej-Stacji-Aklimatyzacji-Ro\u015blin.jpg\" alt=\"\" width=\"403\" height=\"267\" \/><\/a><\/p>\n<p style=\"text-align: center;\">oznakowane ro\u015bliny przed sadzeniem do inspekt\u00f3w<\/p>\n<p><a href=\"http:\/\/nowastrona.up.lublin.pl\/srodowiskowa\/wp-content\/uploads\/sites\/5\/2021\/01\/oznakowane-ro\u015bliny-przed-sadzeniem-do-inspekt\u00f3w.jpg\"><img loading=\"lazy\" class=\"aligncenter wp-image-1062\" src=\"http:\/\/nowastrona.up.lublin.pl\/srodowiskowa\/wp-content\/uploads\/sites\/5\/2021\/01\/oznakowane-ro\u015bliny-przed-sadzeniem-do-inspekt\u00f3w.jpg\" alt=\"\" width=\"400\" height=\"265\" \/><\/a><\/p>\n<p style=\"text-align: center;\">sadzenie ro\u015blin do inspekt\u00f3w, 2019<\/p>\n<p style=\"text-align: center;\"><a href=\"http:\/\/nowastrona.up.lublin.pl\/srodowiskowa\/wp-content\/uploads\/sites\/5\/2021\/01\/sadzenie-ro\u015blin-do-inspekt\u00f3w-2019.jpg\"><img loading=\"lazy\" class=\"aligncenter wp-image-1114\" src=\"http:\/\/nowastrona.up.lublin.pl\/srodowiskowa\/wp-content\/uploads\/sites\/5\/2021\/01\/sadzenie-ro\u015blin-do-inspekt\u00f3w-2019.jpg\" alt=\"\" width=\"395\" height=\"261\" \/><\/a><\/p>\n<p style=\"text-align: center;\">pocz\u0105tek budowy inspekt\u00f3w w&nbsp;Terenowej Stacji Aklimatyzacji Ro\u015blin<\/p>\n<p style=\"text-align: center;\"><a href=\"http:\/\/nowastrona.up.lublin.pl\/srodowiskowa\/wp-content\/uploads\/sites\/5\/2021\/01\/pocz\u0105tek-budowy-inspekt\u00f3w-w-Terenowej-Stacji-Aklimatyzacji-Ro\u015blin-1.jpg\"><img loading=\"lazy\" class=\"aligncenter wp-image-1070\" src=\"http:\/\/nowastrona.up.lublin.pl\/srodowiskowa\/wp-content\/uploads\/sites\/5\/2021\/01\/pocz\u0105tek-budowy-inspekt\u00f3w-w-Terenowej-Stacji-Aklimatyzacji-Ro\u015blin-1.jpg\" alt=\"\" width=\"388\" height=\"257\" \/><\/a><\/p>\n<p style=\"text-align: center;\">Wierzba lapo\u0144ska rok po reintrodukcji 2019<\/p>\n<p><a href=\"http:\/\/nowastrona.up.lublin.pl\/srodowiskowa\/wp-content\/uploads\/sites\/5\/2021\/01\/Wierzba-lapo\u0144ska-rok-po-reintrodukcji-2019-1.jpg\"><img loading=\"lazy\" class=\"aligncenter wp-image-1126\" src=\"http:\/\/nowastrona.up.lublin.pl\/srodowiskowa\/wp-content\/uploads\/sites\/5\/2021\/01\/Wierzba-lapo\u0144ska-rok-po-reintrodukcji-2019-1.jpg\" alt=\"\" width=\"417\" height=\"276\" \/><\/a><\/p>\n<p style=\"text-align: center;\">ekspertki w&nbsp;terenie &#8211; Blizionki, maj 2019<\/p>\n<p><a href=\"http:\/\/nowastrona.up.lublin.pl\/srodowiskowa\/wp-content\/uploads\/sites\/5\/2021\/01\/ekspertki-w-terenie-Blizionki-maj-2019.jpg\"><img loading=\"lazy\" class=\"aligncenter wp-image-1050\" src=\"http:\/\/nowastrona.up.lublin.pl\/srodowiskowa\/wp-content\/uploads\/sites\/5\/2021\/01\/ekspertki-w-terenie-Blizionki-maj-2019.jpg\" alt=\"\" width=\"392\" height=\"259\" \/><\/a><\/p>\n<p style=\"text-align: center;\">Prace terenowe w&nbsp;Puszczy Knyszy\u0144skiej, Rezerwat przyrody &#8220;Jezioro Wiejki&#8221;, 2019<\/p>\n<p style=\"text-align: center;\"><a href=\"http:\/\/nowastrona.up.lublin.pl\/srodowiskowa\/wp-content\/uploads\/sites\/5\/2021\/01\/Prace-terenowe-w-Puszczy-Knyszy\u0144skiej-Rezerwat-przyrody-Jezioro-Wiejki-2019a-1.jpg\"><img loading=\"lazy\" class=\"aligncenter wp-image-1090\" src=\"http:\/\/nowastrona.up.lublin.pl\/srodowiskowa\/wp-content\/uploads\/sites\/5\/2021\/01\/Prace-terenowe-w-Puszczy-Knyszy\u0144skiej-Rezerwat-przyrody-Jezioro-Wiejki-2019a-1.jpg\" alt=\"\" width=\"425\" height=\"282\" \/><\/a><\/p>\n<p style=\"text-align: center;\">Sadzenie ro\u015blin na torfowisku nad jeziorem D\u0142ugim w&nbsp;PPN, 2019<\/p>\n<p style=\"text-align: center;\"><a href=\"http:\/\/nowastrona.up.lublin.pl\/srodowiskowa\/wp-content\/uploads\/sites\/5\/2021\/01\/Sadzenie-ro\u015blin-na-torfowisku-nad-jeziorem-D\u0142ugim-w-PPN-2019-1.jpg\"><img loading=\"lazy\" class=\"aligncenter wp-image-1118\" src=\"http:\/\/nowastrona.up.lublin.pl\/srodowiskowa\/wp-content\/uploads\/sites\/5\/2021\/01\/Sadzenie-ro\u015blin-na-torfowisku-nad-jeziorem-D\u0142ugim-w-PPN-2019-1.jpg\" alt=\"\" width=\"430\" height=\"286\" \/><\/a><\/p>\n<p style=\"text-align: center;\">Pomiar fluorescencji chlorofilu a&nbsp;(w ramach okre\u015blania kondycji ro\u015blin wprowadzonych do \u015brodowiska naturalnego w&nbsp;2019 roku)<\/p>\n<p><a href=\"http:\/\/nowastrona.up.lublin.pl\/srodowiskowa\/wp-content\/uploads\/sites\/5\/2021\/01\/Pomiar-fluorescencji-chlorofilu-a-w-ramach-okre\u015blania-kondycji-ro\u015blin-wprowadzonych-do-\u015brodowiska-naturalnego-w-2019-roku-1.jpg\"><img loading=\"lazy\" class=\"aligncenter wp-image-1074\" src=\"http:\/\/nowastrona.up.lublin.pl\/srodowiskowa\/wp-content\/uploads\/sites\/5\/2021\/01\/Pomiar-fluorescencji-chlorofilu-a-w-ramach-okre\u015blania-kondycji-ro\u015blin-wprowadzonych-do-\u015brodowiska-naturalnego-w-2019-roku-1.jpg\" alt=\"\" width=\"420\" height=\"278\" \/><\/a><\/p>\n<p style=\"text-align: center;\">Prace terenowe podczas sadzenia wierzby lapo\u0144skiej na torfowisku nad jeziorem D\u0142ugim w&nbsp;Poleskim Parku Narodowym<\/p>\n<p><a href=\"http:\/\/nowastrona.up.lublin.pl\/srodowiskowa\/wp-content\/uploads\/sites\/5\/2021\/01\/Prace-terenowe-podczas-sadzenia-wierzby-lapo\u0144skiej-na-torfowisku-nad-jeiorem-D\u0142ugim-w-Poleskim-Parku-Narodowym-1.jpg\"><img loading=\"lazy\" class=\"aligncenter wp-image-1086\" src=\"http:\/\/nowastrona.up.lublin.pl\/srodowiskowa\/wp-content\/uploads\/sites\/5\/2021\/01\/Prace-terenowe-podczas-sadzenia-wierzby-lapo\u0144skiej-na-torfowisku-nad-jeiorem-D\u0142ugim-w-Poleskim-Parku-Narodowym-1.jpg\" alt=\"\" width=\"410\" height=\"273\" \/><\/a><\/p>\n<p style=\"text-align: center;\">Zesp\u00f3\u0142 projektowy wraz ze wsparciem student\u00f3w podczas sadzenia wierzby lapo\u0144skiej w&nbsp;Poleskim Parku Narodowym<\/p>\n<p><a href=\"http:\/\/nowastrona.up.lublin.pl\/srodowiskowa\/wp-content\/uploads\/sites\/5\/2021\/01\/Zesp\u00f3\u0142-projektowy-wraz-ze-wsparciem-student\u00f3w-podczas-sadzenia-wierzby-lapo\u0144skiej-w-Poleskim-Parku-Narodowym-1.jpg\"><img loading=\"lazy\" class=\"aligncenter wp-image-1130\" src=\"http:\/\/nowastrona.up.lublin.pl\/srodowiskowa\/wp-content\/uploads\/sites\/5\/2021\/01\/Zesp\u00f3\u0142-projektowy-wraz-ze-wsparciem-student\u00f3w-podczas-sadzenia-wierzby-lapo\u0144skiej-w-Poleskim-Parku-Narodowym-1.jpg\" alt=\"\" width=\"426\" height=\"283\" \/><\/a><\/p>\n                                        <\/div>\n\t\t\t\t\t\t                                <\/div>\n\t\t\t\t                <div class=\"mn-content-block\">\n\t                                <\/div>\n\t\t\t\t                <div class=\"mn-content-block\">\n\t                                <\/div>\n\t\t\t\t                <div class=\"mn-content-block\">\n\t                                <\/div>\n\t\t\t\t                <div class=\"mn-content-block\">\n\t                                <\/div>\n\t\t\t\t                <div class=\"mn-content-block\">\n\t                                <\/div>\n\t\t\t\t                <div class=\"mn-content-block\">\n\t                                <\/div>\n\t\t\t\t                <div class=\"mn-content-block\">\n\t                                <\/div>\n\t\t\t\t                <div class=\"mn-content-block\">\n\t                                <\/div>\n\t\t\t\t                <div class=\"mn-content-block\">\n\t                                <\/div>\n\t\t\t\t                <div class=\"mn-content-block\">\n\t                                <\/div>\n\t\t\t\t                <div class=\"mn-content-block\">\n\t                                <\/div>\n\t\t\t\t                <div class=\"mn-content-block\">\n\t                                <\/div>\n\t\t\t\t                <div class=\"mn-content-block\">\n\t                                <\/div>\n\t\t\t\t                <div class=\"mn-content-block\">\n\t                                <\/div>\n\t\t\t\t                <div class=\"mn-content-block\">\n\t                                <\/div>\n\t\t\t\t                <div class=\"mn-content-block\">\n\t                                <\/div>\n\t\t\t\t                <div class=\"mn-content-block\">\n\t                                <\/div>\n\t\t\t\t                <div class=\"mn-content-block\">\n\t                                <\/div>\n\t\t\t\t                <div class=\"mn-content-block\">\n\t                                <\/div>\n\t\t\t\t\t\t<\/div>\n\t<\/div>\n<\/section>\n\t\t<\/div>\n\t\t\t\t<\/div>\n\t\t\t\t\t\t<\/div>\n\t\t\t\t\t<\/div>\n\t\t<\/div>\n\t\t\t\t\t\t\t\t<\/div>\n\t\t\t\t\t<\/div>\n\t\t<\/section>\n\t\t\t\t\t\t<\/div>\n\t\t\t\t\t\t<\/div>\n\t\t\t\t\t<\/div>\n\t\t","protected":false},"excerpt":{"rendered":"<p>\u2190 powr\u00f3t \u00a0 (kliknij na zdj\u0119cie, aby je powi\u0119kszy\u0107) Reintrodukowane osobniki Salix lapponum Sadzenie ro\u015blin 2018 Transport sadzonek na torfowisko Znakowanie reintrodukowanych osobnik\u00f3w S. lapponum i&nbsp;S. myrtilloides Pomiary biometryczne reintrodukowanej ro\u015bliny Salix myrtilloides Badania florystyczne na torfowisku Blizionki w&nbsp;Poleskim Parku Narodowym Pomiary biometryczne reintrodukowanych ro\u015blin Oznakowany osobnik Salix lapponum 2018 Oznakowanie ro\u015blin b\u0119d\u0105cych \u017ar\u00f3d\u0142em materia\u0142u [&hellip;]<\/p>\n","protected":false},"author":2,"featured_media":0,"parent":885,"menu_order":0,"comment_status":"closed","ping_status":"closed","template":"elementor_header_footer","meta":{"_monsterinsights_skip_tracking":false,"_monsterinsights_sitenote_active":false,"_monsterinsights_sitenote_note":"","_monsterinsights_sitenote_category":0},"_links":{"self":[{"href":"https:\/\/up.lublin.pl\/srodowiskowa\/wp-json\/wp\/v2\/pages\/995"}],"collection":[{"href":"https:\/\/up.lublin.pl\/srodowiskowa\/wp-json\/wp\/v2\/pages"}],"about":[{"href":"https:\/\/up.lublin.pl\/srodowiskowa\/wp-json\/wp\/v2\/types\/page"}],"author":[{"embeddable":true,"href":"https:\/\/up.lublin.pl\/srodowiskowa\/wp-json\/wp\/v2\/users\/2"}],"replies":[{"embeddable":true,"href":"https:\/\/up.lublin.pl\/srodowiskowa\/wp-json\/wp\/v2\/comments?post=995"}],"version-history":[{"count":13,"href":"https:\/\/up.lublin.pl\/srodowiskowa\/wp-json\/wp\/v2\/pages\/995\/revisions"}],"predecessor-version":[{"id":140360,"href":"https:\/\/up.lublin.pl\/srodowiskowa\/wp-json\/wp\/v2\/pages\/995\/revisions\/140360"}],"up":[{"embeddable":true,"href":"https:\/\/up.lublin.pl\/srodowiskowa\/wp-json\/wp\/v2\/pages\/885"}],"wp:attachment":[{"href":"https:\/\/up.lublin.pl\/srodowiskowa\/wp-json\/wp\/v2\/media?parent=995"}],"curies":[{"name":"wp","href":"https:\/\/api.w.org\/{rel}","templated":true}]}}