{"id":340,"date":"2020-12-16T13:08:00","date_gmt":"2020-12-16T12:08:00","guid":{"rendered":"http:\/\/nowastrona.up.lublin.pl\/srodowiskowa\/?page_id=340"},"modified":"2020-12-16T13:10:03","modified_gmt":"2020-12-16T12:10:03","slug":"towarzystwa-naukowe","status":"publish","type":"page","link":"https:\/\/up.lublin.pl\/srodowiskowa\/towarzystwa-naukowe\/","title":{"rendered":"Towarzystwa Naukowe"},"content":{"rendered":"\t\t<div data-elementor-type=\"wp-page\" data-elementor-id=\"340\" class=\"elementor elementor-340\" data-elementor-settings=\"[]\">\n\t\t\t\t\t\t<div class=\"elementor-inner\">\n\t\t\t\t\t\t\t<div class=\"elementor-section-wrap\">\n\t\t\t\t\t\t\t<section class=\"elementor-section elementor-top-section elementor-element elementor-element-fd08540 elementor-section-boxed elementor-section-height-default elementor-section-height-default\" data-id=\"fd08540\" data-element_type=\"section\">\n\t\t\t\t\t\t<div class=\"elementor-container elementor-column-gap-default\">\n\t\t\t\t\t\t\t<div class=\"elementor-row\">\n\t\t\t\t\t<div class=\"elementor-column elementor-col-100 elementor-top-column elementor-element elementor-element-0687da3\" data-id=\"0687da3\" data-element_type=\"column\">\n\t\t\t<div class=\"elementor-column-wrap elementor-element-populated\">\n\t\t\t\t\t\t\t<div class=\"elementor-widget-wrap\">\n\t\t\t\t\t\t<div class=\"elementor-element elementor-element-14c2c9c elementor-widget elementor-widget-m2e\" data-id=\"14c2c9c\" data-element_type=\"widget\" data-widget_type=\"m2e.default\">\n\t\t\t\t<div class=\"elementor-widget-container\">\n\t\t\t<section class=\"mn-m2-e mn-bg-green\">\n\t<div class=\"mn-grid\">\n\t\t<div class=\"mn-grid-3 mn-introtext\">\n\t\t\t\t\t\t\t<p class=\"mn-header\">Wydzia\u0142 Biologii \u015arodowiskowej<\/p>\n\t\t\t\t\t\t\t\t\t\t\t<h3>\n\t\t\t\t\tTowarzystwa Naukowe\t\t\t\t<\/h3>\n\t\t\t\t\t\t\t\t\t\t\t\t<\/div>\n\t\t<div class=\"mn-grid-9 mn-image-container\">\n\t\t\t\t\t<\/div>\n\t<\/div>\n\t<\/section>\n\t\t<\/div>\n\t\t\t\t<\/div>\n\t\t\t\t\t\t<\/div>\n\t\t\t\t\t<\/div>\n\t\t<\/div>\n\t\t\t\t\t\t\t\t<\/div>\n\t\t\t\t\t<\/div>\n\t\t<\/section>\n\t\t\t\t<section class=\"elementor-section elementor-top-section elementor-element elementor-element-f76c5f8 elementor-section-boxed elementor-section-height-default elementor-section-height-default\" data-id=\"f76c5f8\" data-element_type=\"section\">\n\t\t\t\t\t\t<div class=\"elementor-container elementor-column-gap-default\">\n\t\t\t\t\t\t\t<div class=\"elementor-row\">\n\t\t\t\t\t<div class=\"elementor-column elementor-col-100 elementor-top-column elementor-element elementor-element-7730168\" data-id=\"7730168\" data-element_type=\"column\">\n\t\t\t<div class=\"elementor-column-wrap elementor-element-populated\">\n\t\t\t\t\t\t\t<div class=\"elementor-widget-wrap\">\n\t\t\t\t\t\t<div class=\"elementor-element elementor-element-c39cbb8 elementor-widget elementor-widget-m5c\" data-id=\"c39cbb8\" data-element_type=\"widget\" data-widget_type=\"m5c.default\">\n\t\t\t\t<div class=\"elementor-widget-container\">\n\t\t\t<section class=\"mn-m5-c mn-m5-d2 mn-bg-white\">\n\t<div class=\"mn-grid\">\n\t\t\t\t<div class=\"mn-content mn-grid-9\">\n\t\t\t                <div class=\"mn-content-block active\">\n\t                                                        <div class=\"block-text\">\n\t                                        <h3 style=\"text-align: center;\">Wybrane Towarzystwa Naukowe &#8211; dyscyplina nauki biologiczne:<\/h3>\n<p>Polskie Towarzystwo Biofizyczne &#8211; <a href=\"http:\/\/ptbf.pl\/\">ptbf.pl<\/a><\/p>\n<p>Polskie Towarzystwo Botaniczne \u2013 <a href=\"https:\/\/pbsociety.org.pl\">https:\/pbsociety.org.pl<\/a><\/p>\n<p>Polskie Towarzystwo Entomologiczne \u2013 <a href=\"http:\/\/pte.au.poznan.pl\/\">pte.au.poznan.pl<\/a><\/p>\n<p>Polskie Towarzystwo Fykologiczne \u2013 <a href=\"https:\/\/fykologia.pl\">fykologia.pl<\/a><\/p>\n<p>Polskie Towarzystwo Hydrobiologiczne \u2013 <a href=\"http:\/\/www.pth.home.pl\">www.pth.home.pl<\/a><\/p>\n<p>Polskie Towarzystwo Limnologiczne &#8211; <a href=\"http:\/\/ptlim.pl\/\">ptlim.pl<\/a><\/p>\n<p>Polskie Towarzystwo Mikrobiolog\u00f3w &#8211; <a href=\"https:\/\/www.microbiology.pl\/\">https:\/\/www.microbiology.pl<\/a><\/p>\n<div>Polskie Towarzystwo Ochrony Ptak\u00f3w &#8211; <a href=\"http:\/\/www.ptop.org.pl\">www.ptop.org.pl<\/a><\/div>\n<div>\u00a0<\/div>\n<div>\u00a0<\/div>\n                                        <\/div>\n\t\t\t\t\t\t                                <\/div>\n\t\t\t\t                <div class=\"mn-content-block\">\n\t                                <\/div>\n\t\t\t\t                <div class=\"mn-content-block\">\n\t                                <\/div>\n\t\t\t\t                <div class=\"mn-content-block\">\n\t                                <\/div>\n\t\t\t\t                <div class=\"mn-content-block\">\n\t                                <\/div>\n\t\t\t\t                <div class=\"mn-content-block\">\n\t                                <\/div>\n\t\t\t\t                <div class=\"mn-content-block\">\n\t                                <\/div>\n\t\t\t\t                <div class=\"mn-content-block\">\n\t                                <\/div>\n\t\t\t\t                <div class=\"mn-content-block\">\n\t                                <\/div>\n\t\t\t\t                <div class=\"mn-content-block\">\n\t                                <\/div>\n\t\t\t\t                <div class=\"mn-content-block\">\n\t                                <\/div>\n\t\t\t\t                <div class=\"mn-content-block\">\n\t                                <\/div>\n\t\t\t\t                <div class=\"mn-content-block\">\n\t                                <\/div>\n\t\t\t\t                <div class=\"mn-content-block\">\n\t                                <\/div>\n\t\t\t\t                <div class=\"mn-content-block\">\n\t                                <\/div>\n\t\t\t\t                <div class=\"mn-content-block\">\n\t                                <\/div>\n\t\t\t\t                <div class=\"mn-content-block\">\n\t                                <\/div>\n\t\t\t\t                <div class=\"mn-content-block\">\n\t                                <\/div>\n\t\t\t\t                <div class=\"mn-content-block\">\n\t                                <\/div>\n\t\t\t\t                <div class=\"mn-content-block\">\n\t                                <\/div>\n\t\t\t\t\t\t<\/div>\n\t<\/div>\n<\/section>\n\t\t<\/div>\n\t\t\t\t<\/div>\n\t\t\t\t\t\t<\/div>\n\t\t\t\t\t<\/div>\n\t\t<\/div>\n\t\t\t\t\t\t\t\t<\/div>\n\t\t\t\t\t<\/div>\n\t\t<\/section>\n\t\t\t\t\t\t<\/div>\n\t\t\t\t\t\t<\/div>\n\t\t\t\t\t<\/div>\n\t\t","protected":false},"excerpt":{"rendered":"<p>Wydzia\u0142 Biologii \u015arodowiskowej Towarzystwa Naukowe UP Wydzia\u0142 Biologii \u015arodowiskowej Wybrane Towarzystwa Naukowe &#8211; dyscyplina nauki biologiczne: Polskie Towarzystwo Biofizyczne &#8211; ptbf.pl Polskie Towarzystwo Botaniczne \u2013 https:\/pbsociety.org.pl Polskie Towarzystwo Entomologiczne \u2013 pte.au.poznan.pl Polskie Towarzystwo Fykologiczne \u2013 fykologia.pl Polskie Towarzystwo Hydrobiologiczne \u2013 www.pth.home.pl Polskie Towarzystwo Limnologiczne &#8211; ptlim.pl Polskie Towarzystwo Mikrobiolog\u00f3w &#8211; https:\/\/www.microbiology.pl Polskie Towarzystwo Ochrony Ptak\u00f3w [&hellip;]<\/p>\n","protected":false},"author":2,"featured_media":0,"parent":0,"menu_order":0,"comment_status":"closed","ping_status":"closed","template":"elementor_header_footer","meta":{"_monsterinsights_skip_tracking":false,"_monsterinsights_sitenote_active":false,"_monsterinsights_sitenote_note":"","_monsterinsights_sitenote_category":0},"_links":{"self":[{"href":"https:\/\/up.lublin.pl\/srodowiskowa\/wp-json\/wp\/v2\/pages\/340"}],"collection":[{"href":"https:\/\/up.lublin.pl\/srodowiskowa\/wp-json\/wp\/v2\/pages"}],"about":[{"href":"https:\/\/up.lublin.pl\/srodowiskowa\/wp-json\/wp\/v2\/types\/page"}],"author":[{"embeddable":true,"href":"https:\/\/up.lublin.pl\/srodowiskowa\/wp-json\/wp\/v2\/users\/2"}],"replies":[{"embeddable":true,"href":"https:\/\/up.lublin.pl\/srodowiskowa\/wp-json\/wp\/v2\/comments?post=340"}],"version-history":[{"count":7,"href":"https:\/\/up.lublin.pl\/srodowiskowa\/wp-json\/wp\/v2\/pages\/340\/revisions"}],"predecessor-version":[{"id":347,"href":"https:\/\/up.lublin.pl\/srodowiskowa\/wp-json\/wp\/v2\/pages\/340\/revisions\/347"}],"wp:attachment":[{"href":"https:\/\/up.lublin.pl\/srodowiskowa\/wp-json\/wp\/v2\/media?parent=340"}],"curies":[{"name":"wp","href":"https:\/\/api.w.org\/{rel}","templated":true}]}}