{"id":280,"date":"2020-11-26T14:07:01","date_gmt":"2020-11-26T13:07:01","guid":{"rendered":"http:\/\/nowastrona.up.lublin.pl\/srodowiskowa\/?page_id=280"},"modified":"2021-02-08T11:11:28","modified_gmt":"2021-02-08T10:11:28","slug":"projekty-badawcze","status":"publish","type":"page","link":"https:\/\/up.lublin.pl\/srodowiskowa\/projekty-badawcze\/","title":{"rendered":"Projekty badawcze"},"content":{"rendered":"\t\t<div data-elementor-type=\"wp-page\" data-elementor-id=\"280\" class=\"elementor elementor-280\" data-elementor-settings=\"[]\">\n\t\t\t\t\t\t<div class=\"elementor-inner\">\n\t\t\t\t\t\t\t<div class=\"elementor-section-wrap\">\n\t\t\t\t\t\t\t<section class=\"elementor-section elementor-top-section elementor-element elementor-element-644b0a1 elementor-section-boxed elementor-section-height-default elementor-section-height-default\" data-id=\"644b0a1\" data-element_type=\"section\">\n\t\t\t\t\t\t<div class=\"elementor-container elementor-column-gap-default\">\n\t\t\t\t\t\t\t<div class=\"elementor-row\">\n\t\t\t\t\t<div class=\"elementor-column elementor-col-100 elementor-top-column elementor-element elementor-element-e59de99\" data-id=\"e59de99\" data-element_type=\"column\">\n\t\t\t<div class=\"elementor-column-wrap elementor-element-populated\">\n\t\t\t\t\t\t\t<div class=\"elementor-widget-wrap\">\n\t\t\t\t\t\t<div class=\"elementor-element elementor-element-8bddb9b elementor-widget elementor-widget-m2e\" data-id=\"8bddb9b\" data-element_type=\"widget\" data-widget_type=\"m2e.default\">\n\t\t\t\t<div class=\"elementor-widget-container\">\n\t\t\t<section class=\"mn-m2-e mn-bg-green\">\n\t<div class=\"mn-grid\">\n\t\t<div class=\"mn-grid-3 mn-introtext\">\n\t\t\t\t\t\t\t<p class=\"mn-header\">Wydzia\u0142 Biologii \u015arodowiskowej<\/p>\n\t\t\t\t\t\t\t\t\t\t\t<h3>\n\t\t\t\t\tProjekty badawcze\t\t\t\t<\/h3>\n\t\t\t\t\t\t\t\t\t\t\t\t<\/div>\n\t\t<div class=\"mn-grid-9 mn-image-container\">\n\t\t\t\t\t<\/div>\n\t<\/div>\n\t<\/section>\n\t\t<\/div>\n\t\t\t\t<\/div>\n\t\t\t\t\t\t<\/div>\n\t\t\t\t\t<\/div>\n\t\t<\/div>\n\t\t\t\t\t\t\t\t<\/div>\n\t\t\t\t\t<\/div>\n\t\t<\/section>\n\t\t\t\t<section class=\"elementor-section elementor-top-section elementor-element elementor-element-e8ed98e elementor-section-boxed elementor-section-height-default elementor-section-height-default\" data-id=\"e8ed98e\" data-element_type=\"section\">\n\t\t\t\t\t\t<div class=\"elementor-container elementor-column-gap-default\">\n\t\t\t\t\t\t\t<div class=\"elementor-row\">\n\t\t\t\t\t<div class=\"elementor-column elementor-col-100 elementor-top-column elementor-element elementor-element-3a5baa4\" data-id=\"3a5baa4\" data-element_type=\"column\">\n\t\t\t<div class=\"elementor-column-wrap elementor-element-populated\">\n\t\t\t\t\t\t\t<div class=\"elementor-widget-wrap\">\n\t\t\t\t\t\t<div class=\"elementor-element elementor-element-987aad9 elementor-widget elementor-widget-m3d\" data-id=\"987aad9\" data-element_type=\"widget\" data-widget_type=\"m3d.default\">\n\t\t\t\t<div class=\"elementor-widget-container\">\n\t\t\t<section class=\"mn-m3-d\">\n    <div class=\"mn-grid\">\n        <h2 class=\"mn-grid-9 mn-title\"><\/h2>\n        <a href=\"https:\/\/up.lublin.pl\/srodowiskowa\/category\/projekty-badawcze\/\" class=\"mn-more mn-grid-3\">Zobacz wszystkie<\/a>\n\t\t            <div class=\"mn-events-list mn-grid-12\">\n\t\t\t\t                    <div class=\"mn-event\">\n                                                <div class=\"mn-image-container\">\n                            <img src=\"https:\/\/up.lublin.pl\/srodowiskowa\/wp-content\/uploads\/sites\/5\/2021\/03\/wbs4.jpg\" alt=\"\" \/>\n                                                    <\/div>\n                                                <div class=\"mn-content\">\n                            <h5 class=\"mn-date\">3 grudnia 2025<\/h5>\n                            <h3>Interdyscyplinarne podej\u015bcie ku zrozumieniu zr\u00f3\u017cnicowania, fizjologii i toksyczno\u015bci Prymnesium parvum<\/h3>\n                            <p>Tytu\u0142 projektu:\u00a0Interdyscyplinarne podej\u015bcie ku zrozumieniu...<\/p>\n                        <\/div>\n                        <a href=\"https:\/\/up.lublin.pl\/srodowiskowa\/interdyscyplinarne-podejscie-ku-zrozumieniu-zroznicowania-fizjologii-i-toksycznosci-prymnesium-parvum\/\"\n                           class=\"mn-more\">Zobacz wi\u0119cej<\/a>\n                    <\/div>\n\t\t\t\t\t                    <div class=\"mn-event\">\n                                                <div class=\"mn-image-container\">\n                            <img src=\"https:\/\/up.lublin.pl\/srodowiskowa\/wp-content\/uploads\/sites\/5\/2021\/03\/projekty_badawcze_wydzial.jpg\" alt=\"\" \/>\n                                                    <\/div>\n                                                <div class=\"mn-content\">\n                            <h5 class=\"mn-date\">20 listopada 2025<\/h5>\n                            <h3>Analiza w\u0142a\u015bciwo\u015bci fizyczno-chemicznych oraz biologicznych w\u00f3d zbiornika Biszcza-\u017bary<\/h3>\n                            <p>Tytu\u0142 projektu:\u00a0Analiza w\u0142a\u015bciwo\u015bci fizyczno-chemicznych...<\/p>\n                        <\/div>\n                        <a href=\"https:\/\/up.lublin.pl\/srodowiskowa\/analiza-wlasciwosci-fizyczno-chemicznych-oraz-biologicznych-wod-zbiornika-biszcza-zary\/\"\n                           class=\"mn-more\">Zobacz wi\u0119cej<\/a>\n                    <\/div>\n\t\t\t\t\t                    <div class=\"mn-event\">\n                                                <div class=\"mn-image-container\">\n                            <img src=\"https:\/\/up.lublin.pl\/srodowiskowa\/wp-content\/uploads\/sites\/5\/2021\/03\/eksperci.jpg\" alt=\"\" \/>\n                                                    <\/div>\n                                                <div class=\"mn-content\">\n                            <h5 class=\"mn-date\">13 listopada 2025<\/h5>\n                            <h3>Bior\u00f3\u017cnorodno\u015b\u0107 torfianek w ekosystemach le\u015bnych Poleskiego Parku Narodowego: struktura, funkcjonowanie i implikacje do zmian klimatu<\/h3>\n                            <p>Tytu\u0142 projektu:\u00a0Bior\u00f3\u017cnorodno\u015b\u0107 torfianek w ekosystemach...<\/p>\n                        <\/div>\n                        <a href=\"https:\/\/up.lublin.pl\/srodowiskowa\/bioroznorodnosc-torfianek-w-ekosystemach-lesnych-poleskiego-parku-narodowego-struktura-funkcjonowanie-i-implikacje-do-zmian-klimatu\/\"\n                           class=\"mn-more\">Zobacz wi\u0119cej<\/a>\n                    <\/div>\n\t\t\t\t\t                    <div class=\"mn-event\">\n                                                <div class=\"mn-image-container\">\n                            <img src=\"https:\/\/up.lublin.pl\/srodowiskowa\/wp-content\/uploads\/sites\/5\/2019\/07\/projekt-badawczy-5_ow.jpg\" alt=\"\" \/>\n                                                    <\/div>\n                                                <div class=\"mn-content\">\n                            <h5 class=\"mn-date\">29 pa\u017adziernika 2025<\/h5>\n                            <h3>Ochrona czynna i ograniczanie zagro\u017ce\u0144 dla r\u00f3\u017cnorodno\u015bci biologicznej cennych przyrodniczo teren\u00f3w mokrad\u0142owych wojew\u00f3dztwa lubelskiego<\/h3>\n                            <p>Tytu\u0142 projektu:\u00a0 Ochrona czynna i ograniczanie zagro\u017ce\u0144 dla...<\/p>\n                        <\/div>\n                        <a href=\"https:\/\/up.lublin.pl\/srodowiskowa\/ochrona-czynna-i-ograniczanie-zagrozen-dla-roznorodnosci-biologicznej-cennych-przyrodniczo-terenow-mokradlowych-wojewodztwa-lubelskiego\/\"\n                           class=\"mn-more\">Zobacz wi\u0119cej<\/a>\n                    <\/div>\n\t\t\t\t\t                    <div class=\"mn-event\">\n                                                <div class=\"mn-image-container\">\n                            <img src=\"https:\/\/up.lublin.pl\/srodowiskowa\/wp-content\/uploads\/sites\/5\/2021\/03\/eksperci.jpg\" alt=\"\" \/>\n                                                    <\/div>\n                                                <div class=\"mn-content\">\n                            <h5 class=\"mn-date\">25 lutego 2025<\/h5>\n                            <h3>NBS4Drought<\/h3>\n                            <p>Tytu\u0142 projektu:\u00a0NBS4Drought\r\n\r\n&nbsp;\r\n\r\nKonkurs:...<\/p>\n                        <\/div>\n                        <a href=\"https:\/\/up.lublin.pl\/srodowiskowa\/nbs4drought\/\"\n                           class=\"mn-more\">Zobacz wi\u0119cej<\/a>\n                    <\/div>\n\t\t\t\t\t                    <div class=\"mn-event\">\n                                                <div class=\"mn-image-container\">\n                            <img src=\"https:\/\/up.lublin.pl\/srodowiskowa\/wp-content\/uploads\/sites\/5\/2021\/03\/wbs4.jpg\" alt=\"\" \/>\n                                                    <\/div>\n                                                <div class=\"mn-content\">\n                            <h5 class=\"mn-date\">25 lutego 2025<\/h5>\n                            <h3>NatureScape \u2013 Enhancing Urban Sustainability for Environmental Quality and Human Well-being through Nature-Based Solutions Transformation Labs.<\/h3>\n                            <p>Tytu\u0142 projektu: \u201eNatureScape \u2013 Enhancing Urban...<\/p>\n                        <\/div>\n                        <a href=\"https:\/\/up.lublin.pl\/srodowiskowa\/naturescape-enhancing-urban-sustainability-for-environmental-quality-and-human-well-being-through-nature-based-solutions-transformation-labs\/\"\n                           class=\"mn-more\">Zobacz wi\u0119cej<\/a>\n                    <\/div>\n\t\t\t\t\t                    <div class=\"mn-event\">\n                                                <div class=\"mn-image-container\">\n                            <img src=\"https:\/\/up.lublin.pl\/srodowiskowa\/wp-content\/uploads\/sites\/5\/2019\/07\/projekt-badawczy-7_ow.jpg\" alt=\"\" \/>\n                                                    <\/div>\n                                                <div class=\"mn-content\">\n                            <h5 class=\"mn-date\">9 grudnia 2024<\/h5>\n                            <h3>Badanie oddzia\u0142ywa\u0144 molekularnych oraz aktywno\u015bci przeciwgrzybiczej pochodnych tiadiazoli\/kumaryny z wybranymi antybiotykami z grupy polien\u00f3w oraz azoli wykazuj\u0105cych w\u0142a\u015bciwo\u015bci synergistyczne lub antagonistyczne<\/h3>\n                            <p>Tytu\u0142 projektu:\u00a0Badanie oddzia\u0142ywa\u0144 molekularnych oraz...<\/p>\n                        <\/div>\n                        <a href=\"https:\/\/up.lublin.pl\/srodowiskowa\/badanie-oddzialywan-molekularnych-oraz-aktywnosci-przeciwgrzybiczej-pochodnych-tiadiazoli-kumaryny-z-wybranymi-antybiotykami-z-grupy-polienow-oraz-azoli-wykazujacych-wlasciwosci-synergistyczne-lub-ant\/\"\n                           class=\"mn-more\">Zobacz wi\u0119cej<\/a>\n                    <\/div>\n\t\t\t\t\t                    <div class=\"mn-event\">\n                                                <div class=\"mn-image-container\">\n                            <img src=\"https:\/\/up.lublin.pl\/srodowiskowa\/wp-content\/uploads\/sites\/5\/2021\/03\/projekty_badawcze_wydzial.jpg\" alt=\"\" \/>\n                                                    <\/div>\n                                                <div class=\"mn-content\">\n                            <h5 class=\"mn-date\">5 czerwca 2024<\/h5>\n                            <h3>Ocena po\u015bredniego oddzia\u0142ywania LW Bogdanka S.A. na ekosystemy torfowiskowe: aplikacyjny wymiar analiz fizyczno-chemicznych i mikrobiologicznych w\u00f3d<\/h3>\n                            <p>Tytu\u0142 projektu: Ocena po\u015bredniego oddzia\u0142ywania LW Bogdanka...<\/p>\n                        <\/div>\n                        <a href=\"https:\/\/up.lublin.pl\/srodowiskowa\/ocena-posredniego-oddzialywania-lw-bogdanka-s-a-na-ekosystemy-torfowiskowe-aplikacyjny-wymiar-analiz-fizyczno-chemicznych-i-mikrobiologicznych-wod\/\"\n                           class=\"mn-more\">Zobacz wi\u0119cej<\/a>\n                    <\/div>\n\t\t\t\t\t                    <div class=\"mn-event\">\n                                                <div class=\"mn-image-container\">\n                            <img src=\"https:\/\/up.lublin.pl\/srodowiskowa\/wp-content\/uploads\/sites\/5\/2019\/07\/projekt-badawczy-1_ow.jpg\" alt=\"\" \/>\n                                                    <\/div>\n                                                <div class=\"mn-content\">\n                            <h5 class=\"mn-date\">4 czerwca 2024<\/h5>\n                            <h3>Monitoring element\u00f3w hydrologicznych rzek i ciek\u00f3w oraz biologicznych stanu w\u00f3d powierzchniowych rzek, ciek\u00f3w, jezior i zbiornik\u00f3w wodnych w latach 2023-2024 na potrzeby oceny stanu lub potencja\u0142u ekologicznego jednolitych cz\u0119\u015bci w\u00f3d powierzchniowych na obszarach g\u00f3rniczych Lubelskiego W\u0119gla \u201eBogdanka\u201d S.A.<\/h3>\n                            <p>Tytu\u0142 projektu:\u00a0\u201eMonitoring element\u00f3w hydrologicznych rzek...<\/p>\n                        <\/div>\n                        <a href=\"https:\/\/up.lublin.pl\/srodowiskowa\/monitoring-elementow-hydrologicznych-rzek-i-ciekow-oraz-biologicznych-stanu-wod-powierzchniowych-rzek-ciekow-jezior-i-zbiornikow-wodnych-w-latach-2023-2024-na-potrzeby-oceny-stanu-lub-potencjalu-eko\/\"\n                           class=\"mn-more\">Zobacz wi\u0119cej<\/a>\n                    <\/div>\n\t\t\t\t\t                    <div class=\"mn-event\">\n                                                <div class=\"mn-image-container\">\n                            <img src=\"https:\/\/up.lublin.pl\/srodowiskowa\/wp-content\/uploads\/sites\/5\/2019\/07\/projekt-badawczy-4_ow.jpg\" alt=\"\" \/>\n                                                    <\/div>\n                                                <div class=\"mn-content\">\n                            <h5 class=\"mn-date\">6 grudnia 2023<\/h5>\n                            <h3>Ocena znaczenia \u0142\u0119g\u00f3w oraz innych zbiorowisk le\u015bnych Poleskiego Parku Narodowego, stanowi\u0105cych ekosystemy hydrogeniczne dla liczebno\u015bci i wyst\u0119powania p\u0142az\u00f3w jako alternatywnej bazy pokarmowej dla wydry (Lutra lutra)<\/h3>\n                            <p>Tytu\u0142 projektu:\u00a0Ocena znaczenia \u0142\u0119g\u00f3w oraz innych...<\/p>\n                        <\/div>\n                        <a href=\"https:\/\/up.lublin.pl\/srodowiskowa\/ocena-znaczenia-legow-oraz-innych-zbiorowisk-lesnych-poleskiego-parku-narodowego-stanowiacych-ekosystemy-hydrogeniczne-dla-liczebnosci-i-wystepowania-plazow-jako-alternatywnej-bazy-pokarmowej-dla-wyd\/\"\n                           class=\"mn-more\">Zobacz wi\u0119cej<\/a>\n                    <\/div>\n\t\t\t\t\t            <\/div>\n\t\t\t    <\/div>\n<\/section>\n\t\t<\/div>\n\t\t\t\t<\/div>\n\t\t\t\t\t\t<\/div>\n\t\t\t\t\t<\/div>\n\t\t<\/div>\n\t\t\t\t\t\t\t\t<\/div>\n\t\t\t\t\t<\/div>\n\t\t<\/section>\n\t\t\t\t\t\t<\/div>\n\t\t\t\t\t\t<\/div>\n\t\t\t\t\t<\/div>\n\t\t","protected":false},"excerpt":{"rendered":"<p>Wydzia\u0142 Biologii \u015arodowiskowej Projekty badawcze UP Wydzia\u0142 Biologii \u015arodowiskowej Zobacz wszystkie Brak wpis\u00f3w<\/p>\n","protected":false},"author":2,"featured_media":0,"parent":0,"menu_order":0,"comment_status":"closed","ping_status":"closed","template":"elementor_header_footer","meta":{"_monsterinsights_skip_tracking":false,"_monsterinsights_sitenote_active":false,"_monsterinsights_sitenote_note":"","_monsterinsights_sitenote_category":0},"_links":{"self":[{"href":"https:\/\/up.lublin.pl\/srodowiskowa\/wp-json\/wp\/v2\/pages\/280"}],"collection":[{"href":"https:\/\/up.lublin.pl\/srodowiskowa\/wp-json\/wp\/v2\/pages"}],"about":[{"href":"https:\/\/up.lublin.pl\/srodowiskowa\/wp-json\/wp\/v2\/types\/page"}],"author":[{"embeddable":true,"href":"https:\/\/up.lublin.pl\/srodowiskowa\/wp-json\/wp\/v2\/users\/2"}],"replies":[{"embeddable":true,"href":"https:\/\/up.lublin.pl\/srodowiskowa\/wp-json\/wp\/v2\/comments?post=280"}],"version-history":[{"count":30,"href":"https:\/\/up.lublin.pl\/srodowiskowa\/wp-json\/wp\/v2\/pages\/280\/revisions"}],"predecessor-version":[{"id":1337,"href":"https:\/\/up.lublin.pl\/srodowiskowa\/wp-json\/wp\/v2\/pages\/280\/revisions\/1337"}],"wp:attachment":[{"href":"https:\/\/up.lublin.pl\/srodowiskowa\/wp-json\/wp\/v2\/media?parent=280"}],"curies":[{"name":"wp","href":"https:\/\/api.w.org\/{rel}","templated":true}]}}