{"id":270,"date":"2020-11-26T13:42:06","date_gmt":"2020-11-26T12:42:06","guid":{"rendered":"http:\/\/nowastrona.up.lublin.pl\/srodowiskowa\/?page_id=270"},"modified":"2022-01-21T10:13:24","modified_gmt":"2022-01-21T09:13:24","slug":"historia","status":"publish","type":"page","link":"https:\/\/up.lublin.pl\/srodowiskowa\/wydzial\/historia\/","title":{"rendered":"Historia"},"content":{"rendered":"\t\t<div data-elementor-type=\"wp-page\" data-elementor-id=\"270\" class=\"elementor elementor-270\" data-elementor-settings=\"[]\">\n\t\t\t\t\t\t<div class=\"elementor-inner\">\n\t\t\t\t\t\t\t<div class=\"elementor-section-wrap\">\n\t\t\t\t\t\t\t<section class=\"elementor-section elementor-top-section elementor-element elementor-element-bd17219 elementor-section-boxed elementor-section-height-default elementor-section-height-default\" data-id=\"bd17219\" data-element_type=\"section\">\n\t\t\t\t\t\t<div class=\"elementor-container elementor-column-gap-default\">\n\t\t\t\t\t\t\t<div class=\"elementor-row\">\n\t\t\t\t\t<div class=\"elementor-column elementor-col-100 elementor-top-column elementor-element elementor-element-ab34262\" data-id=\"ab34262\" data-element_type=\"column\">\n\t\t\t<div class=\"elementor-column-wrap elementor-element-populated\">\n\t\t\t\t\t\t\t<div class=\"elementor-widget-wrap\">\n\t\t\t\t\t\t<div class=\"elementor-element elementor-element-b180428 elementor-widget elementor-widget-m2e\" data-id=\"b180428\" data-element_type=\"widget\" data-widget_type=\"m2e.default\">\n\t\t\t\t<div class=\"elementor-widget-container\">\n\t\t\t<section class=\"mn-m2-e mn-bg-green\">\n\t<div class=\"mn-grid\">\n\t\t<div class=\"mn-grid-3 mn-introtext\">\n\t\t\t\t\t\t\t<p class=\"mn-header\">Wydzia\u0142 Biologii \u015arodowiskowej<\/p>\n\t\t\t\t\t\t\t\t\t\t\t<h3>\n\t\t\t\t\tHistoria\t\t\t\t<\/h3>\n\t\t\t\t\t\t\t\t\t\t\t\t<\/div>\n\t\t<div class=\"mn-grid-9 mn-image-container\">\n\t\t\t\t\t<\/div>\n\t<\/div>\n\t<\/section>\n\t\t<\/div>\n\t\t\t\t<\/div>\n\t\t\t\t\t\t<\/div>\n\t\t\t\t\t<\/div>\n\t\t<\/div>\n\t\t\t\t\t\t\t\t<\/div>\n\t\t\t\t\t<\/div>\n\t\t<\/section>\n\t\t\t\t<section class=\"elementor-section elementor-top-section elementor-element elementor-element-92ea12a elementor-section-boxed elementor-section-height-default elementor-section-height-default\" data-id=\"92ea12a\" data-element_type=\"section\">\n\t\t\t\t\t\t<div class=\"elementor-container elementor-column-gap-default\">\n\t\t\t\t\t\t\t<div class=\"elementor-row\">\n\t\t\t\t\t<div class=\"elementor-column elementor-col-100 elementor-top-column elementor-element elementor-element-ea6e632\" data-id=\"ea6e632\" data-element_type=\"column\">\n\t\t\t<div class=\"elementor-column-wrap elementor-element-populated\">\n\t\t\t\t\t\t\t<div class=\"elementor-widget-wrap\">\n\t\t\t\t\t\t<div class=\"elementor-element elementor-element-c77b34d elementor-widget elementor-widget-m5c\" data-id=\"c77b34d\" data-element_type=\"widget\" data-widget_type=\"m5c.default\">\n\t\t\t\t<div class=\"elementor-widget-container\">\n\t\t\t<section class=\"mn-m5-c mn-m5-d2 mn-bg-white\">\n\t<div class=\"mn-grid\">\n\t\t\t\t<div class=\"mn-content mn-grid-9\">\n\t\t\t                <div class=\"mn-content-block active\">\n\t                                                        <div class=\"block-text\">\n\t                                        <p><strong>Wydzia\u0142 Biologii \u015arodowiskowej powsta\u0142 1 wrze\u015bnia 2019 roku na mocy uchwa\u0142y Senatu Uniwersytetu Przyrodniczego w&nbsp;Lublinie z&nbsp;dnia 29 marca 2019 roku (Uchwa\u0142a nr 49\/2018-2019). Na pierwszego dziekana Wydzia\u0142u powo\u0142any zosta\u0142 prof. dr hab. Tomasz Mieczan, a&nbsp;na prodziekana \u2013 prof. dr hab. Bo\u017cena Denisow.<\/strong><\/p>\n<p>Geneza powstania tego Wydzia\u0142u si\u0119ga ko\u0144ca XX wieku, kiedy to 1 wrze\u015bnia 1993 r. na Wydziale Zootechnicznym powo\u0142ano Oddzia\u0142 Ochrony \u015arodowiska, na bazie kt\u00f3rego sukcesywnie rozbudowywano kadr\u0119 naukow\u0105 w&nbsp;dziedzinie nauk biologicznych, g\u0142\u00f3wnie w&nbsp;dw\u00f3ch jednostkach, tzn. Katedrze Zoologii oraz Katedrze Hydrobiologii i&nbsp;Ichtiobiologii. By\u0142o to zwi\u0105zane z&nbsp;powo\u0142aniem na tym Wydziale w&nbsp;1991 r. kierunku studi\u00f3w \u2013 ochrona \u015brodowiska. W&nbsp;ci\u0105gu tych lat, kolejne w\u0142adze Wydzia\u0142u zwi\u0119ksza\u0142y \u201ekadr\u0119 biologiczn\u0105\u201d, pocz\u0105tkowo pozyskuj\u0105c j\u0105 z&nbsp;zewn\u0105trz, a&nbsp;p\u00f3\u017aniej przede wszystkim dbaj\u0105c o&nbsp;kszta\u0142cenie w\u0142asnych nauczycieli akademickich, umo\u017cliwiaj\u0105c im uzyskiwanie stopni i&nbsp;tytu\u0142\u00f3w naukowych w&nbsp;dziedzinie nauk biologicznych w&nbsp;r\u00f3\u017cnych uczelniach w&nbsp;Polsce (UMCS Lublin, UWM Olsztyn, Uniwersytet im. M. Kopernika w&nbsp;Toruniu, UPH Siedlce, Uniwersytet \u0141\u00f3dzki, Uniwersytet Szczeci\u0144ski). W&nbsp;2002 r. utworzono kolejny kierunek studi\u00f3w zwi\u0105zany z&nbsp;naukami biologicznymi \u2013 biologi\u0119 (w 2011 r. utworzono specjalno\u015b\u0107 biologia s\u0105dowa). Te fakty by\u0142y argumentem do zmiany nazwy Wydzia\u0142u, pocz\u0105tkowo na Biologii i&nbsp;Hodowli Zwierz\u0105t, a&nbsp;p\u00f3\u017aniej Biologii, Nauk o&nbsp;Zwierz\u0119tach i&nbsp;Biogospodarki. Posiadaj\u0105c odpowiedni\u0105 kadr\u0119 naukowo-dydaktyczn\u0105 z&nbsp;zakresu nauk biologicznych, zaplecze badawcze oraz baz\u0119 laboratoryjn\u0105, Uczelnia uzyska\u0142a w&nbsp;2018 roku uprawnienia do nadawania stopnia doktora w&nbsp;dyscyplinie biologia. Fakt ten pozwoli\u0142 JM Rektorowi Uniwersytetu Przyrodniczego w&nbsp;Lublinie \u2013 prof. dr hab. Zygmuntowi Litwi\u0144czukowi podj\u0105\u0107 inicjatyw\u0119 utworzenia nowego Wydzia\u0142u \u2013 Biologii \u015arodowiskowej, w&nbsp;struktury kt\u00f3rego wesz\u0142y dwie jednostki organizacyjne z&nbsp;Wydzia\u0142u Biologii, Nauk o&nbsp;Zwierz\u0119tach i&nbsp;Biogospodarki (Katedra Hydrobiologii i&nbsp;Ochrony Ekosystem\u00f3w oraz Katedra Zoologii i&nbsp;Ekologii Zwierz\u0105t) oraz po jednej jednostce z&nbsp;Wydzia\u0142u Ogrodnictwa i&nbsp;Architektury Krajobrazu (Katedra Botaniki i&nbsp;Fizjologii Ro\u015blin) i&nbsp;z Wydzia\u0142u In\u017cynierii Produkcji (Katedra Biofizyki). Od 2021 roku na Wydziale funkcjonuje nowa jednostka organizacyjna &#8211; Katedra Ekofizjologii Bezkr\u0119gowc\u00f3w i&nbsp;Biologii Eksperymentalnej. W&nbsp;roku 2021 po uzyskaniu pozytywnej opinii spo\u0142eczno\u015bci Wydzia\u0142u Biologii \u015arodowiskowej, JM Rektor UP w&nbsp;Lublinie prof. dr hab. Krzysztof Kowalczyk ponownie powo\u0142a\u0142 na funkcj\u0119 Dziekana Wydzia\u0142u prof. dr hab. Tomasza Mieczana, za\u015b na Prodziekana \u2013 prof. dr hab. Bo\u017cen\u0119 Denisow na kadencj\u0119 2021-2024. W&nbsp;momencie powstania Wydzia\u0142u kszta\u0142cenie odbywa\u0142o si\u0119 na kierunkach: biologia (studia I&nbsp;i II stopnia), ochrona \u015brodowiska (studia I&nbsp;i II stopnia) oraz biokosmetologia (studia I&nbsp;stopnia). W&nbsp;roku 2019 powo\u0142ano kolejny kierunek studi\u00f3w: Biobezpiecze\u0144stwo i&nbsp;zarz\u0105dzanie kryzysowe (studia I&nbsp;stopnia), w&nbsp;2020 roku kierunek Zarz\u0105dzanie i&nbsp;adaptacja do zmian klimatu (studia I&nbsp;stopnia), za\u015b w&nbsp;2021 roku kierunek Biokosmetologia (studia II stopnia).<\/p>\n                                        <\/div>\n\t\t\t\t\t\t                                                        <div class=\"block-text\">\n\t                                        <p>\u00a0<\/p>\n<p style=\"text-align: center\"><strong>W sk\u0142ad Wydzia\u0142u wchodz\u0105 nast\u0119puj\u0105ce jednostki organizacyjne:<\/strong><\/p>\n<p>\u00a0<\/p>\n<table style=\"width: 100.537%\" width=\"633\">\n<tbody>\n<tr>\n<td style=\"width: 254.931%\" colspan=\"2\" width=\"633\">\n<p style=\"text-align: center\"><strong>Struktura Wydzia\u0142u <\/strong><strong>Biologii \u015arodowiskowej<\/strong><\/p>\n<\/td>\n<\/tr>\n<tr>\n<td style=\"text-align: center;width: 52.4436%\" width=\"246\">\n<p><strong>Samodzielne jednostki organizacyjne<\/strong><\/p>\n<\/td>\n<td style=\"text-align: center;width: 202.488%\" width=\"387\">\n<p><strong>Podleg\u0142e jednostki<\/strong><\/p>\n<\/td>\n<\/tr>\n<tr>\n<td style=\"width: 52.4436%\" width=\"246\">\n<p><strong>Katedra Biofizyki<\/strong><\/p>\n<\/td>\n<td style=\"width: 202.488%\" width=\"387\">\n<ul style=\"list-style-type: circle\">\n<li>\u00a0 Zak\u0142ad Biofizyki Molekularnej<\/li>\n<li>\u00a0 Zak\u0142ad Fizyki Stosowanej<\/li>\n<li>Pracownia Biomechaniki<\/li>\n<\/ul>\n<\/td>\n<\/tr>\n<tr>\n<td style=\"width: 52.4436%\" width=\"246\">\n<p><strong>Katedra Botaniki i&nbsp;Fizjologii Ro\u015blin<\/strong><\/p>\n<\/td>\n<td style=\"width: 202.488%\" width=\"387\">\n<ul style=\"list-style-type: circle\">\n<li>\u00a0 Zak\u0142ad Aerobiologii<\/li>\n<li>\u00a0 Zak\u0142ad Biologii Ro\u015blin<\/li>\n<li>\u00a0 Zak\u0142ad Fizjologii i&nbsp;Biochemii Ro\u015blin<\/li>\n<\/ul>\n<\/td>\n<\/tr>\n<tr>\n<td style=\"width: 52.4436%\" width=\"246\">\n<p><strong>Katedra Hydrobiologii i&nbsp;Ochrony Ekosystem\u00f3w<\/strong><\/p>\n<\/td>\n<td style=\"width: 202.488%\" width=\"387\">\n<ul style=\"list-style-type: circle\">\n<li>\u00a0 Zak\u0142ad Ekologii Krajobrazu i&nbsp;Ochrony Przyrody<\/li>\n<li>\u00a0 Zak\u0142ad Hydrobotaniki<\/li>\n<\/ul>\n<\/td>\n<\/tr>\n<tr>\n<td style=\"width: 52.4436%\" width=\"246\">\n<p><strong>Katedra Zoologii i&nbsp;Ekologii Zwierz\u0105t <\/strong><\/p>\n<\/td>\n<td style=\"width: 202.488%\" width=\"387\">\n<ul style=\"list-style-type: circle\">\n<li>\u00a0Pracownia Bioindykacji \u015arodowiska<\/li>\n<\/ul>\n<\/td>\n<\/tr>\n<tr>\n<td style=\"width: 254.931%\" colspan=\"2\" width=\"633\">\n<p style=\"text-align: left\"><strong>Katedra Ekofizjologii Bezkr\u0119gowc\u00f3w i&nbsp;Biologii Eksperymentalnej<\/strong><\/p>\n<\/td>\n<\/tr>\n<\/tbody>\n<\/table>\n<p>\u00a0<\/p>\n<p>Na Wydziale zatrudnionych jest 5 profesor\u00f3w z&nbsp;tytu\u0142em naukowym w&nbsp;grupie pracownik\u00f3w badawczo-dydaktycznych, 20 profesor\u00f3w uczelni ze stopniem naukowym dr hab. w&nbsp;grupie pracownik\u00f3w badawczo-dydaktycznych, 1 profesor uczelni ze stopniem naukowym dr hab. w&nbsp;grupie pracownik\u00f3w dydaktycznych, 3 adiunkt\u00f3w ze stopniem naukowym dr hab. w&nbsp;grupie pracownik\u00f3w badawczo-dydaktycznych, 10 adiunkt\u00f3w ze stopniem naukowym dr w&nbsp;grupie pracownik\u00f3w badawczo-dydaktycznych, 7 adiunkt\u00f3w ze stopniem naukowym dr w&nbsp;grupie pracownik\u00f3w dydaktycznych, 3 asystent\u00f3w ze stopniem naukowym dr w&nbsp;grupie pracownik\u00f3w badawczo-dydaktycznych, 1 asystent ze stopniem naukowym mgr w&nbsp;grupie pracownik\u00f3w badawczo-dydaktycznych oraz 16 pracownik\u00f3w in\u017cynieryjno-technicznych.<\/p>\n                                        <\/div>\n\t\t\t\t\t\t                                <\/div>\n\t\t\t\t                <div class=\"mn-content-block\">\n\t                                <\/div>\n\t\t\t\t                <div class=\"mn-content-block\">\n\t                                <\/div>\n\t\t\t\t                <div class=\"mn-content-block\">\n\t                                <\/div>\n\t\t\t\t                <div class=\"mn-content-block\">\n\t                                <\/div>\n\t\t\t\t                <div class=\"mn-content-block\">\n\t                                <\/div>\n\t\t\t\t                <div class=\"mn-content-block\">\n\t                                <\/div>\n\t\t\t\t                <div class=\"mn-content-block\">\n\t                                <\/div>\n\t\t\t\t                <div class=\"mn-content-block\">\n\t                                <\/div>\n\t\t\t\t                <div class=\"mn-content-block\">\n\t                                <\/div>\n\t\t\t\t                <div class=\"mn-content-block\">\n\t                                <\/div>\n\t\t\t\t                <div class=\"mn-content-block\">\n\t                                <\/div>\n\t\t\t\t                <div class=\"mn-content-block\">\n\t                                <\/div>\n\t\t\t\t                <div class=\"mn-content-block\">\n\t                                <\/div>\n\t\t\t\t                <div class=\"mn-content-block\">\n\t                                <\/div>\n\t\t\t\t                <div class=\"mn-content-block\">\n\t                                <\/div>\n\t\t\t\t                <div class=\"mn-content-block\">\n\t                                <\/div>\n\t\t\t\t                <div class=\"mn-content-block\">\n\t                                <\/div>\n\t\t\t\t                <div class=\"mn-content-block\">\n\t                                <\/div>\n\t\t\t\t                <div class=\"mn-content-block\">\n\t                                <\/div>\n\t\t\t\t\t\t<\/div>\n\t<\/div>\n<\/section>\n\t\t<\/div>\n\t\t\t\t<\/div>\n\t\t\t\t\t\t<\/div>\n\t\t\t\t\t<\/div>\n\t\t<\/div>\n\t\t\t\t\t\t\t\t<\/div>\n\t\t\t\t\t<\/div>\n\t\t<\/section>\n\t\t\t\t\t\t<\/div>\n\t\t\t\t\t\t<\/div>\n\t\t\t\t\t<\/div>\n\t\t","protected":false},"excerpt":{"rendered":"<p>Wydzia\u0142 Biologii \u015arodowiskowej Historia UP Wydzia\u0142 Biologii \u015arodowiskowej Wydzia\u0142 Biologii \u015arodowiskowej powsta\u0142 1 wrze\u015bnia 2019 roku na mocy uchwa\u0142y Senatu Uniwersytetu Przyrodniczego w&nbsp;Lublinie z&nbsp;dnia 29 marca 2019 roku (Uchwa\u0142a nr 49\/2018-2019). Na pierwszego dziekana Wydzia\u0142u powo\u0142any zosta\u0142 prof. dr hab. Tomasz Mieczan, a&nbsp;na prodziekana \u2013 prof. dr hab. Bo\u017cena Denisow. Geneza powstania tego Wydzia\u0142u si\u0119ga [&hellip;]<\/p>\n","protected":false},"author":2,"featured_media":0,"parent":164,"menu_order":0,"comment_status":"closed","ping_status":"closed","template":"elementor_header_footer","meta":{"_monsterinsights_skip_tracking":false,"_monsterinsights_sitenote_active":false,"_monsterinsights_sitenote_note":"","_monsterinsights_sitenote_category":0},"_links":{"self":[{"href":"https:\/\/up.lublin.pl\/srodowiskowa\/wp-json\/wp\/v2\/pages\/270"}],"collection":[{"href":"https:\/\/up.lublin.pl\/srodowiskowa\/wp-json\/wp\/v2\/pages"}],"about":[{"href":"https:\/\/up.lublin.pl\/srodowiskowa\/wp-json\/wp\/v2\/types\/page"}],"author":[{"embeddable":true,"href":"https:\/\/up.lublin.pl\/srodowiskowa\/wp-json\/wp\/v2\/users\/2"}],"replies":[{"embeddable":true,"href":"https:\/\/up.lublin.pl\/srodowiskowa\/wp-json\/wp\/v2\/comments?post=270"}],"version-history":[{"count":9,"href":"https:\/\/up.lublin.pl\/srodowiskowa\/wp-json\/wp\/v2\/pages\/270\/revisions"}],"predecessor-version":[{"id":147737,"href":"https:\/\/up.lublin.pl\/srodowiskowa\/wp-json\/wp\/v2\/pages\/270\/revisions\/147737"}],"up":[{"embeddable":true,"href":"https:\/\/up.lublin.pl\/srodowiskowa\/wp-json\/wp\/v2\/pages\/164"}],"wp:attachment":[{"href":"https:\/\/up.lublin.pl\/srodowiskowa\/wp-json\/wp\/v2\/media?parent=270"}],"curies":[{"name":"wp","href":"https:\/\/api.w.org\/{rel}","templated":true}]}}