{"id":266,"date":"2020-11-26T13:41:21","date_gmt":"2020-11-26T12:41:21","guid":{"rendered":"http:\/\/nowastrona.up.lublin.pl\/srodowiskowa\/?page_id=266"},"modified":"2025-10-29T08:08:15","modified_gmt":"2025-10-29T07:08:15","slug":"komisje-wydzialowe","status":"publish","type":"page","link":"https:\/\/up.lublin.pl\/srodowiskowa\/wydzial\/komisje-wydzialowe\/","title":{"rendered":"Komisje wydzia\u0142owe"},"content":{"rendered":"\t\t<div data-elementor-type=\"wp-page\" data-elementor-id=\"266\" class=\"elementor elementor-266\" data-elementor-settings=\"[]\">\n\t\t\t\t\t\t<div class=\"elementor-inner\">\n\t\t\t\t\t\t\t<div class=\"elementor-section-wrap\">\n\t\t\t\t\t\t\t<section class=\"elementor-section elementor-top-section elementor-element elementor-element-f03d8aa elementor-section-boxed elementor-section-height-default elementor-section-height-default\" data-id=\"f03d8aa\" data-element_type=\"section\">\n\t\t\t\t\t\t<div class=\"elementor-container elementor-column-gap-default\">\n\t\t\t\t\t\t\t<div class=\"elementor-row\">\n\t\t\t\t\t<div class=\"elementor-column elementor-col-100 elementor-top-column elementor-element elementor-element-edb836b\" data-id=\"edb836b\" data-element_type=\"column\">\n\t\t\t<div class=\"elementor-column-wrap elementor-element-populated\">\n\t\t\t\t\t\t\t<div class=\"elementor-widget-wrap\">\n\t\t\t\t\t\t<div class=\"elementor-element elementor-element-d051168 elementor-widget elementor-widget-m2e\" data-id=\"d051168\" data-element_type=\"widget\" data-widget_type=\"m2e.default\">\n\t\t\t\t<div class=\"elementor-widget-container\">\n\t\t\t<section class=\"mn-m2-e mn-bg-green\">\n\t<div class=\"mn-grid\">\n\t\t<div class=\"mn-grid-3 mn-introtext\">\n\t\t\t\t\t\t\t<p class=\"mn-header\">Wydzia\u0142 Biologii \u015arodowiskowej<\/p>\n\t\t\t\t\t\t\t\t\t\t\t<h3>\n\t\t\t\t\tKomisje wydzia\u0142owe\t\t\t\t<\/h3>\n\t\t\t\t\t\t\t\t\t\t\t\t<\/div>\n\t\t<div class=\"mn-grid-9 mn-image-container\">\n\t\t\t\t\t<\/div>\n\t<\/div>\n\t<\/section>\n\t\t<\/div>\n\t\t\t\t<\/div>\n\t\t\t\t\t\t<\/div>\n\t\t\t\t\t<\/div>\n\t\t<\/div>\n\t\t\t\t\t\t\t\t<\/div>\n\t\t\t\t\t<\/div>\n\t\t<\/section>\n\t\t\t\t<section class=\"elementor-section elementor-top-section elementor-element elementor-element-33d9bd0 elementor-section-boxed elementor-section-height-default elementor-section-height-default\" data-id=\"33d9bd0\" data-element_type=\"section\">\n\t\t\t\t\t\t<div class=\"elementor-container elementor-column-gap-default\">\n\t\t\t\t\t\t\t<div class=\"elementor-row\">\n\t\t\t\t\t<div class=\"elementor-column elementor-col-100 elementor-top-column elementor-element elementor-element-213f2da\" data-id=\"213f2da\" data-element_type=\"column\">\n\t\t\t<div class=\"elementor-column-wrap elementor-element-populated\">\n\t\t\t\t\t\t\t<div class=\"elementor-widget-wrap\">\n\t\t\t\t\t\t<div class=\"elementor-element elementor-element-697f6a2 elementor-widget elementor-widget-m5c\" data-id=\"697f6a2\" data-element_type=\"widget\" data-widget_type=\"m5c.default\">\n\t\t\t\t<div class=\"elementor-widget-container\">\n\t\t\t<section class=\"mn-m5-c mn-m5-d2 mn-bg-white\">\n\t<div class=\"mn-grid\">\n\t\t\t\t<div class=\"mn-content mn-grid-9\">\n\t\t\t                <div class=\"mn-content-block active\">\n\t                                                        <ul class=\"mn-accordion\">\n                                            <li>\n                                                <h4 class=\"mn-accordion-title\">Rady Programowe dla kierunk\u00f3w studi\u00f3w realizowanych na Wydziale Biologii \u015arodowiskowej<\/h4>\n                                                <div>\n\t\t\t\t\t\t\t\t\t                <p style=\"text-align: center\">ZARZ\u0104DZENIE NR 96 <br \/>Rektora Uniwersytetu Przyrodniczego w&nbsp;Lublinie<\/p>\n<p style=\"text-align: center\">z dnia 15 pa\u017adziernika 2025 r.<\/p>\n<p style=\"text-align: center\">w sprawie zmiany Zarz\u0105dzenia nr 95 Rektora Uniwersytetu Przyrodniczego w&nbsp;Lublinie z&nbsp;dnia 2 pa\u017adziernika 2024 r. w&nbsp;sprawie powo\u0142ania rad programowych na kierunkach studi\u00f3w realizowanych na Wydziale Biologii \u015arodowiskowej <\/p>\n<p style=\"text-align: center\">Na podstawie \u00a753 Statutu Uniwersytetu Przyrodniczego w&nbsp;Lublinie zarz\u0105dza si\u0119, co nast\u0119puje:<\/p>\n<p style=\"text-align: left\">\u00a71 <br \/>W Zarz\u0105dzeniu nr 95 Rektora Uniwersytetu Przyrodniczego w&nbsp;Lublinie z&nbsp;dnia 2 pa\u017adziernika 2024 r. w&nbsp;sprawie powo\u0142ania rad programowych na kierunkach studi\u00f3w realizowanych na Wydziale Biologii \u015arodowiskowej wprowadza si\u0119 nast\u0119puj\u0105ce zmiany:<\/p>\n<p style=\"text-align: left\">1) \u00a71 otrzymuje brzmienie: <br \/>\u201e\u00a71 Powo\u0142uje si\u0119 Rad\u0119 programow\u0105 dla kierunku studi\u00f3w ochrona \u015brodowiska w&nbsp;nast\u0119puj\u0105cym sk\u0142adzie: <br \/>1) Przewodnicz\u0105cy: dr hab. Robert Stryjecki, prof. uczelni; <br \/>2) Cz\u0142onkowie: <br \/>a) dr hab. Grzegorz Grzywaczewski, prof. uczelni, <br \/>b) dr hab. Magdalena Pogorzelec, prof. uczelni, <br \/>c) dr hab. Mariusz Kulik, prof. uczelni, <br \/>d) dr hab. Barbara Sowi\u0144ska-\u015awierkosz, prof. uczelni, <br \/>e) Przedstawiciel student\u00f3w I&nbsp;stopnia, <br \/>f) Przedstawiciel student\u00f3w II I&nbsp;stopnia.\u201d; <\/p>\n<p style=\"text-align: left\">2) \u00a72 otrzymuje brzmienie: <br \/>\u201e\u00a72 Powo\u0142uje si\u0119 Rad\u0119 programow\u0105 dla kierunku studi\u00f3w biologia w&nbsp;nast\u0119puj\u0105cym sk\u0142adzie: <br \/>1) Przewodnicz\u0105cy: dr hab. Ma\u0142gorzata Adamczuk, prof. uczelni; <br \/>2) Cz\u0142onkowie: <br \/>a) dr hab. Marta Arczewska, prof. uczelni, <br \/>b) dr hab. Edyta Buczy\u0144ska, prof. uczelni, <br \/>c) prof. dr hab. Aneta Strachecka, <br \/>d) dr Marek Nieoczym, <br \/>e) Przedstawiciel student\u00f3w I&nbsp;stopnia, <br \/>f) Przedstawiciel student\u00f3w II stopnia.\u201d. <\/p>\n<p style=\"text-align: left\">\u00a72<\/p>\n<p style=\"text-align: left\">Zarz\u0105dzenie wchodzi w&nbsp;\u017cycie z&nbsp;dniem podpisania.<\/p>\n<p style=\"padding-left: 160px;text-align: right\">REKTOR<br \/>\/-\/ PROF. DR HAB. KRZYSZTOF KOWALCZYK<\/p>\n<p>\u00a0<\/p>\n<p>\u00a0<\/p>\n<p style=\"text-align: center\">ZARZ\u0104DZENIE NR 95<br \/>Rektora Uniwersytetu Przyrodniczego w&nbsp;Lublinie<\/p>\n<p style=\"text-align: center\">z dnia 2 pa\u017adziernika 2024 r.<\/p>\n<p style=\"text-align: center\">w sprawie powo\u0142ania rad programowych na kierunkach studi\u00f3w realizowanych<br \/>na Wydziale Biologii \u015arodowiskowej<\/p>\n<p style=\"text-align: left\">Na podstawie \u00a753 Statutu Uniwersytetu Przyrodniczego w&nbsp;Lublinie zarz\u0105dza si\u0119, co<br \/>nast\u0119puje:<\/p>\n<p style=\"text-align: left\">\u00a71<br \/>Powo\u0142uje si\u0119 Rad\u0119 programow\u0105 dla kierunku studi\u00f3w ochrona \u015brodowiska w&nbsp;nast\u0119puj\u0105cym<br \/>sk\u0142adzie:<br \/>1) Przewodnicz\u0105cy: dr hab. Robert Stryjecki, prof. uczelni;<br \/>2) Cz\u0142onkowie:<br \/>a) dr hab. Danuta Kowalczyk-Pecka, prof. uczelni,<br \/>b) dr hab. Magdalena Pogorzelec, prof. uczelni,<br \/>c) dr hab. Mariusz Kulik, prof. uczelni,<br \/>d) dr hab. Barbara Sowi\u0144ska-\u015awierkosz, prof. uczelni,<br \/>e) Przedstawiciel student\u00f3w I&nbsp;stopnia,<br \/>f) Przedstawiciel student\u00f3w II I&nbsp;stopnia.<\/p>\n<p style=\"text-align: left\">\u00a72<br \/>Powo\u0142uje si\u0119 Rad\u0119 programow\u0105 dla kierunku studi\u00f3w biologia w&nbsp;nast\u0119puj\u0105cym sk\u0142adzie:<br \/>1) Przewodnicz\u0105cy: dr hab. Adam Bownik, prof. uczelni;<br \/>2) Cz\u0142onkowie:<br \/>a) dr hab. Marta Arczewska, prof. uczelni,<br \/>b) dr hab. Edyta Buczy\u0144ska, prof. uczelni,<br \/>c) prof. dr hab. Aneta Strachecka,<br \/>d) dr hab. Ma\u0142gorzata Adamczuk, prof. uczelni,<br \/>e) Przedstawiciel student\u00f3w I&nbsp;stopnia,<br \/>f) Przedstawiciel student\u00f3w II stopnia.<\/p>\n<p style=\"text-align: left\">\u00a73<br \/>Powo\u0142uje si\u0119 Rad\u0119 programow\u0105 dla kierunku studi\u00f3w biobezpiecze\u0144stwo i&nbsp;zarz\u0105dzanie<br \/>kryzysowe w&nbsp;nast\u0119puj\u0105cym sk\u0142adzie:<br \/>1) Przewodnicz\u0105cy: dr hab. Barbara Hawrylak-Nowak, prof. uczelni;<br \/>2) Cz\u0142onkowie:<br \/>a) dr hab. Monika Tarkowska-Kukuryk, prof. uczelni,<br \/>b) dr hab. Krzysztof R\u00f3\u017cy\u0142o, prof. uczelni,<br \/>c) dr Barbara Banach-Albi\u0144ska,<br \/>d) dr hab. Anna Winiarska-Mieczan, prof. uczelni,<br \/>e) dr hab. Siemowit Muszy\u0144ski, prof. uczelni,<br \/>f) Przedstawiciel student\u00f3w I&nbsp;stopnia.<\/p>\n<p style=\"text-align: left\">\u00a74<br \/>Powo\u0142uje si\u0119 Rad\u0119 programow\u0105 dla kierunku studi\u00f3w biokosmetologia w&nbsp;nast\u0119puj\u0105cym<br \/>sk\u0142adzie:<br \/>1) Przewodnicz\u0105cy: dr hab. Agata Konarska, prof. uczelni;<br \/>2) Cz\u0142onkowie:<br \/>a) dr hab. Miros\u0142awa Chwil, prof. uczelni,<br \/>b) dr hab. Zbigniew Kobus, prof. uczelni,<br \/>c) dr Katarzyna Rubinowska,<br \/>d) dr Magdalena Toporowska,<br \/>e) dr n. med. Krzysztof Tutaj,<br \/>f) Przedstawiciel student\u00f3w I&nbsp;stopnia.<\/p>\n<p style=\"text-align: left\">\u00a75<br \/>Traci moc Zarz\u0105dzenie nr 91 Rektora Uniwersytetu Przyrodniczego w&nbsp;Lublinie z&nbsp;dnia 1<br \/>wrze\u015bnia 2023 r. w&nbsp;sprawie powo\u0142ania rad programowych na kierunkach studi\u00f3w<br \/>realizowanych na Wydziale Biologii \u015arodowiskowej.<\/p>\n<p style=\"text-align: left\">\u00a76<br \/>Zarz\u0105dzenie wchodzi w&nbsp;\u017cycie z&nbsp;dniem podpisania.<\/p>\n<p style=\"text-align: right\">REKTOR<br \/>\/-\/ PROF. DR HAB. KRZYSZTOF KOWALCZYK<\/p>\n                                                <\/div>\n                                            <\/li>\n                                        <\/ul>\n\t\t\t\t\t\t                                                        <ul class=\"mn-accordion\">\n                                            <li>\n                                                <h4 class=\"mn-accordion-title\">Wydzia\u0142owa Komisja ds. Oceny Nauczycieli Akademickich<\/h4>\n                                                <div>\n\t\t\t\t\t\t\t\t\t                <h4>\u00a0<\/h4>\n<h4>Przewodnicz\u0105ca Komisji:<br \/>dr hab. Krystyna Piotrowska-Weryszko, prof. uczelni\u00a0<\/h4>\n<h4>Cz\u0142onkowie Komisji:<\/h4>\n<p>dr hab. Agata Konarska, prof. uczelni<br \/>dr hab. Renata Matraszek-Gawron, prof. uczelni<br \/>dr hab. Siemowit Muszy\u0144ski, prof. uczelni<br \/>dr hab. Magdalena Pogorzelec, prof. uczelni<\/p>\n                                                <\/div>\n                                            <\/li>\n                                        <\/ul>\n\t\t\t\t\t\t                                                        <ul class=\"mn-accordion\">\n                                            <li>\n                                                <h4 class=\"mn-accordion-title\">Komisja ds. Jako\u015bci Kszta\u0142cenia<\/h4>\n                                                <div>\n\t\t\t\t\t\t\t\t\t                <h4>\u00a0<\/h4>\n<h4>Przewodnicz\u0105ca Komisji:<b><br \/><\/b>prof. dr hab. Bo\u017cena Denisow \u2013 prodziekan Wydzia\u0142u Biologii \u015arodowiskowej<\/h4>\n<h4>Cz\u0142onkowie Komisji:<\/h4>\n<p>dr hab. Ma\u0142gorzata Adamczuk, prof. uczelni<br \/>dr hab. Marta Arczewska, prof. uczelni<br \/>dr hab. Agata Konarska, prof. uczelni<br \/>dr in\u017c. Barbara Banach-Albi\u0144ska<br \/>dr Czepiel-Mil Katarzyna<br \/>lic. Weronika Huszcz (Biologia II stopnia, II rok)<br \/>Weronika R\u00f3\u0142kowska (Biokosmetologia I&nbsp;stopnia, IV rok)<\/p>\n                                                <\/div>\n                                            <\/li>\n                                        <\/ul>\n\t\t\t\t\t\t                                                        <ul class=\"mn-accordion\">\n                                            <li>\n                                                <h4 class=\"mn-accordion-title\">Komisja ds. Promocji Wydzia\u0142u<\/h4>\n                                                <div>\n\t\t\t\t\t\t\t\t\t                <p>dr in\u017c. Barbara Banach &#8211; Albi\u0144ska<br \/>dr in\u017c. Ernest Stawiarz<br \/>dr Marek Nieoczym<br \/>dr Wojciech P\u0142aska<br \/>mgr in\u017c. Micha\u0142 Arciszewski<br \/>mgr in\u017c. Aleksandra Bartkowska &#8211; Bekasiewicz<br \/>mgr in\u017c. Ewelina Chrzanowska<br \/>mgr in\u017c. Aleksandra Garbacz<\/p>\n                                                <\/div>\n                                            <\/li>\n                                        <\/ul>\n\t\t\t\t\t\t                                                        <ul class=\"mn-accordion\">\n                                            <li>\n                                                <h4 class=\"mn-accordion-title\">Komisja ds. Wsp\u00f3\u0142pracy z&nbsp;Otoczeniem Spo\u0142eczno-Gospodarczym<\/h4>\n                                                <div>\n\t\t\t\t\t\t\t\t\t                <p>prof. dr hab. Aneta Strachecka<br \/>dr hab. Barbara Hawrylak-Nowak, prof. uczelni<br \/>dr hab. Grzegorz Grzywaczewski, prof. uczelni<br \/>dr hab. Jacek Rechulicz, prof. uczelni<\/p>\n                                                <\/div>\n                                            <\/li>\n                                        <\/ul>\n\t\t\t\t\t\t                                <\/div>\n\t\t\t\t                <div class=\"mn-content-block\">\n\t                                <\/div>\n\t\t\t\t                <div class=\"mn-content-block\">\n\t                                <\/div>\n\t\t\t\t                <div class=\"mn-content-block\">\n\t                                <\/div>\n\t\t\t\t                <div class=\"mn-content-block\">\n\t                                <\/div>\n\t\t\t\t                <div class=\"mn-content-block\">\n\t                                <\/div>\n\t\t\t\t                <div class=\"mn-content-block\">\n\t                                <\/div>\n\t\t\t\t                <div class=\"mn-content-block\">\n\t                                <\/div>\n\t\t\t\t                <div class=\"mn-content-block\">\n\t                                <\/div>\n\t\t\t\t                <div class=\"mn-content-block\">\n\t                                <\/div>\n\t\t\t\t                <div class=\"mn-content-block\">\n\t                                <\/div>\n\t\t\t\t                <div class=\"mn-content-block\">\n\t                                <\/div>\n\t\t\t\t                <div class=\"mn-content-block\">\n\t                                <\/div>\n\t\t\t\t                <div class=\"mn-content-block\">\n\t                                <\/div>\n\t\t\t\t                <div class=\"mn-content-block\">\n\t                                <\/div>\n\t\t\t\t                <div class=\"mn-content-block\">\n\t                                <\/div>\n\t\t\t\t                <div class=\"mn-content-block\">\n\t                                <\/div>\n\t\t\t\t                <div class=\"mn-content-block\">\n\t                                <\/div>\n\t\t\t\t                <div class=\"mn-content-block\">\n\t                                <\/div>\n\t\t\t\t                <div class=\"mn-content-block\">\n\t                                <\/div>\n\t\t\t\t\t\t<\/div>\n\t<\/div>\n<\/section>\n\t\t<\/div>\n\t\t\t\t<\/div>\n\t\t\t\t\t\t<\/div>\n\t\t\t\t\t<\/div>\n\t\t<\/div>\n\t\t\t\t\t\t\t\t<\/div>\n\t\t\t\t\t<\/div>\n\t\t<\/section>\n\t\t\t\t\t\t<\/div>\n\t\t\t\t\t\t<\/div>\n\t\t\t\t\t<\/div>\n\t\t","protected":false},"excerpt":{"rendered":"<p>Wydzia\u0142 Biologii \u015arodowiskowej Komisje wydzia\u0142owe UP Wydzia\u0142 Biologii \u015arodowiskowej Rady Programowe dla kierunk\u00f3w studi\u00f3w realizowanych na Wydziale Biologii \u015arodowiskowej ZARZ\u0104DZENIE NR 96 Rektora Uniwersytetu Przyrodniczego w&nbsp;Lublinie z dnia 15 pa\u017adziernika 2025 r. w sprawie zmiany Zarz\u0105dzenia nr 95 Rektora Uniwersytetu Przyrodniczego w&nbsp;Lublinie z&nbsp;dnia 2 pa\u017adziernika 2024 r. w&nbsp;sprawie powo\u0142ania rad programowych na kierunkach studi\u00f3w realizowanych [&hellip;]<\/p>\n","protected":false},"author":2,"featured_media":0,"parent":164,"menu_order":0,"comment_status":"closed","ping_status":"closed","template":"elementor_header_footer","meta":{"_monsterinsights_skip_tracking":false,"_monsterinsights_sitenote_active":false,"_monsterinsights_sitenote_note":"","_monsterinsights_sitenote_category":0},"_links":{"self":[{"href":"https:\/\/up.lublin.pl\/srodowiskowa\/wp-json\/wp\/v2\/pages\/266"}],"collection":[{"href":"https:\/\/up.lublin.pl\/srodowiskowa\/wp-json\/wp\/v2\/pages"}],"about":[{"href":"https:\/\/up.lublin.pl\/srodowiskowa\/wp-json\/wp\/v2\/types\/page"}],"author":[{"embeddable":true,"href":"https:\/\/up.lublin.pl\/srodowiskowa\/wp-json\/wp\/v2\/users\/2"}],"replies":[{"embeddable":true,"href":"https:\/\/up.lublin.pl\/srodowiskowa\/wp-json\/wp\/v2\/comments?post=266"}],"version-history":[{"count":103,"href":"https:\/\/up.lublin.pl\/srodowiskowa\/wp-json\/wp\/v2\/pages\/266\/revisions"}],"predecessor-version":[{"id":176993,"href":"https:\/\/up.lublin.pl\/srodowiskowa\/wp-json\/wp\/v2\/pages\/266\/revisions\/176993"}],"up":[{"embeddable":true,"href":"https:\/\/up.lublin.pl\/srodowiskowa\/wp-json\/wp\/v2\/pages\/164"}],"wp:attachment":[{"href":"https:\/\/up.lublin.pl\/srodowiskowa\/wp-json\/wp\/v2\/media?parent=266"}],"curies":[{"name":"wp","href":"https:\/\/api.w.org\/{rel}","templated":true}]}}