{"id":168618,"date":"2024-03-25T08:16:34","date_gmt":"2024-03-25T07:16:34","guid":{"rendered":"https:\/\/up.lublin.pl\/srodowiskowa\/?page_id=168618"},"modified":"2026-02-18T13:47:14","modified_gmt":"2026-02-18T12:47:14","slug":"bizk-studia-stacjonarne-i-stopnia-nabor-2021-2022","status":"publish","type":"page","link":"https:\/\/up.lublin.pl\/srodowiskowa\/ksztalcenie\/bizk-studia-stacjonarne-i-stopnia-nabor-2021-2022\/","title":{"rendered":"BIOBEZPIECZE\u0143STWO I ZARZ\u0104DZANIE KRYZYSOWE studia stacjonarne I stopnia, nab\u00f3r 2021\/2022"},"content":{"rendered":"\t\t<div data-elementor-type=\"wp-page\" data-elementor-id=\"168618\" class=\"elementor elementor-168618\" data-elementor-settings=\"[]\">\n\t\t\t\t\t\t<div class=\"elementor-inner\">\n\t\t\t\t\t\t\t<div class=\"elementor-section-wrap\">\n\t\t\t\t\t\t\t<section class=\"elementor-section elementor-top-section elementor-element elementor-element-4d3fd96c elementor-section-boxed elementor-section-height-default elementor-section-height-default\" data-id=\"4d3fd96c\" data-element_type=\"section\">\n\t\t\t\t\t\t<div class=\"elementor-container elementor-column-gap-default\">\n\t\t\t\t\t\t\t<div class=\"elementor-row\">\n\t\t\t\t\t<div class=\"elementor-column elementor-col-100 elementor-top-column elementor-element elementor-element-6b6a0b32\" data-id=\"6b6a0b32\" data-element_type=\"column\">\n\t\t\t<div class=\"elementor-column-wrap elementor-element-populated\">\n\t\t\t\t\t\t\t<div class=\"elementor-widget-wrap\">\n\t\t\t\t\t\t<div class=\"elementor-element elementor-element-5d8b1d06 elementor-widget elementor-widget-m5c\" data-id=\"5d8b1d06\" data-element_type=\"widget\" data-widget_type=\"m5c.default\">\n\t\t\t\t<div class=\"elementor-widget-container\">\n\t\t\t<section class=\"mn-m5-c mn-m5-d2 mn-bg-white\">\n\t<div class=\"mn-grid\">\n\t\t\t\t<div class=\"mn-content mn-grid-9\">\n\t\t\t                <div class=\"mn-content-block active\">\n\t                                                        <div class=\"block-text\">\n\t                                        <h5 style=\"margin-bottom: 20px\"><a href=\"https:\/\/up.lublin.pl\/srodowiskowa\/ksztalcenie\/\">\u2190 powr\u00f3t<\/a><\/h5>\n<h1 style=\"text-align: center;margin-bottom: 20px\"><strong>BIOBEZPIECZE\u0143STWO I&nbsp;ZARZ\u0104DZANIE KRYZYSOWE<br \/>studia stacjonarne I&nbsp;stopnia, nab\u00f3r 2021\/2022<\/strong><\/h1>\n                                        <\/div>\n\t\t\t\t\t\t                                                        <div class=\"block-text\">\n\t                                        <h1>\u00a0<\/h1>\n<h1 style=\"text-align: center;margin-bottom: 20px\"><strong>I. Modu\u0142y skr\u00f3cone<\/strong><\/h1>\n                                        <\/div>\n\t\t\t\t\t\t                                                        <ul class=\"mn-accordion\">\n                                            <li>\n                                                <h4 class=\"mn-accordion-title\">Semestr I<\/h4>\n                                                <div>\n\t\t\t\t\t\t\t\t\t                <p><a href=\"https:\/\/up.lublin.pl\/srodowiskowa\/wp-content\/uploads\/sites\/5\/2021\/10\/BiZK_SI_Zagrozenia-bioterrorystyczne_skrocony.pdf\">Zagro\u017cenia bioterrorystyczne<\/a><\/p>\n<p><a href=\"https:\/\/up.lublin.pl\/srodowiskowa\/wp-content\/uploads\/sites\/5\/2021\/10\/BZiK_s_II_Chemia-i-inzynieria-procesowa_skrocony.pdf\">Chemia i\u00a0in\u017cynieria procesowa<\/a><\/p>\n<p><a href=\"https:\/\/up.lublin.pl\/srodowiskowa\/wp-content\/uploads\/sites\/5\/2021\/10\/BiZK_SI_Ochrona-wlasnosci-intelektualnej-i-ergonomia-BHP_skrocony.pdf\">Ochrona w\u0142asno\u015bci intelektualnej, ergonomia i\u00a0BHP<\/a><\/p>\n<p><a href=\"https:\/\/up.lublin.pl\/srodowiskowa\/wp-content\/uploads\/sites\/5\/2021\/10\/BZiK_SI_Technologia-infrmacyjna_skrocony.pdf\">Technologia informacyjna<\/a><\/p>\n<p><a href=\"https:\/\/up.lublin.pl\/srodowiskowa\/wp-content\/uploads\/sites\/5\/2021\/10\/BZiK_SI_Botanika_skrocony.pdf\">Botanika<\/a><\/p>\n<p><a href=\"https:\/\/up.lublin.pl\/srodowiskowa\/wp-content\/uploads\/sites\/5\/2021\/10\/BZiK_sI_Zoologia_skrocony.pdf\">Zoologia<\/a><\/p>\n<p><a href=\"https:\/\/up.lublin.pl\/srodowiskowa\/wp-content\/uploads\/sites\/5\/2021\/10\/BZiK_s_I_Ekologia-ogolna-i-rolnicza_skrocony.pdf\">Ekologia og\u00f3lna i\u00a0rolnicza<\/a><\/p>\n                                                <\/div>\n                                            <\/li>\n                                        <\/ul>\n\t\t\t\t\t\t                                                        <ul class=\"mn-accordion\">\n                                            <li>\n                                                <h4 class=\"mn-accordion-title\">Semestr II<\/h4>\n                                                <div>\n\t\t\t\t\t\t\t\t\t                <p><a href=\"https:\/\/up.lublin.pl\/srodowiskowa\/wp-content\/uploads\/sites\/5\/2021\/10\/BZiK_s_II_Ochrona-bioroznorodnosci_skrocony.pdf\">Ochrona bior\u00f3\u017cnorodno\u015bci<\/a><\/p>\n<p><a href=\"https:\/\/up.lublin.pl\/srodowiskowa\/wp-content\/uploads\/sites\/5\/2021\/10\/BZiK_s_II_Regulacja-procesow-komorkowych_skrocony.pdf\">Regulacja proces\u00f3w kom\u00f3rkowych<\/a><\/p>\n<p><a href=\"https:\/\/up.lublin.pl\/srodowiskowa\/wp-content\/uploads\/sites\/5\/2021\/10\/BZiK_s_II_Mikrobiologia-i-zagrozenia-mikrobiologiczne_skrocony.pdf\">Mikrobiologia i\u00a0zagro\u017cenia mikrobiologiczne<\/a><\/p>\n<p><a href=\"https:\/\/up.lublin.pl\/srodowiskowa\/wp-content\/uploads\/sites\/5\/2021\/10\/BZiK_s_II_Biochemia-zagrozen_skrocony.pdf\">Biochemia zagro\u017ce\u0144<\/a><\/p>\n<p><a href=\"https:\/\/up.lublin.pl\/srodowiskowa\/wp-content\/uploads\/sites\/5\/2021\/10\/BiZK_SII_Rosliny-toksyczne.pdf\">Ro\u015bliny toksyczne<\/a><\/p>\n<p><a href=\"https:\/\/up.lublin.pl\/srodowiskowa\/wp-content\/uploads\/sites\/5\/2022\/01\/BiZK_SII_Genetyka_ogolna_i_molekularna-skrocony.pdf\">Genetyka og\u00f3lna i\u00a0molekularna<\/a><\/p>\n                                                <\/div>\n                                            <\/li>\n                                        <\/ul>\n\t\t\t\t\t\t                                                        <ul class=\"mn-accordion\">\n                                            <li>\n                                                <h4 class=\"mn-accordion-title\">Semestr III<\/h4>\n                                                <div>\n\t\t\t\t\t\t\t\t\t                <p><a href=\"https:\/\/up.lublin.pl\/srodowiskowa\/wp-content\/uploads\/sites\/5\/2022\/01\/BiZK_s_III_Biostatystyka_skrocony.pdf\">Biostatystyka<\/a><\/p>\n<p><a href=\"https:\/\/up.lublin.pl\/srodowiskowa\/wp-content\/uploads\/sites\/5\/2021\/10\/BZiK_s_II_Diagnostyka-analityczna_skrocony.pdf\">Diagnostyka analityczna<\/a><\/p>\n<p><a href=\"https:\/\/up.lublin.pl\/srodowiskowa\/wp-content\/uploads\/sites\/5\/2022\/01\/BiZK_s_III_Biofizyka-i-ochrona-radiologiczna_skrocony.pdf\">Biofizyka i\u00a0ochrona radiologiczna<\/a><\/p>\n<p><a href=\"https:\/\/up.lublin.pl\/srodowiskowa\/wp-content\/uploads\/sites\/5\/2022\/01\/BiZK_s_III_Choroby-odzwierzece_skrocony.pdf\">Choroby odzwierz\u0119ce<\/a><\/p>\n<p><a href=\"https:\/\/up.lublin.pl\/srodowiskowa\/wp-content\/uploads\/sites\/5\/2021\/10\/BiZK_SIII_Bioasekuracja-skrocony.pdf\">Bioasekuracja<\/a><\/p>\n<p><a href=\"https:\/\/up.lublin.pl\/srodowiskowa\/wp-content\/uploads\/sites\/5\/2022\/02\/BZiK_s_III_Klimatologia-i-hydrologia_skrocony.pdf\">Klimatologia i\u00a0hydrologia<\/a><\/p>\n<p><a href=\"https:\/\/up.lublin.pl\/srodowiskowa\/wp-content\/uploads\/sites\/5\/2021\/10\/BZiK_s_III_-Zagrozenia-zwiazane-z-chemizacja-rolnictwa.pdf\">Zagro\u017cenia zwi\u0105zane z\u00a0chemizacj\u0105 rolnictwa<\/a><\/p>\n                                                <\/div>\n                                            <\/li>\n                                        <\/ul>\n\t\t\t\t\t\t                                                        <ul class=\"mn-accordion\">\n                                            <li>\n                                                <h4 class=\"mn-accordion-title\">Semestr IV<\/h4>\n                                                <div>\n\t\t\t\t\t\t\t\t\t                <p><a href=\"https:\/\/up.lublin.pl\/srodowiskowa\/wp-content\/uploads\/sites\/5\/2022\/03\/BiZK_s_IV_Prosrodowiskowe-technologie-produkcji-roslinnej_skrocony-.pdf\">Pro\u015brodowiskowe technologie produkcji ro\u015blinnej<\/a><\/p>\n<p><a href=\"https:\/\/up.lublin.pl\/srodowiskowa\/wp-content\/uploads\/sites\/5\/2022\/02\/BiZK_s_IV__Zagrozenia-w-produkcji-zwierzecej_skrocony.pdf\">Zagro\u017cenia w\u00a0produkcji zwierz\u0119cej<\/a><\/p>\n<p><a href=\"https:\/\/up.lublin.pl\/srodowiskowa\/wp-content\/uploads\/sites\/5\/2022\/02\/BZiK_s_IV_Prosrodowiskowe-technologie-produkcji-zwierzecej_skrocony.pdf\">Pro\u015brodowiskowe technologie produkcji zwierz\u0119cej<\/a><\/p>\n<p><a href=\"https:\/\/up.lublin.pl\/srodowiskowa\/wp-content\/uploads\/sites\/5\/2022\/02\/BiZK_s_IV_Bioindykacja-srodowiskowa_skrocony.pdf\">Bioindykacja \u015brodowiskowa<\/a><\/p>\n<p><a href=\"https:\/\/up.lublin.pl\/srodowiskowa\/wp-content\/uploads\/sites\/5\/2021\/10\/BiZK_SIV_Biobezpieczenstwo-wod.pdf\">Biobezpiecze\u0144stwo w\u00f3d<\/a><\/p>\n<p><a href=\"https:\/\/up.lublin.pl\/srodowiskowa\/wp-content\/uploads\/sites\/5\/2021\/10\/BiZK_s_IV_Zarzadzanie-w-sytuacjach-kryzysowych-skrocony.pdf\">Zarz\u0105dzanie w\u00a0sytuacjach kryzysowych<\/a><\/p>\n<p><a href=\"https:\/\/up.lublin.pl\/srodowiskowa\/wp-content\/uploads\/sites\/5\/2021\/10\/BZiK_s_IV_-Bezpieczenstwo-zywnosci.pdf\">Bezpiecze\u0144stwo \u017cywno\u015bci<\/a><\/p>\n                                                <\/div>\n                                            <\/li>\n                                        <\/ul>\n\t\t\t\t\t\t                                                        <ul class=\"mn-accordion\">\n                                            <li>\n                                                <h4 class=\"mn-accordion-title\">Semestr V<\/h4>\n                                                <div>\n\t\t\t\t\t\t\t\t\t                <p><a href=\"https:\/\/up.lublin.pl\/srodowiskowa\/wp-content\/uploads\/sites\/5\/2021\/10\/BB_s_V_Gospodark-odpadami_modul-skrocony.pdf\">Gospodarka odpadami<\/a><\/p>\n<p><a href=\"https:\/\/up.lublin.pl\/srodowiskowa\/wp-content\/uploads\/sites\/5\/2021\/10\/BZiK_sV_Zagrozenia-w-produkcji-roslinnej-skrocony.pdf\">Zagro\u017cenia w\u00a0produkcji ro\u015blinnej<\/a><\/p>\n<p><a href=\"https:\/\/up.lublin.pl\/srodowiskowa\/wp-content\/uploads\/sites\/5\/2021\/10\/BiZK_s_V_-Ekotoksykologia_skrocony.pdf\">Ekotoksykologia<\/a><\/p>\n<p><a href=\"https:\/\/up.lublin.pl\/srodowiskowa\/wp-content\/uploads\/sites\/5\/2021\/10\/BiZK_s_V_Aerobiologia_skrocony-1.pdf\">Aerobiologia<\/a><\/p>\n<p><a href=\"https:\/\/up.lublin.pl\/srodowiskowa\/wp-content\/uploads\/sites\/5\/2022\/01\/BiZK_s_V_Systemowe-zarzadzanie-ochrona-zywnosci.pdf\">Przedmiot do wyboru 1 \u2013 Systemowe zarzadzanie ochron\u0105 \u017cywno\u015bci<\/a><\/p>\n<p><a href=\"https:\/\/up.lublin.pl\/srodowiskowa\/wp-content\/uploads\/sites\/5\/2021\/10\/BZiK_s_V_Zarzadzanie-w-produkcji-zywnosci_skrocony.pdf\">Przedmiot do wyboru 1 \u2013 Zarz\u0105dzanie w\u00a0produkcji \u017cywno\u015bci<\/a><\/p>\n<p><a href=\"https:\/\/up.lublin.pl\/srodowiskowa\/wp-content\/uploads\/sites\/5\/2022\/03\/BiZK_s_V_Diagnostyka-molekularna_skrocony.pdf\">Przedmiot do wyboru 2 \u2013 Diagnostyka molekularna w\u00a0biobezpiecze\u0144stwie<\/a><\/p>\n<p><a href=\"https:\/\/up.lublin.pl\/srodowiskowa\/wp-content\/uploads\/sites\/5\/2022\/03\/BiZK_s_V_Monitoring-srodowiska_skrocony.pdf\">Przedmiot do wyboru 3 \u2013 Monitoring \u015brodowiska<\/a><\/p>\n<p><a href=\"https:\/\/up.lublin.pl\/srodowiskowa\/wp-content\/uploads\/sites\/5\/2022\/03\/BiZK_s_V_Diagnostyka-zagrozen-srodowiskowych_skrocony.pdf\">Przedmiot do wyboru 3 \u2013 Diagnostyka zagro\u017ce\u0144 \u015brodowiskowych<\/a><\/p>\n<p><a href=\"https:\/\/up.lublin.pl\/srodowiskowa\/wp-content\/uploads\/sites\/5\/2021\/10\/BZiK_s_V_Bezpieczenstwo-pracy-laboratoryjnej_skrocony.pdf\">Przedmiot do wyboru 4 \u2013 Bezpiecze\u0144stwo pracy laboratoryjnej<\/a><\/p>\n<p><a href=\"https:\/\/up.lublin.pl\/srodowiskowa\/wp-content\/uploads\/sites\/5\/2022\/03\/BiZK_s_V_Certyfikacja-laboratoriow_skrocony.pdf\">Przedmiot do wyboru 4 \u2013 Certyfikacja laboratori\u00f3w<\/a><\/p>\n                                                <\/div>\n                                            <\/li>\n                                        <\/ul>\n\t\t\t\t\t\t                                                        <ul class=\"mn-accordion\">\n                                            <li>\n                                                <h4 class=\"mn-accordion-title\">Semestr VI<\/h4>\n                                                <div>\n\t\t\t\t\t\t\t\t\t                <p><a href=\"https:\/\/up.lublin.pl\/srodowiskowa\/wp-content\/uploads\/sites\/5\/2022\/04\/BiZK_s_VI_Globalne-zagrozenia-bezpieczenstwa-na-swiecie.pdf\">Globalne zagro\u017cenia bezpiecze\u0144stwa na \u015bwiecie<\/a><\/p>\n<p><a href=\"https:\/\/up.lublin.pl\/srodowiskowa\/wp-content\/uploads\/sites\/5\/2021\/10\/BiZK_s_VI_Agroterroryzm-i-obrot-roslinami-GM-skr..pdf\">Agroterroryzm i\u00a0obr\u00f3t ro\u015blinami GM<\/a><\/p>\n<p><a href=\"https:\/\/up.lublin.pl\/srodowiskowa\/wp-content\/uploads\/sites\/5\/2022\/03\/BZK_s_VI_Przedsiebiorczosc_wersja-skrocona.pdf\">Przedsi\u0119biorczo\u015b\u0107<\/a><\/p>\n<p><a href=\"https:\/\/up.lublin.pl\/srodowiskowa\/wp-content\/uploads\/sites\/5\/2022\/03\/BZiK_s_VI_Podstawy-zarzadzania_skrocony.pdf\">Podstawy zarz\u0105dzania<\/a><\/p>\n<p><a href=\"https:\/\/up.lublin.pl\/srodowiskowa\/wp-content\/uploads\/sites\/5\/2022\/03\/BiZK_s_VI_Stresory-srodowiskowe.pdf\">Stresory \u015brodowiskowe<\/a><\/p>\n<p><a href=\"https:\/\/up.lublin.pl\/srodowiskowa\/wp-content\/uploads\/sites\/5\/2022\/03\/BiZK_s_VI_Biomarkery.pdf\">Biomarkery<\/a><\/p>\n<p><a href=\"https:\/\/up.lublin.pl\/srodowiskowa\/wp-content\/uploads\/sites\/5\/2022\/03\/BiZK_s_VI_Zagrozenia-demograficzne.pdf\">Zagro\u017cenia demograficzne<\/a><\/p>\n                                                <\/div>\n                                            <\/li>\n                                        <\/ul>\n\t\t\t\t\t\t                                                        <ul class=\"mn-accordion\">\n                                            <li>\n                                                <h4 class=\"mn-accordion-title\">Semestr VII<\/h4>\n                                                <div>\n\t\t\t\t\t\t\t\t\t                <p><a href=\"https:\/\/up.lublin.pl\/srodowiskowa\/wp-content\/uploads\/sites\/5\/2022\/12\/BZK_s_VII_Kwarantanna-roslin.pdf\">Kwarantanna ro\u015blin<\/a><\/p>\n<p><a href=\"https:\/\/up.lublin.pl\/srodowiskowa\/wp-content\/uploads\/sites\/5\/2023\/01\/BZK_s_VII__Kwarantanna-zwierzat.pdf\">Kwarantanna zwierz\u0105t<\/a><\/p>\n<p><a href=\"https:\/\/up.lublin.pl\/srodowiskowa\/wp-content\/uploads\/sites\/5\/2022\/12\/BZK_s_VII_-Negocjacje-i-mediacje-w-sytuacjach-kryzysowych.pdf\">Negocjacje i\u00a0mediacje w\u00a0sytuacjach kryzysowych<\/a><\/p>\n<p><a href=\"https:\/\/up.lublin.pl\/srodowiskowa\/wp-content\/uploads\/sites\/5\/2022\/12\/BZK_s_VII_-Podstawy-Public-Relations.pdf\">Podstawy public relations<\/a><\/p>\n<p><a href=\"https:\/\/up.lublin.pl\/srodowiskowa\/wp-content\/uploads\/sites\/5\/2022\/12\/BZK_s_VII_-Biologia-gatunkow-inwazyjnych.pdf\">Biologia gatunk\u00f3w inwazyjnych<\/a><\/p>\n<p><a href=\"https:\/\/up.lublin.pl\/srodowiskowa\/wp-content\/uploads\/sites\/5\/2022\/12\/BZK_s_VII_-Wplyw-inwazji-gatunkow-na-bezpieczenstwo-ekosystemow.pdf\">Wp\u0142yw inwazji gatunk\u00f3w na bezpiecze\u0144stwo ekosystem\u00f3w<\/a><\/p>\n<p><a href=\"https:\/\/up.lublin.pl\/srodowiskowa\/wp-content\/uploads\/sites\/5\/2023\/01\/BZK_s_VII__Rola-zapylaczy-w-bezpieczenstwie-zywnosciowym.pdf\">Rola zapylaczy w\u00a0bezpiecze\u0144stwie \u017cywno\u015bciowym<\/a><\/p>\n<p><a href=\"https:\/\/up.lublin.pl\/srodowiskowa\/wp-content\/uploads\/sites\/5\/2022\/12\/BZK_s_VII__Fitozwiazki-w-bioterroryzmie.pdf\">Fitozwi\u0105zki w\u00a0bioterrory\u017amie<\/a><\/p>\n<p><a href=\"https:\/\/up.lublin.pl\/srodowiskowa\/wp-content\/uploads\/sites\/5\/2022\/12\/BZK_s_VII__Seminarium-dyplomowe_2-_A.pdf\">Seminarium dyplomowe 2 A<\/a><\/p>\n<p><a href=\"https:\/\/up.lublin.pl\/srodowiskowa\/wp-content\/uploads\/sites\/5\/2022\/12\/BZK_s_VII__Seminarium-dyplomowe_2-_B.pdf\">Seminarium dyplomowe 2 B<\/a><\/p>\n<p><a href=\"https:\/\/up.lublin.pl\/srodowiskowa\/wp-content\/uploads\/sites\/5\/2022\/12\/BZK_s_VII__Projekt-inzynierski-i-egzamin-dyplomowy.pdf\">Projekt in\u017cynierski i\u00a0egzamin dyplomowy<\/a><\/p>\n                                                <\/div>\n                                            <\/li>\n                                        <\/ul>\n\t\t\t\t\t\t                                <\/div>\n\t\t\t\t                <div class=\"mn-content-block\">\n\t                                <\/div>\n\t\t\t\t                <div class=\"mn-content-block\">\n\t                                <\/div>\n\t\t\t\t                <div class=\"mn-content-block\">\n\t                                <\/div>\n\t\t\t\t                <div class=\"mn-content-block\">\n\t                                <\/div>\n\t\t\t\t                <div class=\"mn-content-block\">\n\t                                <\/div>\n\t\t\t\t                <div class=\"mn-content-block\">\n\t                                <\/div>\n\t\t\t\t                <div class=\"mn-content-block\">\n\t                                <\/div>\n\t\t\t\t                <div class=\"mn-content-block\">\n\t                                <\/div>\n\t\t\t\t                <div class=\"mn-content-block\">\n\t                                <\/div>\n\t\t\t\t                <div class=\"mn-content-block\">\n\t                                <\/div>\n\t\t\t\t                <div class=\"mn-content-block\">\n\t                                <\/div>\n\t\t\t\t                <div class=\"mn-content-block\">\n\t                                <\/div>\n\t\t\t\t                <div class=\"mn-content-block\">\n\t                                <\/div>\n\t\t\t\t                <div class=\"mn-content-block\">\n\t                                <\/div>\n\t\t\t\t                <div class=\"mn-content-block\">\n\t                                <\/div>\n\t\t\t\t                <div class=\"mn-content-block\">\n\t                                <\/div>\n\t\t\t\t                <div class=\"mn-content-block\">\n\t                                <\/div>\n\t\t\t\t                <div class=\"mn-content-block\">\n\t                                <\/div>\n\t\t\t\t                <div class=\"mn-content-block\">\n\t                                <\/div>\n\t\t\t\t\t\t<\/div>\n\t<\/div>\n<\/section>\n\t\t<\/div>\n\t\t\t\t<\/div>\n\t\t\t\t\t\t<\/div>\n\t\t\t\t\t<\/div>\n\t\t<\/div>\n\t\t\t\t\t\t\t\t<\/div>\n\t\t\t\t\t<\/div>\n\t\t<\/section>\n\t\t\t\t\t\t<\/div>\n\t\t\t\t\t\t<\/div>\n\t\t\t\t\t<\/div>\n\t\t","protected":false},"excerpt":{"rendered":"<p>\u2190 powr\u00f3t BIOBEZPIECZE\u0143STWO I&nbsp;ZARZ\u0104DZANIE KRYZYSOWEstudia stacjonarne I&nbsp;stopnia, nab\u00f3r 2021\/2022 \u00a0 I. Modu\u0142y skr\u00f3cone Semestr I Zagro\u017cenia bioterrorystyczne Chemia i\u00a0in\u017cynieria procesowa Ochrona w\u0142asno\u015bci intelektualnej, ergonomia i\u00a0BHP Technologia informacyjna Botanika Zoologia Ekologia og\u00f3lna i\u00a0rolnicza Semestr II Ochrona bior\u00f3\u017cnorodno\u015bci Regulacja proces\u00f3w kom\u00f3rkowych Mikrobiologia i\u00a0zagro\u017cenia mikrobiologiczne Biochemia zagro\u017ce\u0144 Ro\u015bliny toksyczne Genetyka og\u00f3lna i\u00a0molekularna Semestr III Biostatystyka Diagnostyka analityczna Biofizyka [&hellip;]<\/p>\n","protected":false},"author":202,"featured_media":0,"parent":178039,"menu_order":0,"comment_status":"closed","ping_status":"closed","template":"elementor_header_footer","meta":{"_monsterinsights_skip_tracking":false,"_monsterinsights_sitenote_active":false,"_monsterinsights_sitenote_note":"","_monsterinsights_sitenote_category":0},"_links":{"self":[{"href":"https:\/\/up.lublin.pl\/srodowiskowa\/wp-json\/wp\/v2\/pages\/168618"}],"collection":[{"href":"https:\/\/up.lublin.pl\/srodowiskowa\/wp-json\/wp\/v2\/pages"}],"about":[{"href":"https:\/\/up.lublin.pl\/srodowiskowa\/wp-json\/wp\/v2\/types\/page"}],"author":[{"embeddable":true,"href":"https:\/\/up.lublin.pl\/srodowiskowa\/wp-json\/wp\/v2\/users\/202"}],"replies":[{"embeddable":true,"href":"https:\/\/up.lublin.pl\/srodowiskowa\/wp-json\/wp\/v2\/comments?post=168618"}],"version-history":[{"count":28,"href":"https:\/\/up.lublin.pl\/srodowiskowa\/wp-json\/wp\/v2\/pages\/168618\/revisions"}],"predecessor-version":[{"id":168650,"href":"https:\/\/up.lublin.pl\/srodowiskowa\/wp-json\/wp\/v2\/pages\/168618\/revisions\/168650"}],"up":[{"embeddable":true,"href":"https:\/\/up.lublin.pl\/srodowiskowa\/wp-json\/wp\/v2\/pages\/178039"}],"wp:attachment":[{"href":"https:\/\/up.lublin.pl\/srodowiskowa\/wp-json\/wp\/v2\/media?parent=168618"}],"curies":[{"name":"wp","href":"https:\/\/api.w.org\/{rel}","templated":true}]}}