{"id":168472,"date":"2024-03-24T13:06:48","date_gmt":"2024-03-24T12:06:48","guid":{"rendered":"https:\/\/up.lublin.pl\/srodowiskowa\/?page_id=168472"},"modified":"2026-02-18T13:49:37","modified_gmt":"2026-02-18T12:49:37","slug":"biokosmetologia-studia-stacjonarne-ii-stopnia-nabor-2021-2022","status":"publish","type":"page","link":"https:\/\/up.lublin.pl\/srodowiskowa\/ksztalcenie\/biokosmetologia-studia-stacjonarne-ii-stopnia-nabor-2021-2022\/","title":{"rendered":"BIOKOSMETOLOGIA studia stacjonarne II stopnia, nab\u00f3r 2021\/2022"},"content":{"rendered":"\t\t<div data-elementor-type=\"wp-page\" data-elementor-id=\"168472\" class=\"elementor elementor-168472\" data-elementor-settings=\"[]\">\n\t\t\t\t\t\t<div class=\"elementor-inner\">\n\t\t\t\t\t\t\t<div class=\"elementor-section-wrap\">\n\t\t\t\t\t\t\t<section class=\"elementor-section elementor-top-section elementor-element elementor-element-417c917e elementor-section-boxed elementor-section-height-default elementor-section-height-default\" data-id=\"417c917e\" data-element_type=\"section\">\n\t\t\t\t\t\t<div class=\"elementor-container elementor-column-gap-default\">\n\t\t\t\t\t\t\t<div class=\"elementor-row\">\n\t\t\t\t\t<div class=\"elementor-column elementor-col-100 elementor-top-column elementor-element elementor-element-7c448789\" data-id=\"7c448789\" data-element_type=\"column\">\n\t\t\t<div class=\"elementor-column-wrap elementor-element-populated\">\n\t\t\t\t\t\t\t<div class=\"elementor-widget-wrap\">\n\t\t\t\t\t\t<div class=\"elementor-element elementor-element-2d9c3c36 elementor-widget elementor-widget-m5c\" data-id=\"2d9c3c36\" data-element_type=\"widget\" data-widget_type=\"m5c.default\">\n\t\t\t\t<div class=\"elementor-widget-container\">\n\t\t\t<section class=\"mn-m5-c mn-m5-d2 mn-bg-white\">\n\t<div class=\"mn-grid\">\n\t\t\t\t<div class=\"mn-content mn-grid-9\">\n\t\t\t                <div class=\"mn-content-block active\">\n\t                                                        <div class=\"block-text\">\n\t                                        <h5 style=\"margin-bottom: 20px\"><a href=\"https:\/\/up.lublin.pl\/srodowiskowa\/ksztalcenie\/\">\u2190 powr\u00f3t<\/a><\/h5>\n<h1 style=\"text-align: center;margin-bottom: 20px\"><strong>BIOKOSMETOLOGIA<br \/>studia stacjonarne II stopnia, nab\u00f3r 2021\/2022<\/strong><\/h1>\n                                        <\/div>\n\t\t\t\t\t\t                                                        <div class=\"block-text\">\n\t                                        <h1>\u00a0<\/h1>\n<h1 style=\"text-align: center;margin-bottom: 20px\"><strong>I. Modu\u0142y rozszerzone<\/strong><\/h1>\n                                        <\/div>\n\t\t\t\t\t\t                                                        <ul class=\"mn-accordion\">\n                                            <li>\n                                                <h4 class=\"mn-accordion-title\">Semestr I<\/h4>\n                                                <div>\n\t\t\t\t\t\t\t\t\t                <p><a href=\"https:\/\/up.lublin.pl\/srodowiskowa\/wp-content\/uploads\/sites\/5\/2022\/05\/BK_S2_angielski.pdf\">J\u0119zyk obcy specjalistyczny \u2013 angielski<\/a><\/p>\n<p><a href=\"https:\/\/up.lublin.pl\/srodowiskowa\/wp-content\/uploads\/sites\/5\/2022\/05\/BK_S2_francuski.pdf\">J\u0119zyk obcy specjalistyczny \u2013 francuski<\/a><\/p>\n<p><a href=\"https:\/\/up.lublin.pl\/srodowiskowa\/wp-content\/uploads\/sites\/5\/2022\/05\/BK_S2_niemiecki.pdf\">J\u0119zyk obcy specjalistyczny \u2013 niemiecki<\/a><\/p>\n<p><a href=\"https:\/\/up.lublin.pl\/srodowiskowa\/wp-content\/uploads\/sites\/5\/2022\/05\/BK_S2_rosyjski.pdf\">J\u0119zyk obcy specjalistyczny \u2013 rosyjski<\/a><\/p>\n<p><a href=\"https:\/\/up.lublin.pl\/srodowiskowa\/wp-content\/uploads\/sites\/5\/2022\/05\/Edukacja-ekologiczna-biokos-2-stopien.pdf\">Przedmiot humanistyczny I\u00a0\u2013 Edukacja ekologiczna<\/a><\/p>\n<p><a href=\"https:\/\/up.lublin.pl\/srodowiskowa\/wp-content\/uploads\/sites\/5\/2022\/05\/Public-relations-2-stopien-biokos.pdf\">Przedmiot humanistyczny I\u00a0\u2013 Podstawy public relations<\/a><\/p>\n<p><a href=\"https:\/\/up.lublin.pl\/srodowiskowa\/wp-content\/uploads\/sites\/5\/2022\/05\/Sylabus-Fizjologia-i-patofizjologia-skory.pdf\">Fizjologia i\u00a0patofizjologia sk\u00f3ry<\/a><\/p>\n<p><a href=\"https:\/\/up.lublin.pl\/srodowiskowa\/wp-content\/uploads\/sites\/5\/2022\/05\/BK2_s_I_Ochrona-wlasnosci-intelektualnej.pdf\">Ochrona w\u0142asno\u015bci intelektualnej \u2013 przedmiot humanistyczny<\/a><\/p>\n<p><a href=\"https:\/\/up.lublin.pl\/srodowiskowa\/wp-content\/uploads\/sites\/5\/2022\/05\/Molekularne-mechanizmy-starzenia-sie-komorek-i-organizmow-1.pdf\">Molekularne mechanizmy starzenia si\u0119 kom\u00f3rek i\u00a0organizm\u00f3w<\/a><\/p>\n<p><a href=\"https:\/\/up.lublin.pl\/srodowiskowa\/wp-content\/uploads\/sites\/5\/2022\/05\/BK2_s_I_Przemyslowa-aparatura-kosmetyczna.pdf\">Przemys\u0142owa aparatura kosmetyczna<\/a><\/p>\n<p><a href=\"https:\/\/up.lublin.pl\/srodowiskowa\/wp-content\/uploads\/sites\/5\/2022\/05\/Analityka-w-biokosmetologii-sylabus.pdf\">Analityka w\u00a0biokosmetologii<\/a><\/p>\n<p><a href=\"https:\/\/up.lublin.pl\/srodowiskowa\/wp-content\/uploads\/sites\/5\/2022\/05\/Zasady-suplementacji-diety.pdf\">Zasady suplementacji diety<\/a><\/p>\n<p><a href=\"https:\/\/up.lublin.pl\/srodowiskowa\/wp-content\/uploads\/sites\/5\/2023\/05\/sylabus-biokosmetyki-innowacyjne-Renata-Matraszek-Gawron-1.pdf\">Biokosmetyki innowacyjne<\/a><\/p>\n<p><a href=\"https:\/\/up.lublin.pl\/srodowiskowa\/wp-content\/uploads\/sites\/5\/2023\/03\/II-stopien-Sylabus-Fizyko-chemiczne-metody-badan-kosmetykow.-pop..pdf\">Fizyko-chemiczne metody bada\u0144 kosmetyk\u00f3w<\/a><\/p>\n                                                <\/div>\n                                            <\/li>\n                                        <\/ul>\n\t\t\t\t\t\t                                                        <ul class=\"mn-accordion\">\n                                            <li>\n                                                <h4 class=\"mn-accordion-title\">Semestr II<\/h4>\n                                                <div>\n\t\t\t\t\t\t\t\t\t                <p><a href=\"https:\/\/up.lublin.pl\/srodowiskowa\/wp-content\/uploads\/sites\/5\/2022\/05\/BK2_etyka-w-biznesie.pdf\">Przedmiot humanistyczny II \u2013 Etyka w\u00a0biznesie<\/a><\/p>\n<p><a href=\"https:\/\/up.lublin.pl\/srodowiskowa\/wp-content\/uploads\/sites\/5\/2022\/05\/BK2_psychologia-w-kosmetologii.pdf\">Przedmiot humanistyczny II \u2013 Psychologia w\u00a0kosmetologii<\/a><\/p>\n<p><a href=\"https:\/\/up.lublin.pl\/srodowiskowa\/wp-content\/uploads\/sites\/5\/2023\/05\/BK_s_II_Niebezpieczne-substancje-w-kosmetykach.pdf\">Niebezpieczne substancje w\u00a0biokosmetykach<\/a><\/p>\n<p><a href=\"https:\/\/up.lublin.pl\/srodowiskowa\/wp-content\/uploads\/sites\/5\/2023\/05\/BK_s_II_Opakowania-ekologiczne-w-kosmetologii-2021-22.pdf\">Opakowania ekologiczne w\u00a0kosmetologii<\/a><\/p>\n<p><a href=\"https:\/\/up.lublin.pl\/srodowiskowa\/wp-content\/uploads\/sites\/5\/2023\/05\/Zaawansowane-technologie-w-produkcji-.pdf\">Zaawansowane technologie w\u00a0produkcji biokosmetyk\u00f3w<\/a><\/p>\n<p><a href=\"https:\/\/up.lublin.pl\/srodowiskowa\/wp-content\/uploads\/sites\/5\/2023\/03\/II-stopien-Sylabus-Zaawansowana-receptura-biokosmetykow-%E2%80%94-kopia-1.pdf\">Zaawansowana receptura biokosmetyk\u00f3w<\/a><\/p>\n<p><a href=\"https:\/\/up.lublin.pl\/srodowiskowa\/wp-content\/uploads\/sites\/5\/2023\/05\/BK_s_2_-Bezpieczenstwo-i-wymagania-sanitarne-w-branzy-kosmetycznej.pdf\">Bezpiecze\u0144stwo i\u00a0wymagania sanitarne w\u00a0bran\u017cy kosmetycznej<\/a><\/p>\n<p><a href=\"https:\/\/up.lublin.pl\/srodowiskowa\/wp-content\/uploads\/sites\/5\/2022\/05\/BK2_s_II_Zaawansowana-kosmetologia-pielegnacyjna.pdf\">Zaawansowana kosmetologia piel\u0119gnacyjna<\/a><\/p>\n<p><a href=\"https:\/\/up.lublin.pl\/srodowiskowa\/wp-content\/uploads\/sites\/5\/2023\/05\/Zarzadzanie-gabinetem-kosmetycznym-1-1.pdf\">Przedmiot do wyboru I\u00a0\u2013 Zarz\u0105dzanie gabinetem kosmetycznym<\/a><\/p>\n<p><a href=\"https:\/\/up.lublin.pl\/srodowiskowa\/wp-content\/uploads\/sites\/5\/2023\/05\/BK2_s_II_Finansowanie-dzialalnosci-gospodarczej.pdf\">Przedmiot do wyboru I\u00a0\u2013 Finansowanie dzia\u0142alno\u015bci gospodarczej<\/a><\/p>\n<p><a href=\"https:\/\/up.lublin.pl\/srodowiskowa\/wp-content\/uploads\/sites\/5\/2022\/05\/BK_s_II__Seminarium-dyplomowe_1_A.pdf\">Seminarium dyplomowe 1 A<\/a><\/p>\n<p><a href=\"https:\/\/up.lublin.pl\/srodowiskowa\/wp-content\/uploads\/sites\/5\/2022\/05\/BK_s_II__Seminarium-dyplomowe_1_B.pdf\">Seminarium dyplomowe 1 B<\/a><\/p>\n<p><a href=\"https:\/\/up.lublin.pl\/srodowiskowa\/wp-content\/uploads\/sites\/5\/2022\/05\/BK_s_II__Seminarium-dyplomowe_1_C.pdf\">Seminarium dyplomowe 1 C<\/a><\/p>\n<p><a href=\"https:\/\/up.lublin.pl\/srodowiskowa\/wp-content\/uploads\/sites\/5\/2022\/05\/BK_s_II__Seminarium-dyplomowe_1_D-1-1.pdf\">Seminarium dyplomowe 1 D<\/a><\/p>\n                                                <\/div>\n                                            <\/li>\n                                        <\/ul>\n\t\t\t\t\t\t                                                        <ul class=\"mn-accordion\">\n                                            <li>\n                                                <h4 class=\"mn-accordion-title\">Semestr III<\/h4>\n                                                <div>\n\t\t\t\t\t\t\t\t\t                <p><a href=\"https:\/\/up.lublin.pl\/srodowiskowa\/wp-content\/uploads\/sites\/5\/2022\/05\/korekta-byla-BK_II_s_Substancje-zapachowe-w-biokosmetykach-2.pdf\">Substancje zapachowe w\u00a0biokosmetykach<\/a><\/p>\n<p><a href=\"https:\/\/up.lublin.pl\/srodowiskowa\/wp-content\/uploads\/sites\/5\/2023\/03\/BK_sII_2021-2022-Metabolity-pochodzenia-biologicznego-w-kosmetologii-Toporowska-M.pdf\">Metabolity pochodzenia biologicznego w\u00a0kosmetologii<\/a><\/p>\n<p><a href=\"https:\/\/up.lublin.pl\/srodowiskowa\/wp-content\/uploads\/sites\/5\/2022\/05\/Podstawy-immunologii.pdf\">Podstawy immunologii<\/a><\/p>\n<p><a href=\"https:\/\/up.lublin.pl\/srodowiskowa\/wp-content\/uploads\/sites\/5\/2022\/05\/Etnobotanika-w-kosmetyce.pdf\">Przedmiot do wyboru II \u2013 Etnobotanika w\u00a0kosmetyce<\/a><\/p>\n<p><a href=\"https:\/\/up.lublin.pl\/srodowiskowa\/wp-content\/uploads\/sites\/5\/2023\/01\/Fitozwiazki-w-kosmetologii.pdf\">Przedmiot do wyboru II \u2013 Fitozwi\u0105zki w\u00a0kosmetologii<\/a><\/p>\n<p><a href=\"https:\/\/up.lublin.pl\/srodowiskowa\/wp-content\/uploads\/sites\/5\/2022\/05\/BK2_s_III_Styling-and-make-up-in-past-and-today-1.pdf\">Przedmiot do wyboru II \u2013 Styling and make up in past and today<\/a><\/p>\n<p><a href=\"https:\/\/up.lublin.pl\/srodowiskowa\/wp-content\/uploads\/sites\/5\/2022\/05\/BK2_s_3_Cosmetic-plants.pdf\">Przedmiot do wyboru II \u2013 Cosmetic plants<\/a><\/p>\n<p><a href=\"https:\/\/up.lublin.pl\/srodowiskowa\/wp-content\/uploads\/sites\/5\/2022\/05\/Roslinne-kultury-in-vitro-1.pdf\">Przedmiot do wyboru III \u2013 Ro\u015blinne kultury in vitro w\u00a0kosmetologii<\/a><\/p>\n<p><a href=\"https:\/\/up.lublin.pl\/srodowiskowa\/wp-content\/uploads\/sites\/5\/2022\/07\/Biotechnologiczne-metody-2.pdf\">Przedmiot do wyboru III \u2013 Biotechnologiczne metody pozyskiwania ro\u015blinnych sk\u0142adnik\u00f3w produkt\u00f3w kosmetycznych<\/a><\/p>\n<p><a href=\"https:\/\/up.lublin.pl\/srodowiskowa\/wp-content\/uploads\/sites\/5\/2022\/05\/Strategie-marketingowe.pdf\">Przedmiot do wyboru IV \u2013 Strategie marketingowe<\/a><\/p>\n<p><a href=\"https:\/\/up.lublin.pl\/srodowiskowa\/wp-content\/uploads\/sites\/5\/2022\/05\/Zarzadzanie-produktem.pdf\">Przedmiot do wyboru IV \u2013 Zarz\u0105dzanie produktem<\/a><\/p>\n<p><a href=\"https:\/\/up.lublin.pl\/srodowiskowa\/wp-content\/uploads\/sites\/5\/2022\/05\/BK_s_II__Seminarium-dyplomowe_2_A.pdf\">Seminarium dyplomowe 2 A<\/a><\/p>\n<p><a href=\"https:\/\/up.lublin.pl\/srodowiskowa\/wp-content\/uploads\/sites\/5\/2022\/05\/BK_s_II__Seminarium-dyplomowe_2_B.pdf\">Seminarium dyplomowe 2 B<\/a><\/p>\n<p><a href=\"https:\/\/up.lublin.pl\/srodowiskowa\/wp-content\/uploads\/sites\/5\/2022\/05\/BK_s_II__Seminarium-dyplomowe_2_C.pdf\">Seminarium dyplomowe 2 C\u00a0<\/a><\/p>\n<p><a href=\"https:\/\/up.lublin.pl\/srodowiskowa\/wp-content\/uploads\/sites\/5\/2022\/05\/BK_s_II__Seminarium-dyplomowe_2_D.pdf\">Seminarium dyplomowe 2 D<\/a><\/p>\n<p><a href=\"https:\/\/up.lublin.pl\/srodowiskowa\/wp-content\/uploads\/sites\/5\/2022\/05\/BK_s_II__Praca-dyplomowa_.pdf\">Praca dyplomowa i\u00a0egzamin dyplomowy<\/a><\/p>\n                                                <\/div>\n                                            <\/li>\n                                        <\/ul>\n\t\t\t\t\t\t                                <\/div>\n\t\t\t\t                <div class=\"mn-content-block\">\n\t                                <\/div>\n\t\t\t\t                <div class=\"mn-content-block\">\n\t                                <\/div>\n\t\t\t\t                <div class=\"mn-content-block\">\n\t                                <\/div>\n\t\t\t\t                <div class=\"mn-content-block\">\n\t                                <\/div>\n\t\t\t\t                <div class=\"mn-content-block\">\n\t                                <\/div>\n\t\t\t\t                <div class=\"mn-content-block\">\n\t                                <\/div>\n\t\t\t\t                <div class=\"mn-content-block\">\n\t                                <\/div>\n\t\t\t\t                <div class=\"mn-content-block\">\n\t                                <\/div>\n\t\t\t\t                <div class=\"mn-content-block\">\n\t                                <\/div>\n\t\t\t\t                <div class=\"mn-content-block\">\n\t                                <\/div>\n\t\t\t\t                <div class=\"mn-content-block\">\n\t                                <\/div>\n\t\t\t\t                <div class=\"mn-content-block\">\n\t                                <\/div>\n\t\t\t\t                <div class=\"mn-content-block\">\n\t                                <\/div>\n\t\t\t\t                <div class=\"mn-content-block\">\n\t                                <\/div>\n\t\t\t\t                <div class=\"mn-content-block\">\n\t                                <\/div>\n\t\t\t\t                <div class=\"mn-content-block\">\n\t                                <\/div>\n\t\t\t\t                <div class=\"mn-content-block\">\n\t                                <\/div>\n\t\t\t\t                <div class=\"mn-content-block\">\n\t                                <\/div>\n\t\t\t\t                <div class=\"mn-content-block\">\n\t                                <\/div>\n\t\t\t\t\t\t<\/div>\n\t<\/div>\n<\/section>\n\t\t<\/div>\n\t\t\t\t<\/div>\n\t\t\t\t\t\t<\/div>\n\t\t\t\t\t<\/div>\n\t\t<\/div>\n\t\t\t\t\t\t\t\t<\/div>\n\t\t\t\t\t<\/div>\n\t\t<\/section>\n\t\t\t\t\t\t<\/div>\n\t\t\t\t\t\t<\/div>\n\t\t\t\t\t<\/div>\n\t\t","protected":false},"excerpt":{"rendered":"<p>\u2190 powr\u00f3t BIOKOSMETOLOGIAstudia stacjonarne II stopnia, nab\u00f3r 2021\/2022 \u00a0 I. Modu\u0142y rozszerzone Semestr I J\u0119zyk obcy specjalistyczny \u2013 angielski J\u0119zyk obcy specjalistyczny \u2013 francuski J\u0119zyk obcy specjalistyczny \u2013 niemiecki J\u0119zyk obcy specjalistyczny \u2013 rosyjski Przedmiot humanistyczny I\u00a0\u2013 Edukacja ekologiczna Przedmiot humanistyczny I\u00a0\u2013 Podstawy public relations Fizjologia i\u00a0patofizjologia sk\u00f3ry Ochrona w\u0142asno\u015bci intelektualnej \u2013 przedmiot humanistyczny Molekularne [&hellip;]<\/p>\n","protected":false},"author":202,"featured_media":0,"parent":178039,"menu_order":0,"comment_status":"closed","ping_status":"closed","template":"elementor_header_footer","meta":{"_monsterinsights_skip_tracking":false,"_monsterinsights_sitenote_active":false,"_monsterinsights_sitenote_note":"","_monsterinsights_sitenote_category":0},"_links":{"self":[{"href":"https:\/\/up.lublin.pl\/srodowiskowa\/wp-json\/wp\/v2\/pages\/168472"}],"collection":[{"href":"https:\/\/up.lublin.pl\/srodowiskowa\/wp-json\/wp\/v2\/pages"}],"about":[{"href":"https:\/\/up.lublin.pl\/srodowiskowa\/wp-json\/wp\/v2\/types\/page"}],"author":[{"embeddable":true,"href":"https:\/\/up.lublin.pl\/srodowiskowa\/wp-json\/wp\/v2\/users\/202"}],"replies":[{"embeddable":true,"href":"https:\/\/up.lublin.pl\/srodowiskowa\/wp-json\/wp\/v2\/comments?post=168472"}],"version-history":[{"count":16,"href":"https:\/\/up.lublin.pl\/srodowiskowa\/wp-json\/wp\/v2\/pages\/168472\/revisions"}],"predecessor-version":[{"id":168492,"href":"https:\/\/up.lublin.pl\/srodowiskowa\/wp-json\/wp\/v2\/pages\/168472\/revisions\/168492"}],"up":[{"embeddable":true,"href":"https:\/\/up.lublin.pl\/srodowiskowa\/wp-json\/wp\/v2\/pages\/178039"}],"wp:attachment":[{"href":"https:\/\/up.lublin.pl\/srodowiskowa\/wp-json\/wp\/v2\/media?parent=168472"}],"curies":[{"name":"wp","href":"https:\/\/api.w.org\/{rel}","templated":true}]}}