{"id":1451,"date":"2021-02-08T12:23:52","date_gmt":"2021-02-08T11:23:52","guid":{"rendered":"http:\/\/nowastrona.up.lublin.pl\/srodowiskowa\/?page_id=1451"},"modified":"2025-10-28T11:48:56","modified_gmt":"2025-10-28T10:48:56","slug":"skn-biologow","status":"publish","type":"page","link":"https:\/\/up.lublin.pl\/srodowiskowa\/skn-biologow\/","title":{"rendered":"Studenckie Ko\u0142o Naukowe Biolog\u00f3w"},"content":{"rendered":"\t\t<div data-elementor-type=\"wp-page\" data-elementor-id=\"1451\" class=\"elementor elementor-1451\" data-elementor-settings=\"[]\">\n\t\t\t\t\t\t<div class=\"elementor-inner\">\n\t\t\t\t\t\t\t<div class=\"elementor-section-wrap\">\n\t\t\t\t\t\t\t<section class=\"elementor-section elementor-top-section elementor-element elementor-element-d1e5aee elementor-section-boxed elementor-section-height-default elementor-section-height-default\" data-id=\"d1e5aee\" data-element_type=\"section\">\n\t\t\t\t\t\t<div class=\"elementor-container elementor-column-gap-default\">\n\t\t\t\t\t\t\t<div class=\"elementor-row\">\n\t\t\t\t\t<div class=\"elementor-column elementor-col-100 elementor-top-column elementor-element elementor-element-1caf62c\" data-id=\"1caf62c\" data-element_type=\"column\">\n\t\t\t<div class=\"elementor-column-wrap elementor-element-populated\">\n\t\t\t\t\t\t\t<div class=\"elementor-widget-wrap\">\n\t\t\t\t\t\t<div class=\"elementor-element elementor-element-be81a7f elementor-widget elementor-widget-m5c\" data-id=\"be81a7f\" data-element_type=\"widget\" data-widget_type=\"m5c.default\">\n\t\t\t\t<div class=\"elementor-widget-container\">\n\t\t\t<section class=\"mn-m5-c mn-m5-d2 mn-bg-white\">\n\t<div class=\"mn-grid\">\n\t\t\t\t<div class=\"mn-content mn-grid-9\">\n\t\t\t                <div class=\"mn-content-block active\">\n\t                                                        <div class=\"block-text\">\n\t                                        <h3 style=\"text-align: center\"><strong>Studenckie Ko\u0142o Naukowe Biolog\u00f3w<\/strong><\/h3>\n                                        <\/div>\n\t\t\t\t\t\t                                                        <div class=\"block-text\">\n\t                                        <p><img loading=\"lazy\" class=\"aligncenter wp-image-1453\" src=\"http:\/\/nowastrona.up.lublin.pl\/srodowiskowa\/wp-content\/uploads\/sites\/5\/2021\/02\/skn_biologow.jpg\" alt=\"\" width=\"203\" height=\"193\" \/><\/p>\n<p><strong>Opiekun ko\u0142a i&nbsp;dane kontaktowe:<\/strong> <br \/>prof. dr hab. <strong>Bo\u017cena Denisow<\/strong><br \/>Katedra Botaniki i&nbsp;Fizjologii Ro\u015blin<br \/>ul. Akademicka 15, p. 111 Agro I&nbsp;<br \/>e-mail: bozena.denisow@up.edu.pl<\/p>\n<p><img loading=\"lazy\" class=\"aligncenter wp-image-1457\" src=\"http:\/\/nowastrona.up.lublin.pl\/srodowiskowa\/wp-content\/uploads\/sites\/5\/2021\/02\/denisow2.jpg\" alt=\"\" width=\"422\" height=\"281\" \/><\/p>\n<p>Dzia\u0142alno\u015b\u0107 naukowa student\u00f3w w&nbsp;Kole Naukowym Biolog\u00f3w rozpocz\u0119\u0142a si\u0119 w&nbsp;roku akademickim 1978\/79 i&nbsp;trwa nieprzerwanie do dnia dzisiejszego.<\/p>\n<p><strong>Cele ko\u0142a:<\/strong> prowadzenie przez student\u00f3w bada\u0144 biologii kwitnienia, zapylania, nektarowania, pylenia oraz efektywno\u015bci zapylania r\u00f3\u017cnych gatunk\u00f3w ro\u015blin. Badania te s\u0105 wa\u017cne dla zabezpieczenia niszy pokarmowej owad\u00f3w zapylaj\u0105cych i&nbsp;wpisuj\u0105 si\u0119 w&nbsp;globalne trendy zmierzaj\u0105ce do ograniczenia spadku liczebno\u015bci zapylaczy. Aktualnie jest to jedno z&nbsp;priorytetowych zada\u0144 ochrony \u015brodowiska. Tradycj\u0105 i&nbsp;dowodem\u00a0 wytrwa\u0142ej pracy student\u00f3w jest udzia\u0142 w&nbsp;konferencjach krajowych i&nbsp;mi\u0119dzynarodowych oraz uzyskiwane nagrody (m.in. na Mi\u0119dzynarodowej Konferencji SKN we Wroc\u0142awiu). Wielu cz\u0142onk\u00f3w Ko\u0142a kontynuowa\u0142o studia jako doktoranci, a&nbsp;obecnie s\u0105 zatrudnieni w&nbsp;r\u00f3\u017cnych krajowych plac\u00f3wkach badawczych. Praca w&nbsp;Kole poza do\u015bwiadczeniem naukowym stwarza r\u00f3wnie\u017c okazj\u0119 do wsp\u00f3lnych spotka\u0144 i&nbsp;nawi\u0105zania kontakt\u00f3w towarzyskich, mile wspominanych po latach.<\/p>\n<p><img loading=\"lazy\" class=\"wp-image-1465 alignnone\" src=\"http:\/\/nowastrona.up.lublin.pl\/srodowiskowa\/wp-content\/uploads\/sites\/5\/2021\/02\/denisow1.jpg\" alt=\"\" width=\"167\" height=\"257\" \/><img loading=\"lazy\" class=\"wp-image-1461 alignnone\" src=\"http:\/\/nowastrona.up.lublin.pl\/srodowiskowa\/wp-content\/uploads\/sites\/5\/2021\/02\/denisow.jpg\" alt=\"\" width=\"173\" height=\"255\" \/><\/p>\n                                        <\/div>\n\t\t\t\t\t\t                                                        <div class=\"block-text\">\n\t                                        <h3 style=\"text-align: left\">Sekcja Biokosmetologii<\/h3>\n<p><u><a href=\"https:\/\/up.lublin.pl\/srodowiskowa\/wp-content\/uploads\/sites\/5\/2021\/10\/biokosmetologia_logo.jpg\"><img loading=\"lazy\" class=\"aligncenter wp-image-143867\" src=\"https:\/\/up.lublin.pl\/srodowiskowa\/wp-content\/uploads\/sites\/5\/2021\/10\/biokosmetologia_logo.jpg\" alt=\"\" width=\"200\" height=\"195\" \/><\/a><\/u><\/p>\n<p><strong>Opiekun sekcji i&nbsp;dane kontaktowe:<\/strong> <br \/>dr hab. <strong>Miros\u0142awa Chwil<\/strong>, <br \/>Katedra Botaniki i&nbsp;Fizjologii Ro\u015blin<br \/>ul. Akademicka 15, p. 318 Agro I<br \/>e-mail: miroslawa.chwil@up.edu.pl, tel. 81 445 66 24<\/p>\n<p data-wp-editing=\"1\"><a href=\"https:\/\/up.lublin.pl\/srodowiskowa\/wp-content\/uploads\/sites\/5\/2021\/10\/6.jpg\"><img loading=\"lazy\" class=\"aligncenter wp-image-143881\" src=\"https:\/\/up.lublin.pl\/srodowiskowa\/wp-content\/uploads\/sites\/5\/2021\/10\/6.jpg\" alt=\"\" width=\"547\" height=\"467\" \/><\/a><\/p>\n<p>Dzia\u0142alno\u015b\u0107 naukowa student\u00f3w w&nbsp;sekcji Biokosmetologii Studenckiego Ko\u0142a Naukowego Biolog\u00f3w rozpocz\u0119\u0142a si\u0119 w&nbsp;dniu 28.11.2019r.<\/p>\n<p><strong>Celem sekcji Biokosmetologii jest:<\/strong><br \/>a) pog\u0142\u0119bianie wiedzy student\u00f3w z&nbsp;obszaru biokosmetologii,<br \/>b) dba\u0142o\u015b\u0107 o&nbsp;rozw\u00f3j indywidualnych zainteresowa\u0144 naukowych student\u00f3w,<br \/>c) dzia\u0142alno\u015b\u0107 naukowo &#8211; badawcza cz\u0142onk\u00f3w sekcji oraz propagowanie dzia\u0142a\u0144 z&nbsp;zakresu kosmetologii.<\/p>\n<p><strong>Sekcja Biokosmetologii realizuje swoje cele poprzez:<\/strong><br \/>a) udzia\u0142 w&nbsp;pracach naukowo-badawczych z&nbsp;zakresu biokosmetologii,<br \/>b) organizowanie spotka\u0144 zwi\u0105zanych z&nbsp;obszarem biokosmetologii,<br \/>c) przygotowanie publikacji i&nbsp;udzia\u0142 w&nbsp;konferencjach naukowych.<\/p>\n<p><a href=\"https:\/\/up.lublin.pl\/srodowiskowa\/wp-content\/uploads\/sites\/5\/2021\/10\/4.jpg\"><img loading=\"lazy\" class=\"aligncenter size-full wp-image-143877\" src=\"https:\/\/up.lublin.pl\/srodowiskowa\/wp-content\/uploads\/sites\/5\/2021\/10\/4.jpg\" alt=\"\" width=\"2025\" height=\"2324\" \/><\/a><a href=\"https:\/\/up.lublin.pl\/srodowiskowa\/wp-content\/uploads\/sites\/5\/2021\/10\/7.jpg\"><img loading=\"lazy\" class=\"aligncenter size-full wp-image-143885\" src=\"https:\/\/up.lublin.pl\/srodowiskowa\/wp-content\/uploads\/sites\/5\/2021\/10\/7.jpg\" alt=\"\" width=\"1564\" height=\"2300\" \/><\/a><\/p>\n                                        <\/div>\n\t\t\t\t\t\t                                <\/div>\n\t\t\t\t                <div class=\"mn-content-block\">\n\t                                <\/div>\n\t\t\t\t                <div class=\"mn-content-block\">\n\t                                <\/div>\n\t\t\t\t                <div class=\"mn-content-block\">\n\t                                <\/div>\n\t\t\t\t                <div class=\"mn-content-block\">\n\t                                <\/div>\n\t\t\t\t                <div class=\"mn-content-block\">\n\t                                <\/div>\n\t\t\t\t                <div class=\"mn-content-block\">\n\t                                <\/div>\n\t\t\t\t                <div class=\"mn-content-block\">\n\t                                <\/div>\n\t\t\t\t                <div class=\"mn-content-block\">\n\t                                <\/div>\n\t\t\t\t                <div class=\"mn-content-block\">\n\t                                <\/div>\n\t\t\t\t                <div class=\"mn-content-block\">\n\t                                <\/div>\n\t\t\t\t                <div class=\"mn-content-block\">\n\t                                <\/div>\n\t\t\t\t                <div class=\"mn-content-block\">\n\t                                <\/div>\n\t\t\t\t                <div class=\"mn-content-block\">\n\t                                <\/div>\n\t\t\t\t                <div class=\"mn-content-block\">\n\t                                <\/div>\n\t\t\t\t                <div class=\"mn-content-block\">\n\t                                <\/div>\n\t\t\t\t                <div class=\"mn-content-block\">\n\t                                <\/div>\n\t\t\t\t                <div class=\"mn-content-block\">\n\t                                <\/div>\n\t\t\t\t                <div class=\"mn-content-block\">\n\t                                <\/div>\n\t\t\t\t                <div class=\"mn-content-block\">\n\t                                <\/div>\n\t\t\t\t\t\t<\/div>\n\t<\/div>\n<\/section>\n\t\t<\/div>\n\t\t\t\t<\/div>\n\t\t\t\t\t\t<\/div>\n\t\t\t\t\t<\/div>\n\t\t<\/div>\n\t\t\t\t\t\t\t\t<\/div>\n\t\t\t\t\t<\/div>\n\t\t<\/section>\n\t\t\t\t\t\t<\/div>\n\t\t\t\t\t\t<\/div>\n\t\t\t\t\t<\/div>\n\t\t","protected":false},"excerpt":{"rendered":"<p>Studenckie Ko\u0142o Naukowe Biolog\u00f3w Opiekun ko\u0142a i&nbsp;dane kontaktowe: prof. dr hab. Bo\u017cena DenisowKatedra Botaniki i&nbsp;Fizjologii Ro\u015blinul. Akademicka 15, p. 111 Agro I&nbsp;e-mail: bozena.denisow@up.edu.pl Dzia\u0142alno\u015b\u0107 naukowa student\u00f3w w&nbsp;Kole Naukowym Biolog\u00f3w rozpocz\u0119\u0142a si\u0119 w&nbsp;roku akademickim 1978\/79 i&nbsp;trwa nieprzerwanie do dnia dzisiejszego. Cele ko\u0142a: prowadzenie przez student\u00f3w bada\u0144 biologii kwitnienia, zapylania, nektarowania, pylenia oraz efektywno\u015bci zapylania r\u00f3\u017cnych gatunk\u00f3w [&hellip;]<\/p>\n","protected":false},"author":2,"featured_media":0,"parent":0,"menu_order":0,"comment_status":"closed","ping_status":"closed","template":"elementor_header_footer","meta":{"_monsterinsights_skip_tracking":false,"_monsterinsights_sitenote_active":false,"_monsterinsights_sitenote_note":"","_monsterinsights_sitenote_category":0},"_links":{"self":[{"href":"https:\/\/up.lublin.pl\/srodowiskowa\/wp-json\/wp\/v2\/pages\/1451"}],"collection":[{"href":"https:\/\/up.lublin.pl\/srodowiskowa\/wp-json\/wp\/v2\/pages"}],"about":[{"href":"https:\/\/up.lublin.pl\/srodowiskowa\/wp-json\/wp\/v2\/types\/page"}],"author":[{"embeddable":true,"href":"https:\/\/up.lublin.pl\/srodowiskowa\/wp-json\/wp\/v2\/users\/2"}],"replies":[{"embeddable":true,"href":"https:\/\/up.lublin.pl\/srodowiskowa\/wp-json\/wp\/v2\/comments?post=1451"}],"version-history":[{"count":34,"href":"https:\/\/up.lublin.pl\/srodowiskowa\/wp-json\/wp\/v2\/pages\/1451\/revisions"}],"predecessor-version":[{"id":176838,"href":"https:\/\/up.lublin.pl\/srodowiskowa\/wp-json\/wp\/v2\/pages\/1451\/revisions\/176838"}],"wp:attachment":[{"href":"https:\/\/up.lublin.pl\/srodowiskowa\/wp-json\/wp\/v2\/media?parent=1451"}],"curies":[{"name":"wp","href":"https:\/\/api.w.org\/{rel}","templated":true}]}}