{"id":141546,"date":"2021-07-12T10:56:05","date_gmt":"2021-07-12T08:56:05","guid":{"rendered":"https:\/\/up.lublin.pl\/srodowiskowa\/?page_id=141546"},"modified":"2022-04-12T12:57:33","modified_gmt":"2022-04-12T10:57:33","slug":"hydrobiologia","status":"publish","type":"page","link":"https:\/\/up.lublin.pl\/srodowiskowa\/wydzial\/struktura-i-pracownicy\/hydrobiologia\/","title":{"rendered":"Katedra Hydrobiologii i Ochrony Ekosystem\u00f3w"},"content":{"rendered":"\t\t<div data-elementor-type=\"wp-page\" data-elementor-id=\"141546\" class=\"elementor elementor-141546\" data-elementor-settings=\"[]\">\n\t\t\t\t\t\t<div class=\"elementor-inner\">\n\t\t\t\t\t\t\t<div class=\"elementor-section-wrap\">\n\t\t\t\t\t\t\t<section class=\"elementor-section elementor-top-section elementor-element elementor-element-f0cd1b9 elementor-section-boxed elementor-section-height-default elementor-section-height-default\" data-id=\"f0cd1b9\" data-element_type=\"section\">\n\t\t\t\t\t\t<div class=\"elementor-container elementor-column-gap-default\">\n\t\t\t\t\t\t\t<div class=\"elementor-row\">\n\t\t\t\t\t<div class=\"elementor-column elementor-col-100 elementor-top-column elementor-element elementor-element-3244402\" data-id=\"3244402\" data-element_type=\"column\">\n\t\t\t<div class=\"elementor-column-wrap elementor-element-populated\">\n\t\t\t\t\t\t\t<div class=\"elementor-widget-wrap\">\n\t\t\t\t\t\t<div class=\"elementor-element elementor-element-bfa23f5 elementor-widget elementor-widget-m2j\" data-id=\"bfa23f5\" data-element_type=\"widget\" data-widget_type=\"m2j.default\">\n\t\t\t\t<div class=\"elementor-widget-container\">\n\t\t\t<section class=\"mn-m2-h\">\n    <div class=\"mn-image-container mn-container\">\n                    <img src=\"https:\/\/up.lublin.pl\/srodowiskowa\/wp-content\/uploads\/sites\/5\/2021\/12\/foto9.jpg\" alt=\"\">\n                                <h3 class=\"mn-title\">\n                Katedra Hydrobiologii i&nbsp;Ochrony Ekosystem\u00f3w             <\/h3>\n                <\/div>\n    <div class=\"mn-grid mn-content\">\n            <\/div>\n<\/section>\n\t\t<\/div>\n\t\t\t\t<\/div>\n\t\t\t\t<div class=\"elementor-element elementor-element-3b48cf6 elementor-widget elementor-widget-m3a\" data-id=\"3b48cf6\" data-element_type=\"widget\" data-widget_type=\"m3a.default\">\n\t\t\t\t<div class=\"elementor-widget-container\">\n\t\t\t\t<section class=\"mn-m3-a mn-bg-green mn-m3-g\">\n\t\t<div class=\"mn-grid\">\n\t\t\t<h2 class=\"custom-mn-grid-4\">Aktualno\u015bci:<\/h2>\n\t\t\t                <div class=\"custom-mn-grid-8\">\n\t\t            \t<div class=\"mn-tabs\">\r\n                        <div class=\"mn-tabs\">\r\n                    <a href=\"https:\/\/up.lublin.pl\/srodowiskowa\/category\/hydrobiologia\/\" class=\"mn-more\"  >Zobacz wszystkie<\/a>\r\n                <\/div>\r\n                    \t<\/div>\r\n\t                <\/div>\n\t            \t\t\t<div class=\"mn-grid-3 mn-introtext\">\n\t\t\t\t\t\t\t<\/div>\n\t\t\t                <div class=\"mn-grid-11 mn-slider-container\">\n\n                    <div class=\"mn-news-slider slider slider-69d7ebfcf31ef\">\n\t\t\t\t\t\t                            <div class=\"slick-slide post-el  slick-current term-24\">\n\t\t\t\t\t\t\t\t                                <div class=\"mn-grid-3 mn-kat-m4-container\">\n\t\t\t\t\t\t\t\t\t\t\t\t\t\t\t\t\t\t\t\t\t\t\t\t\t\t\t\t\t\t\t\t\t\t\t\t                                        <div class=\"mn-lead\">\n\t\t\t\t\t\t\t\t\t\t\t                                                <p>\u017byczenia Wielkancone<\/p>\n\t\t\t\t\t\t\t\t\t\t\t\t                                        <\/div>\n\t\t\t\t\t\t\t\t\t\t                                    <a href=\"https:\/\/up.lublin.pl\/srodowiskowa\/zyczenia-wielkancone\/\" class=\"mn-more\">Zobacz wi\u0119cej<\/a>\n\n\t\t\t\t\t\t\t\t\t                                <\/div>\n\t\t\t\t\t\t\t                            <\/div>\n\t\t\t\t\t\t\t                            <div class=\"slick-slide post-el  term-24\">\n\t\t\t\t\t\t\t\t                                <div class=\"mn-grid-3 mn-kat-m4-container\">\n\t\t\t\t\t\t\t\t\t\t\t\t\t\t\t\t\t\t\t\t\t\t\t\t\t\t\t\t\t\t\t\t\t\t\t\t                                        <div class=\"mn-lead\">\n\t\t\t\t\t\t\t\t\t\t\t                                                <p>IV edycja konkursu LublinUP<\/p>\n\t\t\t\t\t\t\t\t\t\t\t\t                                        <\/div>\n\t\t\t\t\t\t\t\t\t\t                                    <a href=\"https:\/\/up.lublin.pl\/srodowiskowa\/iv-edycja-konkursu-lublinup\/\" class=\"mn-more\">Zobacz wi\u0119cej<\/a>\n\n\t\t\t\t\t\t\t\t\t                                <\/div>\n\t\t\t\t\t\t\t                            <\/div>\n\t\t\t\t\t\t\t                            <div class=\"slick-slide post-el  term-24\">\n\t\t\t\t\t\t\t\t                                <div class=\"mn-grid-3 mn-kat-m4-container\">\n\t\t\t\t\t\t\t\t\t\t\t\t\t\t\t\t\t\t\t\t\t\t\t\t\t\t\t\t\t\t\t\t\t\t\t\t                                        <div class=\"mn-lead\">\n\t\t\t\t\t\t\t\t\t\t\t                                                <p>22 marca - \u015awiatowy Dzie\u0144 Wody<\/p>\n\t\t\t\t\t\t\t\t\t\t\t\t                                        <\/div>\n\t\t\t\t\t\t\t\t\t\t                                    <a href=\"https:\/\/up.lublin.pl\/srodowiskowa\/22-marca-swiatowy-dzien-wody-2\/\" class=\"mn-more\">Zobacz wi\u0119cej<\/a>\n\n\t\t\t\t\t\t\t\t\t                                <\/div>\n\t\t\t\t\t\t\t                            <\/div>\n\t\t\t\t\t\t\t                            <div class=\"slick-slide post-el  term-24\">\n\t\t\t\t\t\t\t\t                                <div class=\"mn-grid-3 mn-kat-m4-container\">\n\t\t\t\t\t\t\t\t\t\t\t\t\t\t\t\t\t\t\t\t\t\t\t\t\t\t\t\t\t\t\t\t\t\t\t\t                                        <div class=\"mn-lead\">\n\t\t\t\t\t\t\t\t\t\t\t                                                <p>Centrum Nauczania J\u0119zyk\u00f3w Obcych i Certyfikacji UP w Lublinie og\u0142asza ZAPISY NA EGZAMIN TELC Zapisy trwaj\u0105 do 31 marca 2026 r.<\/p>\n\t\t\t\t\t\t\t\t\t\t\t\t                                        <\/div>\n\t\t\t\t\t\t\t\t\t\t                                    <a href=\"https:\/\/up.lublin.pl\/srodowiskowa\/centrum-nauczania-jezykow-obcych-i-certyfikacji-up-w-lublinie-oglasza-zapisy-na-egzamin-telc-zapisy-trwaja-do-31-marca-2026-r\/\" class=\"mn-more\">Zobacz wi\u0119cej<\/a>\n\n\t\t\t\t\t\t\t\t\t                                <\/div>\n\t\t\t\t\t\t\t                            <\/div>\n\t\t\t\t\t\t\t                            <div class=\"slick-slide post-el  term-24\">\n\t\t\t\t\t\t\t\t                                <div class=\"mn-grid-3 mn-kat-m4-container\">\n\t\t\t\t\t\t\t\t\t\t\t\t\t\t\t\t\t\t\t\t\t\t\t\t\t\t\t\t\t\t\t\t\t\t\t\t                                        <div class=\"mn-lead\">\n\t\t\t\t\t\t\t\t\t\t\t                                                <p>Wizyta Prof. Simon Belle z Swedish University of Agricultural Sciences in Uppsala, Department of Aquatic Sciences and Assessment<\/p>\n\t\t\t\t\t\t\t\t\t\t\t\t                                        <\/div>\n\t\t\t\t\t\t\t\t\t\t                                    <a href=\"https:\/\/up.lublin.pl\/srodowiskowa\/wizyta-prof-simon-belle-z-swedish-university-of-agricultural-sciences-in-uppsala-department-of-aquatic-sciences-and-assessment\/\" class=\"mn-more\">Zobacz wi\u0119cej<\/a>\n\n\t\t\t\t\t\t\t\t\t                                <\/div>\n\t\t\t\t\t\t\t                            <\/div>\n\t\t\t\t\t\t\t                            <div class=\"slick-slide post-el  term-24\">\n\t\t\t\t\t\t\t\t                                <div class=\"mn-grid-3 mn-kat-m4-container\">\n\t\t\t\t\t\t\t\t\t\t\t\t\t\t\t\t\t\t\t\t\t\t\t\t\t\t\t\t\t\t\t\t\t\t\t\t                                        <div class=\"mn-lead\">\n\t\t\t\t\t\t\t\t\t\t\t                                                <p>We\u017a udzia\u0142 w Grze o Karier\u0119<\/p>\n\t\t\t\t\t\t\t\t\t\t\t\t                                        <\/div>\n\t\t\t\t\t\t\t\t\t\t                                    <a href=\"https:\/\/up.lublin.pl\/srodowiskowa\/wez-udzial-w-grze-o-kariere\/\" class=\"mn-more\">Zobacz wi\u0119cej<\/a>\n\n\t\t\t\t\t\t\t\t\t                                <\/div>\n\t\t\t\t\t\t\t                            <\/div>\n\t\t\t\t\t\t\t                            <div class=\"slick-slide post-el  term-24\">\n\t\t\t\t\t\t\t\t                                <div class=\"mn-grid-3 mn-kat-m4-container\">\n\t\t\t\t\t\t\t\t\t\t\t\t\t\t\t\t\t\t\t\t\t\t\t\t\t\t\t\t\t\t\t\t\t\t\t\t                                        <div class=\"mn-lead\">\n\t\t\t\t\t\t\t\t\t\t\t                                                <p>Zapraszamy na Dzie\u0144 Otwarty 2026!<\/p>\n\t\t\t\t\t\t\t\t\t\t\t\t                                        <\/div>\n\t\t\t\t\t\t\t\t\t\t                                    <a href=\"https:\/\/up.lublin.pl\/srodowiskowa\/zapraszamy-na-dzien-otwarty-2026\/\" class=\"mn-more\">Zobacz wi\u0119cej<\/a>\n\n\t\t\t\t\t\t\t\t\t                                <\/div>\n\t\t\t\t\t\t\t                            <\/div>\n\t\t\t\t\t\t\t                            <div class=\"slick-slide post-el  term-24\">\n\t\t\t\t\t\t\t\t                                <div class=\"mn-grid-3 mn-kat-m4-container\">\n\t\t\t\t\t\t\t\t\t\t\t\t\t\t\t\t\t\t\t\t\t\t\t\t\t\t\t\t\t\t\t\t\t\t\t\t                                        <div class=\"mn-lead\">\n\t\t\t\t\t\t\t\t\t\t\t                                                <p>Kontakt do Wydzia\u0142owej Komisji Rekrutacyjnej (studia II stopnia)<\/p>\n\t\t\t\t\t\t\t\t\t\t\t\t                                        <\/div>\n\t\t\t\t\t\t\t\t\t\t                                    <a href=\"https:\/\/up.lublin.pl\/srodowiskowa\/kontakt-do-wydzialowej-komisji-rekrutacyjnej-studia-ii-stopnia\/\" class=\"mn-more\">Zobacz wi\u0119cej<\/a>\n\n\t\t\t\t\t\t\t\t\t                                <\/div>\n\t\t\t\t\t\t\t                            <\/div>\n\t\t\t\t\t\t\t                            <div class=\"slick-slide post-el  term-24\">\n\t\t\t\t\t\t\t\t                                <div class=\"mn-grid-3 mn-kat-m4-container\">\n\t\t\t\t\t\t\t\t\t\t\t\t\t\t\t\t\t\t\t\t\t\t\t\t\t\t\t\t\t\t\t\t\t\t\t\t                                        <div class=\"mn-lead\">\n\t\t\t\t\t\t\t\t\t\t\t                                                <p>Zapisy na kolejn\u0105 edycj\u0119 kurs\u00f3w projektowania CAD dla student\u00f3w<\/p>\n\t\t\t\t\t\t\t\t\t\t\t\t                                        <\/div>\n\t\t\t\t\t\t\t\t\t\t                                    <a href=\"https:\/\/up.lublin.pl\/srodowiskowa\/zapisy-na-kolejna-edycje-kursow-projektowania-cad-dla-studentow\/\" class=\"mn-more\">Zobacz wi\u0119cej<\/a>\n\n\t\t\t\t\t\t\t\t\t                                <\/div>\n\t\t\t\t\t\t\t                            <\/div>\n\t\t\t\t\t\t\t                            <div class=\"slick-slide post-el  term-24\">\n\t\t\t\t\t\t\t\t                                <div class=\"mn-grid-3 mn-kat-m4-container\">\n\t\t\t\t\t\t\t\t\t\t\t\t\t\t\t\t\t\t\t\t\t\t\t\t\t\t\t\t\t\t\t\t\t\t\t\t                                        <div class=\"mn-lead\">\n\t\t\t\t\t\t\t\t\t\t\t                                                <p>\u201eSurowce naturalne w farmakologii i kosmetologii\u201d nowa pozycja ksi\u0105\u017ckowa o roli substancji pochodzenia naturalnego<\/p>\n\t\t\t\t\t\t\t\t\t\t\t\t                                        <\/div>\n\t\t\t\t\t\t\t\t\t\t                                    <a href=\"https:\/\/up.lublin.pl\/srodowiskowa\/surowce-naturalne-w-farmakologii-i-kosmetologii-nowa-pozycja-ksiazkowa-o-roli-substancji-pochodzenia-naturalnego-w-nowoczesnej-medycynie-i-kosmetologii\/\" class=\"mn-more\">Zobacz wi\u0119cej<\/a>\n\n\t\t\t\t\t\t\t\t\t                                <\/div>\n\t\t\t\t\t\t\t                            <\/div>\n\t\t\t\t\t\t\t                    <\/div>\n                <\/div>\n\t\t\t\t\t\t<\/div>\n\t<\/section>\n\t\t<\/div>\n\t\t\t\t<\/div>\n\t\t\t\t\t\t<\/div>\n\t\t\t\t\t<\/div>\n\t\t<\/div>\n\t\t\t\t\t\t\t\t<\/div>\n\t\t\t\t\t<\/div>\n\t\t<\/section>\n\t\t\t\t<section class=\"elementor-section elementor-top-section elementor-element elementor-element-f281cf1 elementor-section-boxed elementor-section-height-default elementor-section-height-default\" data-id=\"f281cf1\" data-element_type=\"section\">\n\t\t\t\t\t\t<div class=\"elementor-container elementor-column-gap-default\">\n\t\t\t\t\t\t\t<div class=\"elementor-row\">\n\t\t\t\t\t<div class=\"elementor-column elementor-col-100 elementor-top-column elementor-element elementor-element-d59a00f\" data-id=\"d59a00f\" data-element_type=\"column\">\n\t\t\t<div class=\"elementor-column-wrap elementor-element-populated\">\n\t\t\t\t\t\t\t<div class=\"elementor-widget-wrap\">\n\t\t\t\t\t\t<div class=\"elementor-element elementor-element-766766e elementor-widget elementor-widget-m5c\" data-id=\"766766e\" data-element_type=\"widget\" data-widget_type=\"m5c.default\">\n\t\t\t\t<div class=\"elementor-widget-container\">\n\t\t\t<section class=\"mn-m5-c mn-bg-white\">\n\t<div class=\"mn-grid\">\n\t\t            <div class=\"mn-menu-container mn-grid-3\">\n                <ul class=\"mn-bg-yellow\">\n\t                                        <li>\n                            <a href=\"#\" class=\"active\" data-hash=\"#\">\n                                Kontakt                            <\/a>\n                        <\/li>\n                                        <\/ul>\n            <\/div>\n\t        \t\t<div class=\"mn-content mn-grid-8\">\n\t\t\t                <div class=\"mn-content-block active\">\n\t                                                        <div class=\"block-text\">\n\t                                        <p>Katedra Hydrobiologii i&nbsp;Ochrony Ekosystem\u00f3w<br \/>Wydzia\u0142 Biologii \u015arodowiskowej<br \/>Uniwersytet Przyrodniczy w&nbsp;Lublinie<br \/>ul. Dobrza\u0144skiego 37, 20-262 Lublin<\/p>\n<p>tel. 0814610061 w.304 (sekretariat)<br \/>e-mail: hydrobiologia@up.lublin.pl (sekretariat)<\/p>\n                                        <\/div>\n\t\t\t\t\t\t                                <\/div>\n\t\t\t\t\t\t<\/div>\n\t<\/div>\n<\/section>\n\t\t<\/div>\n\t\t\t\t<\/div>\n\t\t\t\t\t\t<\/div>\n\t\t\t\t\t<\/div>\n\t\t<\/div>\n\t\t\t\t\t\t\t\t<\/div>\n\t\t\t\t\t<\/div>\n\t\t<\/section>\n\t\t\t\t\t\t<\/div>\n\t\t\t\t\t\t<\/div>\n\t\t\t\t\t<\/div>\n\t\t","protected":false},"excerpt":{"rendered":"<p>Katedra Hydrobiologii i&nbsp;Ochrony Ekosystem\u00f3w Aktualno\u015bci: Zobacz wszystkie \u017byczenia \u015awi\u0105teczne Zobacz wi\u0119cej Mi\u0119dzynarodowy Dzie\u0144 Ziemi Zobacz wi\u0119cej Wiosenne zaj\u0119cia terenowe na Roztoczu Zobacz wi\u0119cej Rozstrzygni\u0119cie konkursu w ramach projektu OPUS 18 Zobacz wi\u0119cej Egzamin TELC B2. Zapisy trwaj\u0105 do 27.05.2022 r. Zobacz wi\u0119cej Najnowocze\u015bniejszy test z j\u0119zyk\u00f3w obcych na rynku! Zobacz wi\u0119cej Zaproszenie \u2013 Seminarium Wydzia\u0142u [&hellip;]<\/p>\n","protected":false},"author":2,"featured_media":0,"parent":268,"menu_order":0,"comment_status":"closed","ping_status":"closed","template":"elementor_header_footer","meta":{"_monsterinsights_skip_tracking":false,"_monsterinsights_sitenote_active":false,"_monsterinsights_sitenote_note":"","_monsterinsights_sitenote_category":0},"_links":{"self":[{"href":"https:\/\/up.lublin.pl\/srodowiskowa\/wp-json\/wp\/v2\/pages\/141546"}],"collection":[{"href":"https:\/\/up.lublin.pl\/srodowiskowa\/wp-json\/wp\/v2\/pages"}],"about":[{"href":"https:\/\/up.lublin.pl\/srodowiskowa\/wp-json\/wp\/v2\/types\/page"}],"author":[{"embeddable":true,"href":"https:\/\/up.lublin.pl\/srodowiskowa\/wp-json\/wp\/v2\/users\/2"}],"replies":[{"embeddable":true,"href":"https:\/\/up.lublin.pl\/srodowiskowa\/wp-json\/wp\/v2\/comments?post=141546"}],"version-history":[{"count":55,"href":"https:\/\/up.lublin.pl\/srodowiskowa\/wp-json\/wp\/v2\/pages\/141546\/revisions"}],"predecessor-version":[{"id":149654,"href":"https:\/\/up.lublin.pl\/srodowiskowa\/wp-json\/wp\/v2\/pages\/141546\/revisions\/149654"}],"up":[{"embeddable":true,"href":"https:\/\/up.lublin.pl\/srodowiskowa\/wp-json\/wp\/v2\/pages\/268"}],"wp:attachment":[{"href":"https:\/\/up.lublin.pl\/srodowiskowa\/wp-json\/wp\/v2\/media?parent=141546"}],"curies":[{"name":"wp","href":"https:\/\/api.w.org\/{rel}","templated":true}]}}