{"id":180925,"date":"2025-12-19T11:41:13","date_gmt":"2025-12-19T10:41:13","guid":{"rendered":"https:\/\/up.lublin.pl\/ogrodnictwo\/?page_id=180925"},"modified":"2026-01-05T11:36:29","modified_gmt":"2026-01-05T10:36:29","slug":"ogrodnictwo-studia-niestacjonarne-ii-st-2024-2025","status":"publish","type":"page","link":"https:\/\/up.lublin.pl\/ogrodnictwo\/ogrodnictwo-studia-niestacjonarne-ii-st-2024-2025\/","title":{"rendered":"Ogrodnictwo &#8211; Studia Niestacjonarne II st. 2024-2025"},"content":{"rendered":"\t\t<div data-elementor-type=\"wp-page\" data-elementor-id=\"180925\" class=\"elementor elementor-180925\" data-elementor-settings=\"[]\">\n\t\t\t\t\t\t<div class=\"elementor-inner\">\n\t\t\t\t\t\t\t<div class=\"elementor-section-wrap\">\n\t\t\t\t\t\t\t<section class=\"elementor-section elementor-top-section elementor-element elementor-element-d7c0807 elementor-section-boxed elementor-section-height-default elementor-section-height-default\" data-id=\"d7c0807\" data-element_type=\"section\">\n\t\t\t\t\t\t<div class=\"elementor-container elementor-column-gap-default\">\n\t\t\t\t\t\t\t<div class=\"elementor-row\">\n\t\t\t\t\t<div class=\"elementor-column elementor-col-100 elementor-top-column elementor-element elementor-element-6867b1b\" data-id=\"6867b1b\" data-element_type=\"column\">\n\t\t\t<div class=\"elementor-column-wrap elementor-element-populated\">\n\t\t\t\t\t\t\t<div class=\"elementor-widget-wrap\">\n\t\t\t\t\t\t<div class=\"elementor-element elementor-element-883f861 elementor-widget elementor-widget-m5c\" data-id=\"883f861\" data-element_type=\"widget\" data-widget_type=\"m5c.default\">\n\t\t\t\t<div class=\"elementor-widget-container\">\n\t\t\t<section class=\"mn-m5-c mn-m5-d2 mn-bg-white\">\n\t<div class=\"mn-grid\">\n\t\t\t\t<div class=\"mn-content mn-grid-9\">\n\t\t\t                <div class=\"mn-content-block active\">\n\t                                                        <div class=\"block-text\">\n\t                                        <h5><a href=\"https:\/\/up.lublin.pl\/ogrodnictwo\/ksztalcenie\/#opisy_sylabus%C3%B3w\">\u2190 powr\u00f3t<\/a><\/h5>\n<h2 style=\"text-align: center\"><span style=\"font-size: 28px\">Ogrodnictwo &#8211; <br \/>Studia Niestacjonarne II st. 2024-2025<\/span><\/h2>\n                                        <\/div>\n\t\t\t\t\t\t                                                        <ul class=\"mn-accordion\">\n                                            <li>\n                                                <h4 class=\"mn-accordion-title\">SEMESTR I<\/h4>\n                                                <div>\n\t\t\t\t\t\t\t\t\t                <p><a href=\"https:\/\/up.lublin.pl\/ogrodnictwo\/wp-content\/uploads\/sites\/6\/2025\/12\/M_OGN2_1_Biologia-molekularna.pdf\">M_OGN2_1_Biologia molekularna<\/a><\/p>\n<p><a href=\"https:\/\/up.lublin.pl\/ogrodnictwo\/wp-content\/uploads\/sites\/6\/2025\/12\/M_OGN2_2_Ogrodnictwo-zrownowazone.pdf\">M_OGN2_2_Ogrodnictwo zr\u00f3wnowa\u017cone<\/a><\/p>\n<p><a href=\"https:\/\/up.lublin.pl\/ogrodnictwo\/wp-content\/uploads\/sites\/6\/2025\/12\/M_OGN2_3_Statystyka-i-doswiadczalnictwo.pdf\">M_OGN2_3_Statystyka i&nbsp;do\u015bwiadczalnictwo<\/a><\/p>\n<p><a href=\"https:\/\/up.lublin.pl\/ogrodnictwo\/wp-content\/uploads\/sites\/6\/2025\/12\/M_OGN2_4.1_Zagrozenia-srodowiskowe-w-ogrodnictwie-Przedmiot-do-wyboru-1.pdf\">M_OGN2_4.1_Zagro\u017cenia \u015brodowiskowe w&nbsp;ogrodnictwie (Przedmiot do wyboru 1)<\/a><\/p>\n<p><a href=\"https:\/\/up.lublin.pl\/ogrodnictwo\/wp-content\/uploads\/sites\/6\/2025\/12\/M_OGN2_4.2_Techniki-pomiarowe-jakosci-owocow-Przedmiot-do-wyboru-1.pdf\">M_OGN2_4.2_Techniki pomiarowe jako\u015bci owoc\u00f3w (Przedmiot do wyboru 1)<\/a><\/p>\n<p><a href=\"https:\/\/up.lublin.pl\/ogrodnictwo\/wp-content\/uploads\/sites\/6\/2025\/12\/M_OGN2_4.3_Bioregulatory-w-ogrodnictwie-Przedmiot-do-wyboru-1.pdf\">M_OGN2_4.3_Bioregulatory w&nbsp;ogrodnictwie (Przedmiot do wyboru 1)<\/a><\/p>\n<p><a href=\"https:\/\/up.lublin.pl\/ogrodnictwo\/wp-content\/uploads\/sites\/6\/2025\/12\/M_OGN2_5.1_Jakosc-i-obrot-materialu-szkolkarskiego-Przedmiot-do-wyboru-2.pdf\">M_OGN2_5.1_Jako\u015b\u0107 i&nbsp;obr\u00f3t materia\u0142u szk\u00f3\u0142karskiego (Przedmiot do wyboru 2)<\/a><\/p>\n<p><a href=\"https:\/\/up.lublin.pl\/ogrodnictwo\/wp-content\/uploads\/sites\/6\/2025\/12\/M_OGN2_5.2_Projektowanie-terenow-zieleni-Przedmiot-do-wyboru-2.pdf\">M_OGN2_5.2_Projektowanie teren\u00f3w zieleni (Przedmiot do wyboru 2)<\/a><\/p>\n<p><a href=\"https:\/\/up.lublin.pl\/ogrodnictwo\/wp-content\/uploads\/sites\/6\/2025\/12\/M_OGN2_5.3_Analiza-instrumentalna-w-warzywnictwie-Przedmiot-do-wyboru-2.pdf\">M_OGN2_5.3_Analiza instrumentalna w&nbsp;warzywnictwie (Przedmiot do wyboru 2)<\/a><\/p>\n<p><a href=\"https:\/\/up.lublin.pl\/ogrodnictwo\/wp-content\/uploads\/sites\/6\/2025\/12\/M_OGN2_5.4_Zrodla-informacji-w-doradztwie-i-ich-przetwarzanie-Przedmiot-do-wyboru-2.pdf\">M_OGN2_5.4_\u0179r\u00f3d\u0142a informacji w&nbsp;doradztwie i&nbsp;ich przetwarzanie (Przedmiot do wyboru 2)<\/a><\/p>\n<p><a href=\"https:\/\/up.lublin.pl\/ogrodnictwo\/wp-content\/uploads\/sites\/6\/2025\/12\/M_OGN2_6.1_Marketing-miedzynarodowy-i-globalny-Przedmiot-do-wyboru-3-Hum.-spol..pdf\">M_OGN2_6.1_Marketing mi\u0119dzynarodowy i&nbsp;globalny (Przedmiot do wyboru 3 (Hum.-spo\u0142.)<\/a><\/p>\n<p><a href=\"https:\/\/up.lublin.pl\/ogrodnictwo\/wp-content\/uploads\/sites\/6\/2025\/12\/M_OGN2_6.2_Ochrona-i-konserwacja-krajobrazu-kulturowego-Przedmiot-do-wyboru-3-hum.-spol..pdf\">M_OGN2_6.2_Ochrona i&nbsp;konserwacja krajobrazu kulturowego (Przedmiot do wyboru 3 (hum.-spo\u0142.)<\/a><\/p>\n<p><a href=\"https:\/\/up.lublin.pl\/ogrodnictwo\/wp-content\/uploads\/sites\/6\/2025\/12\/M_OGN2_6.3_Projektowanie-przedsiewziec-z-funduszy-unijnych-Przedmiot-do-wyboru-3-hum.-spol..pdf\">M_OGN2_6.3_Projektowanie przedsi\u0119wzi\u0119\u0107 z&nbsp;funduszy unijnych (Przedmiot do wyboru 3 (hum.-spo\u0142.)<\/a><\/p>\n<p><a href=\"https:\/\/up.lublin.pl\/ogrodnictwo\/wp-content\/uploads\/sites\/6\/2025\/12\/M_OGN2_7_Przedsiebiorczosc-Przedmiot-hum.-spol..pdf\">M_OGN2_7_Przedsi\u0119biorczo\u015b\u0107 (Przedmiot hum.-spo\u0142.)<\/a><\/p>\n<p><a href=\"https:\/\/up.lublin.pl\/ogrodnictwo\/wp-content\/uploads\/sites\/6\/2025\/12\/M_OGN2_8.1_Jezyk-obcy-specjalistyczny_angielski_B2.pdf\">M_OGN2_8.1_J\u0119zyk obcy specjalistyczny_angielski_B2+<\/a><\/p>\n<p><a href=\"https:\/\/up.lublin.pl\/ogrodnictwo\/wp-content\/uploads\/sites\/6\/2025\/12\/M_OGN2_8.2_Jezyk-obcy-specjalistyczny_francuski_B2.pdf\">M_OGN2_8.2_J\u0119zyk obcy specjalistyczny_francuski_B2+<\/a><\/p>\n<p><a href=\"https:\/\/up.lublin.pl\/ogrodnictwo\/wp-content\/uploads\/sites\/6\/2025\/12\/M_OGN2_8.3_Jezyk-obcy-specjalistyczny_niemiecki_B2.pdf\">M_OGN2_8.3_J\u0119zyk obcy specjalistyczny_niemiecki_B2+<\/a><\/p>\n<p><a href=\"https:\/\/up.lublin.pl\/ogrodnictwo\/wp-content\/uploads\/sites\/6\/2025\/12\/M_OGN2_8.4_Jezyk-obcy-specjalistyczny_rosyjski_B2.pdf\">M_OGN2_8.4_J\u0119zyk obcy specjalistyczny_rosyjski_B2+<\/a><\/p>\n                                                <\/div>\n                                            <\/li>\n                                        <\/ul>\n\t\t\t\t\t\t                                                        <ul class=\"mn-accordion\">\n                                            <li>\n                                                <h4 class=\"mn-accordion-title\">SEMESTR II<\/h4>\n                                                <div>\n\t\t\t\t\t\t\t\t\t                <p><a href=\"https:\/\/up.lublin.pl\/ogrodnictwo\/wp-content\/uploads\/sites\/6\/2025\/12\/M_OGN2_9_Wspolczesne-trendy-w-ochronie-roslin.docx.pdf\">M_OGN2_9_Wsp\u00f3\u0142czesne trendy w&nbsp;ochronie ro\u015blin<\/a><\/p>\n<p><a href=\"https:\/\/up.lublin.pl\/ogrodnictwo\/wp-content\/uploads\/sites\/6\/2025\/12\/M_OGN2_10_Pozbiorcze-traktowanie-i-zagospodarowanie-plodow-ogrodniczych.pdf\">M_OGN2_10_Pozbiorcze traktowanie i&nbsp;zagospodarowanie p\u0142od\u00f3w ogrodniczych<\/a><\/p>\n<p><a href=\"https:\/\/up.lublin.pl\/ogrodnictwo\/wp-content\/uploads\/sites\/6\/2025\/12\/M_OGN2_11_Projektowanie-upraw-ogrodniczych.pdf\">M_OGN2_11_Projektowanie upraw ogrodniczych<\/a><\/p>\n<p><a href=\"https:\/\/up.lublin.pl\/ogrodnictwo\/wp-content\/uploads\/sites\/6\/2025\/12\/M_OGN2_12_Organizacja-dzialalnosci-doradczej-w-ogrodnictwie.pdf\">M_OGN2_12_Organizacja dzia\u0142alno\u015bci doradczej w&nbsp;ogrodnictwie<\/a><\/p>\n<p><a href=\"https:\/\/up.lublin.pl\/ogrodnictwo\/wp-content\/uploads\/sites\/6\/2025\/12\/M_OGN2_13.1_Uprawa-winorosli-i-organizacja-winnicy-Przedmiot-do-wyboru-4.pdf\">M_OGN2_13.1_Uprawa winoro\u015bli i&nbsp;organizacja winnicy (Przedmiot do wyboru 4)<\/a><\/p>\n<p><a href=\"https:\/\/up.lublin.pl\/ogrodnictwo\/wp-content\/uploads\/sites\/6\/2025\/12\/M_OGN2_13.2_Budowa-i-pielegnowanie-terenow-zieleni-Przedmiot-do-wyboru-4.pdf\">M_OGN2_13.2_Budowa i&nbsp;piel\u0119gnowanie teren\u00f3w zieleni (Przedmiot do wyboru 4)<\/a><\/p>\n<p><a href=\"https:\/\/up.lublin.pl\/ogrodnictwo\/wp-content\/uploads\/sites\/6\/2025\/12\/M_OGN2_13.3_Odmianoznawstwo-warzyw-do-przetworstwa-Przedmiot-do-wyboru-4.pdf\">M_OGN2_13.3_Odmianoznawstwo warzyw do przetw\u00f3rstwa (Przedmiot do wyboru 4)<\/a><\/p>\n<p><a href=\"https:\/\/up.lublin.pl\/ogrodnictwo\/wp-content\/uploads\/sites\/6\/2025\/12\/M_OGN2_13.4_Nabywanie-stosowanie-i-obrot-srodkami-ochrony-roslin-Przedmiot-do-wyboru-4.pdf\">M_OGN2_13.4_Nabywanie, stosowanie i&nbsp;obr\u00f3t \u015brodkami ochrony ro\u015blin (Przedmiot do wyboru 4)<\/a><\/p>\n<p><a href=\"https:\/\/up.lublin.pl\/ogrodnictwo\/wp-content\/uploads\/sites\/6\/2025\/12\/M_OGN2_14.1_Warzywnictwo-specjalistyczne-Przedmiot-do-wyboru-5.pdf\">M_OGN2_14.1_Warzywnictwo specjalistyczne (Przedmiot do wyboru 5)<\/a><\/p>\n<p><a href=\"https:\/\/up.lublin.pl\/ogrodnictwo\/wp-content\/uploads\/sites\/6\/2025\/12\/M_OGN2_14.2_Aranzacje-zieleni-we-wnetrzach-Przedmiot-do-wyboru-5.pdf\">M_OGN2_14.2_Aran\u017cacje zieleni we wn\u0119trzach (Przedmiot do wyboru 5)<\/a><\/p>\n<p><a href=\"https:\/\/up.lublin.pl\/ogrodnictwo\/wp-content\/uploads\/sites\/6\/2025\/12\/M_OGN2_14.3_Rosliny-przyprawowe-i-lecznicze-Przedmiot-do-wyboru-5.pdf\">M_OGN2_14.3_Ro\u015bliny przyprawowe i&nbsp;lecznicze (Przedmiot do wyboru 5)<\/a><\/p>\n<p><a href=\"https:\/\/up.lublin.pl\/ogrodnictwo\/wp-content\/uploads\/sites\/6\/2025\/12\/M_OGN2_14.4_Szkolkarstwo-specjalistyczne-Przedmiot-do-wyboru-5.pdf\">M_OGN2_14.4_Szk\u00f3\u0142karstwo specjalistyczne (Przedmiot do wyboru 5)<\/a><\/p>\n<p><a href=\"https:\/\/up.lublin.pl\/ogrodnictwo\/wp-content\/uploads\/sites\/6\/2025\/12\/M_OGN2_15_Metodologia-doswiadczalnictwa-ogrodniczego.pdf\">M_OGN2_15_Metodologia do\u015bwiadczalnictwa ogrodniczego<\/a><\/p>\n                                                <\/div>\n                                            <\/li>\n                                        <\/ul>\n\t\t\t\t\t\t                                                        <ul class=\"mn-accordion\">\n                                            <li>\n                                                <h4 class=\"mn-accordion-title\">SEMESTR III<\/h4>\n                                                <div>\n\t\t\t\t\t\t\t\t\t                <p><a href=\"https:\/\/up.lublin.pl\/ogrodnictwo\/wp-content\/uploads\/sites\/6\/2025\/12\/M_OGN2_16_Kultury-in-vitro-w-uprawie-roslin-ogrodniczych.pdf\">M_OGN2_16_Kultury in vitro w&nbsp;uprawie ro\u015blin ogrodniczych<\/a><\/p>\n<p><a href=\"https:\/\/up.lublin.pl\/ogrodnictwo\/wp-content\/uploads\/sites\/6\/2025\/12\/M_OGN2_17_Ksztaltowanie-krajobrazu-i-ochrona-przyrody.pdf\">M_OGN2_17_Kszta\u0142towanie krajobrazu i&nbsp;ochrona przyrody<\/a><\/p>\n<p><a href=\"https:\/\/up.lublin.pl\/ogrodnictwo\/wp-content\/uploads\/sites\/6\/2025\/12\/M_OGN2_18_Wspolczesne-trendy-w-uprawie-roli-i-zywieniu-roslin.pdf\">M_OGN2_18_Wsp\u00f3\u0142czesne trendy w&nbsp;uprawie roli i&nbsp;\u017cywieniu ro\u015blin<\/a><\/p>\n<p><a href=\"https:\/\/up.lublin.pl\/ogrodnictwo\/wp-content\/uploads\/sites\/6\/2025\/12\/M_OGN2_19_Sterowana-produkcja-ogrodnicza.pdf\">M_OGN2_19_Sterowana produkcja ogrodnicza<\/a><\/p>\n<p><a href=\"https:\/\/up.lublin.pl\/ogrodnictwo\/wp-content\/uploads\/sites\/6\/2025\/12\/M_OGN2_20.1_Bukieciarstwo-i-dekoracje-roslinne-Przedmiot-do-wyboru-6.pdf\">M_OGN2_20.1_Bukieciarstwo i&nbsp;dekoracje ro\u015blinne (Przedmiot do wyboru 6)<\/a><\/p>\n<p><a href=\"https:\/\/up.lublin.pl\/ogrodnictwo\/wp-content\/uploads\/sites\/6\/2025\/12\/M_OGN2_20.2_Sterowanie-jakoscia-w-produkcji-grzybow-Przedmiot-do-wyboru-6.pdf\">M_OGN2_20.2_Sterowanie jako\u015bci\u0105 w&nbsp;produkcji grzyb\u00f3w (Przedmiot do wyboru 6)<\/a><\/p>\n<p><a href=\"https:\/\/up.lublin.pl\/ogrodnictwo\/wp-content\/uploads\/sites\/6\/2025\/12\/M_OGN2_20.3_Komputerowe-metody-projektowania-terenow-zieleni-Przedmiot-do-wyboru-6.pdf\">M_OGN2_20.3_Komputerowe metody projektowania teren\u00f3w zieleni (Przedmiot do wyboru 6)<\/a><\/p>\n<p><a href=\"https:\/\/up.lublin.pl\/ogrodnictwo\/wp-content\/uploads\/sites\/6\/2025\/12\/M_OGN2_21.1_Diagnostyka-w-ochronie-roslin-ogrodniczych-Przedmiot-do-wyboru-7.pdf\">M_OGN2_21.1_Diagnostyka w&nbsp;ochronie roslin ogrodniczych (Przedmiot do wyboru 7)<\/a><\/p>\n<p><a href=\"https:\/\/up.lublin.pl\/ogrodnictwo\/wp-content\/uploads\/sites\/6\/2025\/12\/M_OGN2_21.2_Alternative-fruits-plants-Przedmiot-do-wyboru-7.pdf\">M_OGN2_21.2_Alternative fruits plants (Przedmiot do wyboru 7)<\/a><\/p>\n<p><a href=\"https:\/\/up.lublin.pl\/ogrodnictwo\/wp-content\/uploads\/sites\/6\/2025\/12\/M_OGN2_21.3_Selected-topics-in-horticulture.pdf\">M_OGN2_21.3_Selected topics in horticulture<\/a><\/p>\n<p><a href=\"https:\/\/up.lublin.pl\/ogrodnictwo\/wp-content\/uploads\/sites\/6\/2025\/12\/M_OGN2_22_Seminarium-dyplomowe-1.pdf\">M_OGN2_22_Seminarium dyplomowe 1<\/a><\/p>\n                                                <\/div>\n                                            <\/li>\n                                        <\/ul>\n\t\t\t\t\t\t                                                        <ul class=\"mn-accordion\">\n                                            <li>\n                                                <h4 class=\"mn-accordion-title\">SEMESTR IV<\/h4>\n                                                <div>\n\t\t\t\t\t\t\t\t\t                <p><a href=\"https:\/\/up.lublin.pl\/ogrodnictwo\/wp-content\/uploads\/sites\/6\/2025\/12\/M_OGN2_23_Techniki-w-produkcji-ogrodniczej.pdf\">M_OGN2_23_Techniki w&nbsp;produkcji ogrodniczej<\/a><\/p>\n<p><a href=\"https:\/\/up.lublin.pl\/ogrodnictwo\/wp-content\/uploads\/sites\/6\/2025\/12\/M_OGN2_24.1_Formowanie-i-ciecie-drzew-i-krzewow-owocowych-Przedmiot-do-wyboru-8.pdf\">M_OGN2_24.1_Formowanie i&nbsp;ciecie drzew i&nbsp;krzew\u00f3w owocowych (Przedmiot do wyboru 8)<\/a><\/p>\n<p><a href=\"https:\/\/up.lublin.pl\/ogrodnictwo\/wp-content\/uploads\/sites\/6\/2025\/12\/M_OGN2_24.2_Produkcja-roslin-doniczkowych-i-na-kwiat-ciety-Przedmiot-do-wyboru-8.pdf\">M_OGN2_24.2_Produkcja ro\u015blin doniczkowych i&nbsp;na kwiat ci\u0119ty (Przedmiot do wyboru 8)<\/a><\/p>\n<p><a href=\"https:\/\/up.lublin.pl\/ogrodnictwo\/wp-content\/uploads\/sites\/6\/2025\/12\/M_OGN2_24.3_Wielkotowarowe-uprawy-warzyw-i-roslin-przyprawowych-Przedmiot-do-wyboru-8.pdf\">M_OGN2_24.3_Wielkotowarowe uprawy warzyw i&nbsp;ro\u015blin przyprawowych (Przedmiot do wyboru 8)<\/a><\/p>\n<p><a href=\"https:\/\/up.lublin.pl\/ogrodnictwo\/wp-content\/uploads\/sites\/6\/2025\/12\/M_OGN2_24.4_Uprawa-krzewow-owocowych-Przedmiot-do-wyboru-8.pdf\">M_OGN2_24.4_Uprawa krzew\u00f3w owocowych (Przedmiot do wyboru 8)<\/a><\/p>\n<p><a href=\"https:\/\/up.lublin.pl\/ogrodnictwo\/wp-content\/uploads\/sites\/6\/2025\/12\/M_OGN2_25.1_Filozofia-i-estetyka-ogrodu-Przedmiot-do-wyboru-9-hum.-spol..pdf\">M_OGN2_25.1_Filozofia i&nbsp;estetyka ogrodu (Przedmiot do wyboru 9 (hum.-spo\u0142.)<\/a><\/p>\n<p><a href=\"https:\/\/up.lublin.pl\/ogrodnictwo\/wp-content\/uploads\/sites\/6\/2025\/12\/M_OGN2_25.2_Wspolczesne-style-ogrodowe-Przedmiot-do-wyboru-9-hum.-spol..pdf\">M_OGN2_25.2_Wsp\u00f3\u0142czesne style ogrodowe (Przedmiot do wyboru 9 (hum.-spo\u0142.)<\/a><\/p>\n<p><a href=\"https:\/\/up.lublin.pl\/ogrodnictwo\/wp-content\/uploads\/sites\/6\/2025\/12\/M_OGN2_25.3_Fairtrade-w-handlu-owocami-swiata-Przedmiot-do-wyboru-9-hum.-spol..pdf\">M_OGN2_25.3_Fairtrade w&nbsp;handlu owocami \u015bwiata (Przedmiot do wyboru 9 (hum.-spo\u0142.)<\/a><\/p>\n<p><a href=\"https:\/\/up.lublin.pl\/ogrodnictwo\/wp-content\/uploads\/sites\/6\/2025\/12\/M_OGN2_25.4_Etyka-w-produkcji-zywnosci-Przedmiot-do-wyboru-9-hum.-spol..pdf\">M_OGN2_25.4_Etyka w&nbsp;produkcji \u017cywno\u015bci (Przedmiot do wyboru 9 (hum.-spo\u0142.)<\/a><\/p>\n<p><a href=\"https:\/\/up.lublin.pl\/ogrodnictwo\/wp-content\/uploads\/sites\/6\/2025\/12\/M_OGN2_26_Seminarium-dyplomowe-2.pdf\">M_OGN2_26_Seminarium dyplomowe 2<\/a><\/p>\n<p><a href=\"https:\/\/up.lublin.pl\/ogrodnictwo\/wp-content\/uploads\/sites\/6\/2025\/12\/M_OGN2_27_Praca-magisterska-iegzamin-dyplomowy.pdf\">M_OGN2_27_Praca magisterska iegzamin dyplomowy<\/a><\/p>\n                                                <\/div>\n                                            <\/li>\n                                        <\/ul>\n\t\t\t\t\t\t                                <\/div>\n\t\t\t\t                <div class=\"mn-content-block\">\n\t                                <\/div>\n\t\t\t\t                <div class=\"mn-content-block\">\n\t                                <\/div>\n\t\t\t\t                <div class=\"mn-content-block\">\n\t                                <\/div>\n\t\t\t\t                <div class=\"mn-content-block\">\n\t                                <\/div>\n\t\t\t\t                <div class=\"mn-content-block\">\n\t                                <\/div>\n\t\t\t\t                <div class=\"mn-content-block\">\n\t                                <\/div>\n\t\t\t\t                <div class=\"mn-content-block\">\n\t                                <\/div>\n\t\t\t\t                <div class=\"mn-content-block\">\n\t                                <\/div>\n\t\t\t\t                <div class=\"mn-content-block\">\n\t                                <\/div>\n\t\t\t\t                <div class=\"mn-content-block\">\n\t                                <\/div>\n\t\t\t\t                <div class=\"mn-content-block\">\n\t                                <\/div>\n\t\t\t\t                <div class=\"mn-content-block\">\n\t                                <\/div>\n\t\t\t\t                <div class=\"mn-content-block\">\n\t                                <\/div>\n\t\t\t\t                <div class=\"mn-content-block\">\n\t                                <\/div>\n\t\t\t\t                <div class=\"mn-content-block\">\n\t                                <\/div>\n\t\t\t\t                <div class=\"mn-content-block\">\n\t                                <\/div>\n\t\t\t\t                <div class=\"mn-content-block\">\n\t                                <\/div>\n\t\t\t\t                <div class=\"mn-content-block\">\n\t                                <\/div>\n\t\t\t\t                <div class=\"mn-content-block\">\n\t                                <\/div>\n\t\t\t\t\t\t<\/div>\n\t<\/div>\n<\/section>\n\t\t<\/div>\n\t\t\t\t<\/div>\n\t\t\t\t\t\t<\/div>\n\t\t\t\t\t<\/div>\n\t\t<\/div>\n\t\t\t\t\t\t\t\t<\/div>\n\t\t\t\t\t<\/div>\n\t\t<\/section>\n\t\t\t\t\t\t<\/div>\n\t\t\t\t\t\t<\/div>\n\t\t\t\t\t<\/div>\n\t\t","protected":false},"excerpt":{"rendered":"<p>\u2190 powr\u00f3t Ogrodnictwo &#8211; Studia Niestacjonarne II st. 2024-2025 SEMESTR I M_OGN2_1_Biologia molekularna M_OGN2_2_Ogrodnictwo zr\u00f3wnowa\u017cone M_OGN2_3_Statystyka i&nbsp;do\u015bwiadczalnictwo M_OGN2_4.1_Zagro\u017cenia \u015brodowiskowe w&nbsp;ogrodnictwie (Przedmiot do wyboru 1) M_OGN2_4.2_Techniki pomiarowe jako\u015bci owoc\u00f3w (Przedmiot do wyboru 1) M_OGN2_4.3_Bioregulatory w&nbsp;ogrodnictwie (Przedmiot do wyboru 1) M_OGN2_5.1_Jako\u015b\u0107 i&nbsp;obr\u00f3t materia\u0142u szk\u00f3\u0142karskiego (Przedmiot do wyboru 2) M_OGN2_5.2_Projektowanie teren\u00f3w zieleni (Przedmiot do wyboru 2) M_OGN2_5.3_Analiza instrumentalna [&hellip;]<\/p>\n","protected":false},"author":279,"featured_media":0,"parent":0,"menu_order":0,"comment_status":"closed","ping_status":"closed","template":"","meta":{"_monsterinsights_skip_tracking":false,"_monsterinsights_sitenote_active":false,"_monsterinsights_sitenote_note":"","_monsterinsights_sitenote_category":0},"_links":{"self":[{"href":"https:\/\/up.lublin.pl\/ogrodnictwo\/wp-json\/wp\/v2\/pages\/180925"}],"collection":[{"href":"https:\/\/up.lublin.pl\/ogrodnictwo\/wp-json\/wp\/v2\/pages"}],"about":[{"href":"https:\/\/up.lublin.pl\/ogrodnictwo\/wp-json\/wp\/v2\/types\/page"}],"author":[{"embeddable":true,"href":"https:\/\/up.lublin.pl\/ogrodnictwo\/wp-json\/wp\/v2\/users\/279"}],"replies":[{"embeddable":true,"href":"https:\/\/up.lublin.pl\/ogrodnictwo\/wp-json\/wp\/v2\/comments?post=180925"}],"version-history":[{"count":5,"href":"https:\/\/up.lublin.pl\/ogrodnictwo\/wp-json\/wp\/v2\/pages\/180925\/revisions"}],"predecessor-version":[{"id":181045,"href":"https:\/\/up.lublin.pl\/ogrodnictwo\/wp-json\/wp\/v2\/pages\/180925\/revisions\/181045"}],"wp:attachment":[{"href":"https:\/\/up.lublin.pl\/ogrodnictwo\/wp-json\/wp\/v2\/media?parent=180925"}],"curies":[{"name":"wp","href":"https:\/\/api.w.org\/{rel}","templated":true}]}}