{"id":168610,"date":"2024-01-27T16:44:54","date_gmt":"2024-01-27T15:44:54","guid":{"rendered":"https:\/\/up.lublin.pl\/ogrodnictwo\/?page_id=168610"},"modified":"2024-01-27T16:50:16","modified_gmt":"2024-01-27T15:50:16","slug":"ogrodnictwo-studia-stacjonarne-iist-2023-2024","status":"publish","type":"page","link":"https:\/\/up.lublin.pl\/ogrodnictwo\/ogrodnictwo-studia-stacjonarne-iist-2023-2024\/","title":{"rendered":"Ogrodnictwo &#8211; Studia Stacjonarne IIst. 2023-2024"},"content":{"rendered":"\t\t<div data-elementor-type=\"wp-page\" data-elementor-id=\"168610\" class=\"elementor elementor-168610\" data-elementor-settings=\"[]\">\n\t\t\t\t\t\t<div class=\"elementor-inner\">\n\t\t\t\t\t\t\t<div class=\"elementor-section-wrap\">\n\t\t\t\t\t\t\t<section class=\"elementor-section elementor-top-section elementor-element elementor-element-701eb20f elementor-section-boxed elementor-section-height-default elementor-section-height-default\" data-id=\"701eb20f\" data-element_type=\"section\">\n\t\t\t\t\t\t<div class=\"elementor-container elementor-column-gap-default\">\n\t\t\t\t\t\t\t<div class=\"elementor-row\">\n\t\t\t\t\t<div class=\"elementor-column elementor-col-100 elementor-top-column elementor-element elementor-element-7e3b7dff\" data-id=\"7e3b7dff\" data-element_type=\"column\">\n\t\t\t<div class=\"elementor-column-wrap elementor-element-populated\">\n\t\t\t\t\t\t\t<div class=\"elementor-widget-wrap\">\n\t\t\t\t\t\t<div class=\"elementor-element elementor-element-7818bc6d elementor-widget elementor-widget-m5c\" data-id=\"7818bc6d\" data-element_type=\"widget\" data-widget_type=\"m5c.default\">\n\t\t\t\t<div class=\"elementor-widget-container\">\n\t\t\t<section class=\"mn-m5-c mn-m5-d2 mn-bg-white\">\n\t<div class=\"mn-grid\">\n\t\t\t\t<div class=\"mn-content mn-grid-9\">\n\t\t\t                <div class=\"mn-content-block active\">\n\t                                                        <div class=\"block-text\">\n\t                                        <h5><a href=\"https:\/\/up.lublin.pl\/ogrodnictwo\/ksztalcenie\/#opisy_sylabus%C3%B3w\">\u2190 powr\u00f3t<\/a><\/h5>\n<p>\u00a0<\/p>\n<h2 style=\"text-align: center\"><span style=\"font-size: 28px\">Ogrodnictwo &#8211; Studia Stacjonarne IIst. 2023-2024<\/span><\/h2>\n                                        <\/div>\n\t\t\t\t\t\t                                                        <div class=\"block-text\">\n\t                                        <h3><span style=\"font-size: 20px\">Semestr I<\/span><\/h3>\n<ul>\n<li><a href=\"https:\/\/up.lublin.pl\/ogrodnictwo\/wp-content\/uploads\/sites\/6\/2022\/12\/M_OGS2_1_Biologia-molekularna.pdf\">M_OGS2_1_Biologia molekularna<\/a><\/li>\n<li><a href=\"https:\/\/up.lublin.pl\/ogrodnictwo\/wp-content\/uploads\/sites\/6\/2022\/12\/M_OGS2_2_Ogrodnictwo-zrownowazone.pdf\">M_OGS2_2_Ogrodnictwo zr\u00f3wnowa\u017cone<\/a><\/li>\n<li><a href=\"https:\/\/up.lublin.pl\/ogrodnictwo\/wp-content\/uploads\/sites\/6\/2022\/12\/M_OGS2_3_Statystyka-i-doswiadczalnictwo.pdf\">M_OGS2_3_Statystyka i&nbsp;do\u015bwiadczalnictwo<\/a><\/li>\n<li><a href=\"https:\/\/up.lublin.pl\/ogrodnictwo\/wp-content\/uploads\/sites\/6\/2022\/12\/M_OGS2_4_Projektowanie-upraw-ogrodniczych.pdf\">M_OGS2_4_Projektowanie upraw ogrodniczych<\/a><\/li>\n<li><a href=\"https:\/\/up.lublin.pl\/ogrodnictwo\/wp-content\/uploads\/sites\/6\/2022\/12\/M_OGS2_5_Organizacja-dzialalnosci-doradczej-w-ogrodnictwie.pdf\">M_OGS2_5_Organizacja dzia\u0142alno\u015bci doradczej w&nbsp;ogrodnictwie<\/a><\/li>\n<li><a href=\"https:\/\/up.lublin.pl\/ogrodnictwo\/wp-content\/uploads\/sites\/6\/2022\/12\/M_OGS2_6.2_Techniki-pomiarowe-jakosci-owocow-.pdf\">M_OGS2_6.2_Techniki pomiarowe jako\u015bci owoc\u00f3w<\/a><\/li>\n<li><a href=\"https:\/\/up.lublin.pl\/ogrodnictwo\/wp-content\/uploads\/sites\/6\/2022\/12\/M_OGS2_6.1_Zagrozenia-srodowiska-w-ogrodnictwie-.pdf\">M_OGS2_6.1_Zagro\u017cenia \u015brodowiska w&nbsp;ogrodnictwie<\/a><\/li>\n<li><a href=\"https:\/\/up.lublin.pl\/ogrodnictwo\/wp-content\/uploads\/sites\/6\/2022\/12\/M_OGS2_6.3_Bioregulatory-w-ogrodnictwie-.pdf\">M_OGS2_6.3_Bioregulatory w&nbsp;ogrodnictwie<\/a><\/li>\n<li><a href=\"https:\/\/up.lublin.pl\/ogrodnictwo\/wp-content\/uploads\/sites\/6\/2022\/12\/M_OGS2_7.1_Jakosc-i-obrot-materialu-szkolkarskiego-.pdf\">M_OGS2_7.1_Jako\u015b\u0107 i&nbsp;obr\u00f3t materia\u0142u szk\u00f3\u0142karskiego<\/a><\/li>\n<li><a href=\"https:\/\/up.lublin.pl\/ogrodnictwo\/wp-content\/uploads\/sites\/6\/2022\/12\/M_OGS2_7.2_Projektowanie-terenow-zieleni-.pdf\">M_OGS2_7.2_Projektowanie teren\u00f3w zieleni<\/a><\/li>\n<li><a href=\"https:\/\/up.lublin.pl\/ogrodnictwo\/wp-content\/uploads\/sites\/6\/2022\/12\/M_OGS2_7.3_Analiza-instrumentalna-w-warzywnictwie-.pdf\">M_OGS2_7.3_Analiza instrumentalna w&nbsp;warzywnictwie<\/a><\/li>\n<li><a href=\"https:\/\/up.lublin.pl\/ogrodnictwo\/wp-content\/uploads\/sites\/6\/2022\/12\/M_OGS2_7.4_Zrodla-informacji-w-doradztwie-i-ich-przetwarzanie-.pdf\">M_OGS2_7.4_\u0179r\u00f3d\u0142a informacji w&nbsp;doradztwie i&nbsp;ich przetwarzanie<\/a><\/li>\n<li><a href=\"https:\/\/up.lublin.pl\/ogrodnictwo\/wp-content\/uploads\/sites\/6\/2022\/12\/M_OGS2_8.1_Marketing-miedzynarodowy-i-globalny-.pdf\">M_OGS2_8.1_Marketing mi\u0119dzynarodowy i&nbsp;globalny<\/a><\/li>\n<li><a href=\"https:\/\/up.lublin.pl\/ogrodnictwo\/wp-content\/uploads\/sites\/6\/2022\/12\/M_OGS2_8.3_Projektowanie-przesiewziec-z-funduszy-unijnych-.pdf\">M_OGS2_8.3_Projektowanie przesi\u0119wzi\u0119\u0107 z&nbsp;funduszy unijnych<\/a><\/li>\n<li><a href=\"https:\/\/up.lublin.pl\/ogrodnictwo\/wp-content\/uploads\/sites\/6\/2022\/12\/M_OGS2_8.2_Ochrona-i-konserwacja-krajobrazu-kulturowego-.pdf\">M_OGS2_8.2_Ochrona i&nbsp;konserwacja krajobrazu kulturowego<\/a><\/li>\n<li><a href=\"https:\/\/up.lublin.pl\/ogrodnictwo\/wp-content\/uploads\/sites\/6\/2022\/12\/M_OGS2_9_Przedsiebiorczosc-.pdf\">M_OGS2_9_Przedsi\u0119biorczo\u015b\u0107<\/a><\/li>\n<li><a href=\"https:\/\/up.lublin.pl\/ogrodnictwo\/wp-content\/uploads\/sites\/6\/2022\/12\/M_OGS2_10.1_Jezyk_-obcy_-specjalistyczny-Angielski_B2.pdf\">M_OGS2_10.1_J\u0119zyk_ obcy_ specjalistyczny-Angielski_B2+<\/a><\/li>\n<li><a href=\"https:\/\/up.lublin.pl\/ogrodnictwo\/wp-content\/uploads\/sites\/6\/2022\/12\/M_OGS2_10.2_.Jezyk_-obcy_-specjalistyczny-Francuski_B2.pdf\">M_OGS2_10.2_.J\u0119zyk_ obcy_ specjalistyczny-Francuski_B2+<\/a><\/li>\n<li><a href=\"https:\/\/up.lublin.pl\/ogrodnictwo\/wp-content\/uploads\/sites\/6\/2022\/12\/M_OGS2_10.3_Jezyk_-obcy_-specjalistyczny-Niemiecki_B2.pdf\">M_OGS2_10.3_J\u0119zyk_ obcy_ specjalistyczny-Niemiecki_B2+<\/a><\/li>\n<li><a href=\"https:\/\/up.lublin.pl\/ogrodnictwo\/wp-content\/uploads\/sites\/6\/2022\/12\/M_OGS2_10.4_Jezyk_-obcy_specjalistyczny-Rosyjski_B2.pdf\">M_OGS2_10.4_J\u0119zyk_ obcy_specjalistyczny-Rosyjski_B2+<\/a><\/li>\n<li><a href=\"https:\/\/up.lublin.pl\/ogrodnictwo\/wp-content\/uploads\/sites\/6\/2022\/12\/M_OGS2_11_Metodologia-doswiadczalnictwa-ogrodniczego.pdf\">M_OGS2_11_Metodologia do\u015bwiadczalnictwa ogrodniczego<\/a><\/li>\n<\/ul>\n<h3><span style=\"font-size: 20px\">Semestr II<\/span><\/h3>\n<ul>\n<li><a href=\"https:\/\/up.lublin.pl\/ogrodnictwo\/wp-content\/uploads\/sites\/6\/2022\/12\/M_OGS2_12_Wspolczesne-trendy-w-ochronie-roslin.pdf\">M_OGS2_12_Wsp\u00f3\u0142czesne trendy w&nbsp;ochronie ro\u015blin<\/a><\/li>\n<li><a href=\"https:\/\/up.lublin.pl\/ogrodnictwo\/wp-content\/uploads\/sites\/6\/2022\/12\/M_OGS2_13_Wspolczesne-trendy-w-uprawie-roli-i-zywieniu-roslin.pdf\">M_OGS2_13_Wsp\u00f3\u0142czesne trendy w&nbsp;uprawie roli i&nbsp;\u017cywieniu ro\u015blin<\/a><\/li>\n<li><a href=\"https:\/\/up.lublin.pl\/ogrodnictwo\/wp-content\/uploads\/sites\/6\/2022\/12\/M_OGS2_14_Pozbiorcze-traktowanie-i-zagospodarowanie-plodow-ogrodniczych.pdf\">M_OGS2_14_Pozbiorcze traktowanie i&nbsp;zagospodarowanie p\u0142od\u00f3w ogrodniczych<\/a><\/li>\n<li><a href=\"https:\/\/up.lublin.pl\/ogrodnictwo\/wp-content\/uploads\/sites\/6\/2022\/12\/M_OGS2_15_Ksztaltowanie-krajobrazu-i-ochrona-przyrody.pdf\">M_OGS2_15_Kszta\u0142towanie krajobrazu i&nbsp;ochrona przyrody<\/a><\/li>\n<li><a href=\"https:\/\/up.lublin.pl\/ogrodnictwo\/wp-content\/uploads\/sites\/6\/2022\/12\/M_OGS2_16_Sterowana-produkcja-ogrodnicza.pdf\">M_OGS2_16_Sterowana produkcja ogrodnicza<\/a><\/li>\n<li><a href=\"https:\/\/up.lublin.pl\/ogrodnictwo\/wp-content\/uploads\/sites\/6\/2022\/12\/M_OGS2_17.2_Budowa-i-pielegnowanie-terenow-zieleni.pdf\">M_OGS2_17.2_Budowa i&nbsp;piel\u0119gnowanie teren\u00f3w zieleni<\/a><\/li>\n<li><a href=\"https:\/\/up.lublin.pl\/ogrodnictwo\/wp-content\/uploads\/sites\/6\/2022\/12\/M_OGS2_17.1_Uprawa-winorosli-i-organizacja-winnicy.pdf\">M_OGS2_17.1_Uprawa winoro\u015bli i&nbsp;organizacja winnicy<\/a><\/li>\n<li><a href=\"https:\/\/up.lublin.pl\/ogrodnictwo\/wp-content\/uploads\/sites\/6\/2022\/12\/M_OGS2_17.3_Odmianoznawstwo-warzyw-do-przetworstwa.pdf\">M_OGS2_17.3_Odmianoznawstwo warzyw do przetw\u00f3rstwa<\/a><\/li>\n<li><a href=\"https:\/\/up.lublin.pl\/ogrodnictwo\/wp-content\/uploads\/sites\/6\/2022\/12\/M_OGS2_17.4_Nabywanie-stosowanie-i-obrot-srodkami-ochrony-roslin.pdf\">M_OGS2_17.4_Nabywanie, stosowanie i&nbsp;obr\u00f3t \u015brodkami ochrony ro\u015blin<\/a><\/li>\n<li><a href=\"https:\/\/up.lublin.pl\/ogrodnictwo\/wp-content\/uploads\/sites\/6\/2022\/12\/M_OGS2_18.1_Warzywnictwo-specjalistyczne.pdf\">M_OGS2_18.1_Warzywnictwo specjalistyczne<\/a><\/li>\n<li><a href=\"https:\/\/up.lublin.pl\/ogrodnictwo\/wp-content\/uploads\/sites\/6\/2022\/12\/M_OGS2_18.2_Aranzacje-roslinne-we-wnetrzach.pdf\">M_OGS2_18.2_Aranzacje ro\u015blinne we wn\u0119trzach<\/a><\/li>\n<li><a href=\"https:\/\/up.lublin.pl\/ogrodnictwo\/wp-content\/uploads\/sites\/6\/2022\/12\/M_OGS2_18.3_Rosliny-przyprawowe-i-lecznicze.pdf\">M_OGS2_18.3_Ro\u015bliny przyprawowe i&nbsp;lecznicze<\/a><\/li>\n<li><a href=\"https:\/\/up.lublin.pl\/ogrodnictwo\/wp-content\/uploads\/sites\/6\/2022\/12\/M_OGS2_18.4_Szkolkarstwo-specjalistyczne.pdf\">M_OGS2_18.4_Szk\u00f3\u0142karstwo specjalistyczne<\/a><\/li>\n<li><a href=\"https:\/\/up.lublin.pl\/ogrodnictwo\/wp-content\/uploads\/sites\/6\/2022\/12\/M_OGS2_19.2_Sterowanie-jakoscia-w-produkcji-grzybow.pdf\">M_OGS2_19.2_Sterowanie jako\u015bci\u0105 w&nbsp;produkcji grzyb\u00f3w<\/a><\/li>\n<li><a href=\"https:\/\/up.lublin.pl\/ogrodnictwo\/wp-content\/uploads\/sites\/6\/2022\/12\/M_OGS2_19.1_Bukieciarstwo-i-dekoracje-roslinne.pdf\">M_OGS2_19.1_Bukieciarstwo i&nbsp;dekoracje ro\u015blinne<\/a><\/li>\n<li><a href=\"https:\/\/up.lublin.pl\/ogrodnictwo\/wp-content\/uploads\/sites\/6\/2022\/12\/M_OGS2_19.3_Komputerowe-metody-projektowania-terenow-zieleni.pdf\">M_OGS2_19.3_Komputerowe metody projektowania teren\u00f3w zieleni<\/a><\/li>\n<li><a href=\"https:\/\/up.lublin.pl\/ogrodnictwo\/wp-content\/uploads\/sites\/6\/2022\/12\/M_OGS2_20_Seminarium-dyplomowe-1.pdf\">M_OGS2_20_Seminarium dyplomowe 1<\/a><\/li>\n<\/ul>\n<h3><span style=\"font-size: 20px\">Semestr III<\/span><\/h3>\n<ul>\n<li><a href=\"https:\/\/up.lublin.pl\/ogrodnictwo\/wp-content\/uploads\/sites\/6\/2022\/12\/M_OGS2_21_Techniki-w-produkcji-ogrodniczej.pdf\">M_OGS2_21_Techniki w&nbsp;produkcji ogrodniczej<\/a><\/li>\n<li><a href=\"https:\/\/up.lublin.pl\/ogrodnictwo\/wp-content\/uploads\/sites\/6\/2022\/12\/M_OGS2_22_Kultury-in-vitro-w-uprawie-roslin-ogrodniczych.pdf\">M_OGS2_22_Kultury in vitro w&nbsp;uprawie ro\u015blin ogrodniczych<\/a><\/li>\n<li><a href=\"https:\/\/up.lublin.pl\/ogrodnictwo\/wp-content\/uploads\/sites\/6\/2022\/12\/M_OGS2_23.1_Diagnostyka-w-ochronie-roslin-ogrodniczych.pdf\">M_OGS2_23.1_Diagnostyka w&nbsp;ochronie ro\u015blin ogrodniczych<\/a><\/li>\n<li><a href=\"https:\/\/up.lublin.pl\/ogrodnictwo\/wp-content\/uploads\/sites\/6\/2022\/12\/M_OGS2_23.2_Alternative-fruit-plants.pdf\">M_OGS2_23.2_Alternative fruit plants<\/a><\/li>\n<li><a href=\"https:\/\/up.lublin.pl\/ogrodnictwo\/wp-content\/uploads\/sites\/6\/2022\/12\/M_OGS2_23.3_Selected_topics_in_modern_horticulture.pdf\">M_OGS2_23.3_Selected_topics_in_modern_horticulture<\/a><\/li>\n<li><a href=\"https:\/\/up.lublin.pl\/ogrodnictwo\/wp-content\/uploads\/sites\/6\/2022\/12\/M_OGS2_24.1_Formowanie-i-ciecie-drzew-i-krzewow-owocowych.pdf\">M_OGS2_24.1_Formowanie i&nbsp;ci\u0119cie drzew i&nbsp;krzew\u00f3w owocowych<\/a><\/li>\n<li><a href=\"https:\/\/up.lublin.pl\/ogrodnictwo\/wp-content\/uploads\/sites\/6\/2022\/12\/M_OGS2_24.3_Wielkotowarowe-uprawy-warzyw-i-roslin-przyprawowych.pdf\">M_OGS2_24.3_Wielkotowarowe uprawy warzyw i&nbsp;ro\u015blin przyprawowych<\/a><\/li>\n<li><a href=\"https:\/\/up.lublin.pl\/ogrodnictwo\/wp-content\/uploads\/sites\/6\/2022\/12\/M_OGS2_24.2_Produkcja-roslin-doniczkowych-i-na-kwiat-ciety.pdf\">M_OGS2_24.2_Produkcja ro\u015blin doniczkowych i&nbsp;na kwiat ci\u0119ty<\/a><\/li>\n<li><a href=\"https:\/\/up.lublin.pl\/ogrodnictwo\/wp-content\/uploads\/sites\/6\/2022\/12\/M_OGS2_24.4_Uprawa-krzewow-owocowych.pdf\">M_OGS2_24.4_Uprawa krzew\u00f3w owocowych<\/a><\/li>\n<li><a href=\"https:\/\/up.lublin.pl\/ogrodnictwo\/wp-content\/uploads\/sites\/6\/2022\/12\/M_OGS2_25.1_Filozofia-i-estetyka-ogrodu.pdf\">M_OGS2_25.1_Filozofia i&nbsp;estetyka ogrodu<\/a><\/li>\n<li><a href=\"https:\/\/up.lublin.pl\/ogrodnictwo\/wp-content\/uploads\/sites\/6\/2022\/12\/M_OGS2_25.2_Wspolczesne-style-ogrodowe.pdf\">M_OGS2_25.2_Wsp\u00f3\u0142czesne style ogrodowe<\/a><\/li>\n<li><a href=\"https:\/\/up.lublin.pl\/ogrodnictwo\/wp-content\/uploads\/sites\/6\/2022\/12\/M_OGS2_25.3_Fairtrade-w-handlu-owocami-swiata.pdf\">M_OGS2_25.3_Fairtrade w&nbsp;handlu owocami \u015bwiata<\/a><\/li>\n<li><a href=\"https:\/\/up.lublin.pl\/ogrodnictwo\/wp-content\/uploads\/sites\/6\/2022\/12\/M_OGS2_25.4_Etyka-w-produkcji-zywnosci.pdf\">M_OGS2_25.4_Etyka w&nbsp;produkcji \u017cywno\u015bci<\/a><\/li>\n<li><a href=\"https:\/\/up.lublin.pl\/ogrodnictwo\/wp-content\/uploads\/sites\/6\/2022\/12\/M_OGS2_26_Seminarium-dyplomowe-2.pdf\">M_OGS2_26_Seminarium dyplomowe 2<\/a><\/li>\n<li><a href=\"https:\/\/up.lublin.pl\/ogrodnictwo\/wp-content\/uploads\/sites\/6\/2022\/12\/M_OGS2_27_Praca_magisterska_i_egzamin_dyplomowy.pdf\">M_OGS2_27_Praca_magisterska_i_egzamin_dyplomowy<\/a><\/li>\n<\/ul>\n                                        <\/div>\n\t\t\t\t\t\t                                <\/div>\n\t\t\t\t                <div class=\"mn-content-block\">\n\t                                <\/div>\n\t\t\t\t                <div class=\"mn-content-block\">\n\t                                <\/div>\n\t\t\t\t                <div class=\"mn-content-block\">\n\t                                <\/div>\n\t\t\t\t                <div class=\"mn-content-block\">\n\t                                <\/div>\n\t\t\t\t                <div class=\"mn-content-block\">\n\t                                <\/div>\n\t\t\t\t                <div class=\"mn-content-block\">\n\t                                <\/div>\n\t\t\t\t                <div class=\"mn-content-block\">\n\t                                <\/div>\n\t\t\t\t                <div class=\"mn-content-block\">\n\t                                <\/div>\n\t\t\t\t                <div class=\"mn-content-block\">\n\t                                <\/div>\n\t\t\t\t                <div class=\"mn-content-block\">\n\t                                <\/div>\n\t\t\t\t                <div class=\"mn-content-block\">\n\t                                <\/div>\n\t\t\t\t                <div class=\"mn-content-block\">\n\t                                <\/div>\n\t\t\t\t                <div class=\"mn-content-block\">\n\t                                <\/div>\n\t\t\t\t                <div class=\"mn-content-block\">\n\t                                <\/div>\n\t\t\t\t                <div class=\"mn-content-block\">\n\t                                <\/div>\n\t\t\t\t                <div class=\"mn-content-block\">\n\t                                <\/div>\n\t\t\t\t                <div class=\"mn-content-block\">\n\t                                <\/div>\n\t\t\t\t                <div class=\"mn-content-block\">\n\t                                <\/div>\n\t\t\t\t                <div class=\"mn-content-block\">\n\t                                <\/div>\n\t\t\t\t\t\t<\/div>\n\t<\/div>\n<\/section>\n\t\t<\/div>\n\t\t\t\t<\/div>\n\t\t\t\t\t\t<\/div>\n\t\t\t\t\t<\/div>\n\t\t<\/div>\n\t\t\t\t\t\t\t\t<\/div>\n\t\t\t\t\t<\/div>\n\t\t<\/section>\n\t\t\t\t\t\t<\/div>\n\t\t\t\t\t\t<\/div>\n\t\t\t\t\t<\/div>\n\t\t","protected":false},"excerpt":{"rendered":"<p>\u2190 powr\u00f3t \u00a0 Ogrodnictwo &#8211; Studia Stacjonarne IIst. 2023-2024 Semestr I M_OGS2_1_Biologia molekularna M_OGS2_2_Ogrodnictwo zr\u00f3wnowa\u017cone M_OGS2_3_Statystyka i&nbsp;do\u015bwiadczalnictwo M_OGS2_4_Projektowanie upraw ogrodniczych M_OGS2_5_Organizacja dzia\u0142alno\u015bci doradczej w&nbsp;ogrodnictwie M_OGS2_6.2_Techniki pomiarowe jako\u015bci owoc\u00f3w M_OGS2_6.1_Zagro\u017cenia \u015brodowiska w&nbsp;ogrodnictwie M_OGS2_6.3_Bioregulatory w&nbsp;ogrodnictwie M_OGS2_7.1_Jako\u015b\u0107 i&nbsp;obr\u00f3t materia\u0142u szk\u00f3\u0142karskiego M_OGS2_7.2_Projektowanie teren\u00f3w zieleni M_OGS2_7.3_Analiza instrumentalna w&nbsp;warzywnictwie M_OGS2_7.4_\u0179r\u00f3d\u0142a informacji w&nbsp;doradztwie i&nbsp;ich przetwarzanie M_OGS2_8.1_Marketing mi\u0119dzynarodowy i&nbsp;globalny M_OGS2_8.3_Projektowanie przesi\u0119wzi\u0119\u0107 z&nbsp;funduszy unijnych [&hellip;]<\/p>\n","protected":false},"author":279,"featured_media":0,"parent":0,"menu_order":0,"comment_status":"closed","ping_status":"closed","template":"elementor_header_footer","meta":{"_monsterinsights_skip_tracking":false,"_monsterinsights_sitenote_active":false,"_monsterinsights_sitenote_note":"","_monsterinsights_sitenote_category":0},"_links":{"self":[{"href":"https:\/\/up.lublin.pl\/ogrodnictwo\/wp-json\/wp\/v2\/pages\/168610"}],"collection":[{"href":"https:\/\/up.lublin.pl\/ogrodnictwo\/wp-json\/wp\/v2\/pages"}],"about":[{"href":"https:\/\/up.lublin.pl\/ogrodnictwo\/wp-json\/wp\/v2\/types\/page"}],"author":[{"embeddable":true,"href":"https:\/\/up.lublin.pl\/ogrodnictwo\/wp-json\/wp\/v2\/users\/279"}],"replies":[{"embeddable":true,"href":"https:\/\/up.lublin.pl\/ogrodnictwo\/wp-json\/wp\/v2\/comments?post=168610"}],"version-history":[{"count":13,"href":"https:\/\/up.lublin.pl\/ogrodnictwo\/wp-json\/wp\/v2\/pages\/168610\/revisions"}],"predecessor-version":[{"id":168640,"href":"https:\/\/up.lublin.pl\/ogrodnictwo\/wp-json\/wp\/v2\/pages\/168610\/revisions\/168640"}],"wp:attachment":[{"href":"https:\/\/up.lublin.pl\/ogrodnictwo\/wp-json\/wp\/v2\/media?parent=168610"}],"curies":[{"name":"wp","href":"https:\/\/api.w.org\/{rel}","templated":true}]}}