{"id":161546,"date":"2023-02-18T10:48:14","date_gmt":"2023-02-18T09:48:14","guid":{"rendered":"https:\/\/up.lublin.pl\/ogrodnictwo\/?page_id=161546"},"modified":"2023-02-20T20:12:21","modified_gmt":"2023-02-20T19:12:21","slug":"zielarstwo-i-fitoprodukty-studia-stacjonarne-ii-st-2021-2022","status":"publish","type":"page","link":"https:\/\/up.lublin.pl\/ogrodnictwo\/zielarstwo-i-fitoprodukty-studia-stacjonarne-ii-st-2021-2022\/","title":{"rendered":"Zielarstwo i fitoprodukty \u2013 Studia Stacjonarne II st. 2021-2022"},"content":{"rendered":"\t\t<div data-elementor-type=\"wp-page\" data-elementor-id=\"161546\" class=\"elementor elementor-161546\" data-elementor-settings=\"[]\">\n\t\t\t\t\t\t<div class=\"elementor-inner\">\n\t\t\t\t\t\t\t<div class=\"elementor-section-wrap\">\n\t\t\t\t\t\t\t<section class=\"elementor-section elementor-top-section elementor-element elementor-element-415a5af5 elementor-section-boxed elementor-section-height-default elementor-section-height-default\" data-id=\"415a5af5\" data-element_type=\"section\">\n\t\t\t\t\t\t<div class=\"elementor-container elementor-column-gap-default\">\n\t\t\t\t\t\t\t<div class=\"elementor-row\">\n\t\t\t\t\t<div class=\"elementor-column elementor-col-100 elementor-top-column elementor-element elementor-element-39ebc1e9\" data-id=\"39ebc1e9\" data-element_type=\"column\">\n\t\t\t<div class=\"elementor-column-wrap elementor-element-populated\">\n\t\t\t\t\t\t\t<div class=\"elementor-widget-wrap\">\n\t\t\t\t\t\t<div class=\"elementor-element elementor-element-733afbc1 elementor-widget elementor-widget-m5c\" data-id=\"733afbc1\" data-element_type=\"widget\" data-widget_type=\"m5c.default\">\n\t\t\t\t<div class=\"elementor-widget-container\">\n\t\t\t<section class=\"mn-m5-c mn-m5-d2 mn-bg-white\">\n\t<div class=\"mn-grid\">\n\t\t\t\t<div class=\"mn-content mn-grid-9\">\n\t\t\t                <div class=\"mn-content-block active\">\n\t                                                        <div class=\"block-text\">\n\t                                        <h5><a href=\"https:\/\/up.lublin.pl\/ogrodnictwo\/ksztalcenie\/#opisy_sylabus%C3%B3w\">\u2190 powr\u00f3t<\/a><\/p>\n<\/h5>\n<h2 style=\"text-align: center\"><span style=\"font-size: 28px\">Zielarstwo i&nbsp;fitoprodukty &#8211; Studia Stacjonarne II st. 2021-2022<\/span><\/h2>\n                                        <\/div>\n\t\t\t\t\t\t                                                        <ul class=\"mn-accordion\">\n                                            <li>\n                                                <h4 class=\"mn-accordion-title\">SEMESTR I<\/h4>\n                                                <div>\n\t\t\t\t\t\t\t\t\t                <ul>\n<li><a href=\"https:\/\/up.lublin.pl\/ogrodnictwo\/wp-content\/uploads\/sites\/6\/2023\/02\/ZF-S2_1A-Jezyk-obcy-specjalistyczny-Angielski-B2-2.pdf\">ZF S2_1A J\u0119zyk obcy specjalistyczny Angielski B2+<\/a><\/li>\n<li><a href=\"https:\/\/up.lublin.pl\/ogrodnictwo\/wp-content\/uploads\/sites\/6\/2023\/02\/ZF-S2_1B-Jezyk-obcy-specjalistyczny-Francuskii-B2-2.pdf\">ZF S2_1B J\u0119zyk obcy specjalistyczny Francuskii B2+<\/a><\/li>\n<li><a href=\"https:\/\/up.lublin.pl\/ogrodnictwo\/wp-content\/uploads\/sites\/6\/2023\/02\/ZF-S2_1C-Jezyk-obcy-specjalistyczny-Niemiecki-B2-2.pdf\">ZF S2_1C J\u0119zyk obcy specjalistyczny Niemiecki B2+<\/a><\/li>\n<li><a href=\"https:\/\/up.lublin.pl\/ogrodnictwo\/wp-content\/uploads\/sites\/6\/2023\/02\/ZF-S2_1D-Jezyk-obcy-specjalistyczny-Rosyjski-B2-2.pdf\">ZF S2_1D J\u0119zyk obcy specjalistyczny Rosyjski B2+<\/a><\/li>\n<li><a href=\"https:\/\/up.lublin.pl\/ogrodnictwo\/wp-content\/uploads\/sites\/6\/2023\/02\/ZF-S2_2-Preparaty-galenowe-6.pdf\">ZF S2_2 Preparaty galenowe<\/a><\/li>\n<li><a href=\"https:\/\/up.lublin.pl\/ogrodnictwo\/wp-content\/uploads\/sites\/6\/2023\/02\/ZF-S2_3A-Uprawy-zielarskie-pod-oslonami-5.pdf\">ZF S2_3A Uprawy zielarskie pod os\u0142onami<\/a><\/li>\n<li><a href=\"https:\/\/up.lublin.pl\/ogrodnictwo\/wp-content\/uploads\/sites\/6\/2023\/02\/ZF-S2_3B-Amatorskie-uprawy-zielarskie-5.pdf\">ZF S2_3B Amatorskie uprawy zielarskie<\/a><\/li>\n<li><a href=\"https:\/\/up.lublin.pl\/ogrodnictwo\/wp-content\/uploads\/sites\/6\/2023\/02\/ZF-S2_4A-Sterowane-uprawy-zielarskie-5.pdf\">ZF S2_4A Sterowane uprawy zielarskie<\/a><\/li>\n<li><a href=\"https:\/\/up.lublin.pl\/ogrodnictwo\/wp-content\/uploads\/sites\/6\/2023\/02\/ZF-S2_4B-Rosliny-toksyczne-i-fitotoksyny-5.pdf\">ZF S2_4B Ro\u015bliny toksyczne i&nbsp;fitotoksyny<\/a><\/li>\n<li><a href=\"https:\/\/up.lublin.pl\/ogrodnictwo\/wp-content\/uploads\/sites\/6\/2023\/02\/ZF-S2_4C-Invasive-plants-5.pdf\">ZF S2_4C Invasive plants<\/a><\/li>\n<li><a href=\"https:\/\/up.lublin.pl\/ogrodnictwo\/wp-content\/uploads\/sites\/6\/2023\/02\/ZF-S2_5A-Techniki-in-vitro-w-zielarstwie-5.pdf\">ZF S2_5A Techniki in vitro w&nbsp;zielarstwie<\/a><\/li>\n<li><a href=\"https:\/\/up.lublin.pl\/ogrodnictwo\/wp-content\/uploads\/sites\/6\/2023\/02\/ZF-S2_5B-Micropropagation-of-rare-medicinal-plants-5.pdf\">ZF S2_5B Micropropagation of rare medicinal plants<\/a><\/li>\n<li><a href=\"https:\/\/up.lublin.pl\/ogrodnictwo\/wp-content\/uploads\/sites\/6\/2023\/02\/ZF-S2_5C-Production-of-secondary-metabolites-by-biotechnological-methods-1.pdf\">ZF S2_5C Production of secondary metabolites by biotechnological methods<\/a><\/li>\n<li><a href=\"https:\/\/up.lublin.pl\/ogrodnictwo\/wp-content\/uploads\/sites\/6\/2023\/02\/ZF-S2_6A-Analiza-instrumentalna-w-zielarstwie-5.pdf\">ZF S2_6A Analiza instrumentalna w&nbsp;zielarstwie<\/a><\/li>\n<li><a href=\"https:\/\/up.lublin.pl\/ogrodnictwo\/wp-content\/uploads\/sites\/6\/2023\/02\/ZF-S2_6B-Diagnostyka-laboratoryjna-w-bromatologii-5.pdf\">ZF S2_6B Diagnostyka laboratoryjna w&nbsp;bromatologii<\/a><\/li>\n<li><a href=\"https:\/\/up.lublin.pl\/ogrodnictwo\/wp-content\/uploads\/sites\/6\/2023\/02\/ZF-S2_7A-Ogrody-terapeutyczne-5.pdf\">ZF S2_7A Ogrody terapeutyczne<\/a><\/li>\n<li><a href=\"https:\/\/up.lublin.pl\/ogrodnictwo\/wp-content\/uploads\/sites\/6\/2023\/02\/ZF-S2_7B-Ziola-we-florystyce-5.pdf\">ZF S2_7B Zio\u0142a we florystyce<\/a><\/li>\n<li><a href=\"https:\/\/up.lublin.pl\/ogrodnictwo\/wp-content\/uploads\/sites\/6\/2023\/02\/ZF-S2_8-Statystyka-i-doswiadczalnictwo-1-2.pdf\">ZF S2_8 Statystyka i&nbsp;do\u015bwiadczalnictwo<\/a><\/li>\n<li><a href=\"https:\/\/up.lublin.pl\/ogrodnictwo\/wp-content\/uploads\/sites\/6\/2023\/02\/ZF-S2_9-Eksperyment-w-doswiadczalnictwie-przyrodniczym-5.pdf\">ZF S2_9 Eksperyment w&nbsp;do\u015bwiadczalnictwie przyrodniczym<\/a><\/li>\n<\/ul>\n                                                <\/div>\n                                            <\/li>\n                                        <\/ul>\n\t\t\t\t\t\t                                                        <ul class=\"mn-accordion\">\n                                            <li>\n                                                <h4 class=\"mn-accordion-title\">SEMESTR II<\/h4>\n                                                <div>\n\t\t\t\t\t\t\t\t\t                <ul>\n<li><a href=\"https:\/\/up.lublin.pl\/ogrodnictwo\/wp-content\/uploads\/sites\/6\/2023\/02\/ZF-S2_10-Fitoterapia-stosowana-6.pdf\">ZF S2_10 Fitoterapia stosowana<\/a><\/li>\n<li><a href=\"https:\/\/up.lublin.pl\/ogrodnictwo\/wp-content\/uploads\/sites\/6\/2023\/02\/ZF-S2_11-Fitoaromaty-5.pdf\">ZF S2_11 Fitoaromaty<\/a><\/li>\n<li><a href=\"https:\/\/up.lublin.pl\/ogrodnictwo\/wp-content\/uploads\/sites\/6\/2023\/02\/ZF-S2_12-Suplementy-diety-1-2.pdf\">ZF S2_12 Suplementy diety<\/a><\/li>\n<li><a href=\"https:\/\/up.lublin.pl\/ogrodnictwo\/wp-content\/uploads\/sites\/6\/2023\/02\/ZF-S2_13A-Biooleje-5.pdf\">ZF S2_13A Biooleje<\/a><\/li>\n<li><a href=\"https:\/\/up.lublin.pl\/ogrodnictwo\/wp-content\/uploads\/sites\/6\/2023\/02\/ZF-S2_13B-Grzyby-toksynotworcze-5.pdf\">ZF S2_13B Grzyby toksynotw\u00f3rcze<\/a><\/li>\n<li><a href=\"https:\/\/up.lublin.pl\/ogrodnictwo\/wp-content\/uploads\/sites\/6\/2023\/02\/ZF-S2_14A-Fitokosmetyki-1-2.pdf\">ZF S2_14A Fitokosmetyki<\/a><\/li>\n<li><a href=\"https:\/\/up.lublin.pl\/ogrodnictwo\/wp-content\/uploads\/sites\/6\/2023\/02\/ZF-S2_14B-Receptury-kosmetyczne-AN-2.pdf\">ZF S2_14B Receptury kosmetyczne <\/a><\/li>\n<li><a href=\"https:\/\/up.lublin.pl\/ogrodnictwo\/wp-content\/uploads\/sites\/6\/2023\/02\/ZF-S2_15A-Dzieje-upraw-roslin-leczniczych-5.pdf\">ZF S2_15A Dzieje upraw ro\u015blin leczniczych<\/a><\/li>\n<li><a href=\"https:\/\/up.lublin.pl\/ogrodnictwo\/wp-content\/uploads\/sites\/6\/2023\/02\/ZF-S2_15B-Ziola-w-tradycji-ludowej-5.pdf\">ZF S2_15B Zio\u0142a w&nbsp;tradycji ludowej<\/a><\/li>\n<li><a href=\"https:\/\/up.lublin.pl\/ogrodnictwo\/wp-content\/uploads\/sites\/6\/2023\/02\/ZF-S2_16-Programy-komputerowe-w-zielarstwie-5.pdf\">ZF S2_16 Programy komputerowe w&nbsp;zielarstwie<\/a><\/li>\n<li><a href=\"https:\/\/up.lublin.pl\/ogrodnictwo\/wp-content\/uploads\/sites\/6\/2023\/02\/ZF-S2_17-Seminarium-dyplomowe-1-5.pdf\">ZF S2_17 Seminarium dyplomowe 1<\/a><\/li>\n<\/ul>\n                                                <\/div>\n                                            <\/li>\n                                        <\/ul>\n\t\t\t\t\t\t                                                        <ul class=\"mn-accordion\">\n                                            <li>\n                                                <h4 class=\"mn-accordion-title\">SEMESTR III<\/h4>\n                                                <div>\n\t\t\t\t\t\t\t\t\t                <ul>\n<li><a href=\"https:\/\/up.lublin.pl\/ogrodnictwo\/wp-content\/uploads\/sites\/6\/2023\/02\/ZF-S2_18-Konfekcjonowanie-surowcow-zielarskich-5.pdf\">ZF S2_18 Konfekcjonowanie surowc\u00f3w zielarskich<\/a><\/li>\n<li><a href=\"https:\/\/up.lublin.pl\/ogrodnictwo\/wp-content\/uploads\/sites\/6\/2023\/02\/ZF-S2_19-Fitoprodukty-w-profilaktyce-zdrowotnej-5.pdf\">ZF S2_19 Fitoprodukty w&nbsp;profilaktyce zdrowotnej<\/a><\/li>\n<li><a href=\"https:\/\/up.lublin.pl\/ogrodnictwo\/wp-content\/uploads\/sites\/6\/2023\/02\/ZF-S2_20A-Tworzenie-modeli-biznesowych-5.pdf\">ZF S2_20A Tworzenie modeli biznesowych<\/a><\/li>\n<li><a href=\"https:\/\/up.lublin.pl\/ogrodnictwo\/wp-content\/uploads\/sites\/6\/2023\/02\/ZF-S2_20B-Marketing-i-zarzadzanie-w-zielarstwie-5.pdf\">ZF S2_20B Marketing i&nbsp;zarz\u0105dzanie w&nbsp;zielarstwie<\/a><\/li>\n<li><a href=\"https:\/\/up.lublin.pl\/ogrodnictwo\/wp-content\/uploads\/sites\/6\/2023\/02\/ZF-S2_21-Seminarium-dyplomowe-2-5.pdf\">ZF S2_21 Seminarium dyplomowe 2<\/a><\/li>\n<li><a href=\"https:\/\/up.lublin.pl\/ogrodnictwo\/wp-content\/uploads\/sites\/6\/2023\/02\/ZF-S2_22-Praca-magisterska-i-egzamin-dyplomowy-2.pdf\">ZF S2_22 Praca magisterska i&nbsp;egzamin dyplomowy<\/a><\/li>\n<\/ul>\n                                                <\/div>\n                                            <\/li>\n                                        <\/ul>\n\t\t\t\t\t\t                                <\/div>\n\t\t\t\t                <div class=\"mn-content-block\">\n\t                                <\/div>\n\t\t\t\t                <div class=\"mn-content-block\">\n\t                                <\/div>\n\t\t\t\t                <div class=\"mn-content-block\">\n\t                                <\/div>\n\t\t\t\t                <div class=\"mn-content-block\">\n\t                                <\/div>\n\t\t\t\t                <div class=\"mn-content-block\">\n\t                                <\/div>\n\t\t\t\t                <div class=\"mn-content-block\">\n\t                                <\/div>\n\t\t\t\t                <div class=\"mn-content-block\">\n\t                                <\/div>\n\t\t\t\t                <div class=\"mn-content-block\">\n\t                                <\/div>\n\t\t\t\t                <div class=\"mn-content-block\">\n\t                                <\/div>\n\t\t\t\t                <div class=\"mn-content-block\">\n\t                                <\/div>\n\t\t\t\t                <div class=\"mn-content-block\">\n\t                                <\/div>\n\t\t\t\t                <div class=\"mn-content-block\">\n\t                                <\/div>\n\t\t\t\t                <div class=\"mn-content-block\">\n\t                                <\/div>\n\t\t\t\t                <div class=\"mn-content-block\">\n\t                                <\/div>\n\t\t\t\t                <div class=\"mn-content-block\">\n\t                                <\/div>\n\t\t\t\t                <div class=\"mn-content-block\">\n\t                                <\/div>\n\t\t\t\t                <div class=\"mn-content-block\">\n\t                                <\/div>\n\t\t\t\t                <div class=\"mn-content-block\">\n\t                                <\/div>\n\t\t\t\t                <div class=\"mn-content-block\">\n\t                                <\/div>\n\t\t\t\t\t\t<\/div>\n\t<\/div>\n<\/section>\n\t\t<\/div>\n\t\t\t\t<\/div>\n\t\t\t\t\t\t<\/div>\n\t\t\t\t\t<\/div>\n\t\t<\/div>\n\t\t\t\t\t\t\t\t<\/div>\n\t\t\t\t\t<\/div>\n\t\t<\/section>\n\t\t\t\t\t\t<\/div>\n\t\t\t\t\t\t<\/div>\n\t\t\t\t\t<\/div>\n\t\t","protected":false},"excerpt":{"rendered":"<p>\u2190 powr\u00f3t Zielarstwo i&nbsp;fitoprodukty &#8211; Studia Stacjonarne II st. 2021-2022 SEMESTR I ZF S2_1A J\u0119zyk obcy specjalistyczny Angielski B2+ ZF S2_1B J\u0119zyk obcy specjalistyczny Francuskii B2+ ZF S2_1C J\u0119zyk obcy specjalistyczny Niemiecki B2+ ZF S2_1D J\u0119zyk obcy specjalistyczny Rosyjski B2+ ZF S2_2 Preparaty galenowe ZF S2_3A Uprawy zielarskie pod os\u0142onami ZF S2_3B Amatorskie uprawy zielarskie [&hellip;]<\/p>\n","protected":false},"author":279,"featured_media":0,"parent":0,"menu_order":0,"comment_status":"closed","ping_status":"closed","template":"elementor_header_footer","meta":{"_monsterinsights_skip_tracking":false,"_monsterinsights_sitenote_active":false,"_monsterinsights_sitenote_note":"","_monsterinsights_sitenote_category":0},"_links":{"self":[{"href":"https:\/\/up.lublin.pl\/ogrodnictwo\/wp-json\/wp\/v2\/pages\/161546"}],"collection":[{"href":"https:\/\/up.lublin.pl\/ogrodnictwo\/wp-json\/wp\/v2\/pages"}],"about":[{"href":"https:\/\/up.lublin.pl\/ogrodnictwo\/wp-json\/wp\/v2\/types\/page"}],"author":[{"embeddable":true,"href":"https:\/\/up.lublin.pl\/ogrodnictwo\/wp-json\/wp\/v2\/users\/279"}],"replies":[{"embeddable":true,"href":"https:\/\/up.lublin.pl\/ogrodnictwo\/wp-json\/wp\/v2\/comments?post=161546"}],"version-history":[{"count":37,"href":"https:\/\/up.lublin.pl\/ogrodnictwo\/wp-json\/wp\/v2\/pages\/161546\/revisions"}],"predecessor-version":[{"id":163412,"href":"https:\/\/up.lublin.pl\/ogrodnictwo\/wp-json\/wp\/v2\/pages\/161546\/revisions\/163412"}],"wp:attachment":[{"href":"https:\/\/up.lublin.pl\/ogrodnictwo\/wp-json\/wp\/v2\/media?parent=161546"}],"curies":[{"name":"wp","href":"https:\/\/api.w.org\/{rel}","templated":true}]}}