{"id":153894,"date":"2022-12-23T14:48:08","date_gmt":"2022-12-23T13:48:08","guid":{"rendered":"https:\/\/up.lublin.pl\/ogrodnictwo\/?page_id=153894"},"modified":"2023-02-21T19:03:07","modified_gmt":"2023-02-21T18:03:07","slug":"zielarstwo-i-fitoprodukty-studia-niestacjonarne-i-st","status":"publish","type":"page","link":"https:\/\/up.lublin.pl\/ogrodnictwo\/zielarstwo-i-fitoprodukty-studia-niestacjonarne-i-st\/","title":{"rendered":"Zielarstwo i fitoprodukty Studia niestacjonarne I st."},"content":{"rendered":"\t\t<div data-elementor-type=\"wp-page\" data-elementor-id=\"153894\" class=\"elementor elementor-153894\" data-elementor-settings=\"[]\">\n\t\t\t\t\t\t<div class=\"elementor-inner\">\n\t\t\t\t\t\t\t<div class=\"elementor-section-wrap\">\n\t\t\t\t\t\t\t<section class=\"elementor-section elementor-top-section elementor-element elementor-element-6d2577a6 elementor-section-boxed elementor-section-height-default elementor-section-height-default\" data-id=\"6d2577a6\" data-element_type=\"section\">\n\t\t\t\t\t\t<div class=\"elementor-container elementor-column-gap-default\">\n\t\t\t\t\t\t\t<div class=\"elementor-row\">\n\t\t\t\t\t<div class=\"elementor-column elementor-col-100 elementor-top-column elementor-element elementor-element-61596d18\" data-id=\"61596d18\" data-element_type=\"column\">\n\t\t\t<div class=\"elementor-column-wrap elementor-element-populated\">\n\t\t\t\t\t\t\t<div class=\"elementor-widget-wrap\">\n\t\t\t\t\t\t<div class=\"elementor-element elementor-element-5050dec6 elementor-widget elementor-widget-m5c\" data-id=\"5050dec6\" data-element_type=\"widget\" data-widget_type=\"m5c.default\">\n\t\t\t\t<div class=\"elementor-widget-container\">\n\t\t\t<section class=\"mn-m5-c mn-m5-d2 mn-bg-white\">\n\t<div class=\"mn-grid\">\n\t\t\t\t<div class=\"mn-content mn-grid-9\">\n\t\t\t                <div class=\"mn-content-block active\">\n\t                                                        <div class=\"block-text\">\n\t                                        <h5><a href=\"https:\/\/up.lublin.pl\/ogrodnictwo\/ksztalcenie\/#opisy_sylabus%C3%B3w\">\u2190 powr\u00f3t<\/a><\/h5>\n<p>\u00a0<\/p>\n<h2 style=\"text-align: center\"><span style=\"font-size: 28px\">Zielarstwo i&nbsp;fitoprodukty &#8211; Studia Niestacjonarne Ist. 2022-2023<\/span><\/h2>\n                                        <\/div>\n\t\t\t\t\t\t                                                        <ul class=\"mn-accordion\">\n                                            <li>\n                                                <h4 class=\"mn-accordion-title\">Semestr I<\/h4>\n                                                <div>\n\t\t\t\t\t\t\t\t\t                <ul>\n<li><a href=\"https:\/\/up.lublin.pl\/ogrodnictwo\/wp-content\/uploads\/sites\/6\/2023\/02\/ZF_N1_1_1-Angielski-1.pdf\">ZF_N1_1_1 Angielski 1<\/a><\/li>\n<li><a href=\"https:\/\/up.lublin.pl\/ogrodnictwo\/wp-content\/uploads\/sites\/6\/2023\/02\/ZF_N1_1_2-Francuski-1.pdf\">ZF_N1_1_2 Francuski 1<\/a><\/li>\n<li><a href=\"https:\/\/up.lublin.pl\/ogrodnictwo\/wp-content\/uploads\/sites\/6\/2023\/02\/ZF_N1_1_3-Niemiecki-1.pdf\">ZF_N1_1_3 Niemiecki 1<\/a><\/li>\n<li><a href=\"https:\/\/up.lublin.pl\/ogrodnictwo\/wp-content\/uploads\/sites\/6\/2023\/02\/ZF_N1_1_4-Rosyjski-1.pdf\">ZF_N1_1_4 Rosyjski 1<\/a><\/li>\n<li><a href=\"https:\/\/up.lublin.pl\/ogrodnictwo\/wp-content\/uploads\/sites\/6\/2023\/02\/ZF_N1_2-Botanika-1.pdf\">ZF_N1_2 Botanika<\/a><\/li>\n<li><a href=\"https:\/\/up.lublin.pl\/ogrodnictwo\/wp-content\/uploads\/sites\/6\/2023\/02\/ZF_N1_3-Chemia.pdf\">ZF_N1_3 Chemia<\/a><\/li>\n<li><a href=\"https:\/\/up.lublin.pl\/ogrodnictwo\/wp-content\/uploads\/sites\/6\/2023\/02\/ZF_N1_4-Analityka-laboratoryjna.pdf\">ZF_N1_4 Analityka laboratoryjna<\/a><\/li>\n<li><a href=\"https:\/\/up.lublin.pl\/ogrodnictwo\/wp-content\/uploads\/sites\/6\/2023\/02\/ZF_N1_5-Technologie-informacyjne.pdf\">ZF_N1_5 Technologie informacyjne<\/a><\/li>\n<li><a href=\"https:\/\/up.lublin.pl\/ogrodnictwo\/wp-content\/uploads\/sites\/6\/2023\/02\/ZF_N1_6-BHP-z-ergonomia.pdf\">ZF_N1_6 BHP z&nbsp;ergonomi\u0105<\/a><\/li>\n<li><a href=\"https:\/\/up.lublin.pl\/ogrodnictwo\/wp-content\/uploads\/sites\/6\/2023\/02\/ZF_N1_7_1-Historia-zielarstwa.pdf\">ZF_N1_7_1 Historia zielarstwa<\/a><\/li>\n<li><a href=\"https:\/\/up.lublin.pl\/ogrodnictwo\/wp-content\/uploads\/sites\/6\/2023\/02\/ZF_N1_7_2-Filozofia-1.pdf\">ZF_N1_7_2 Filozofia<\/a><\/li>\n<li><a href=\"https:\/\/up.lublin.pl\/ogrodnictwo\/wp-content\/uploads\/sites\/6\/2023\/02\/ZF_N1_8-Ochrona-wlasnosci-intelektualnej.pdf\">ZF_N1_8 Ochrona w\u0142asno\u015bci intelektualnej<\/a><\/li>\n<\/ul>\n                                                <\/div>\n                                            <\/li>\n                                        <\/ul>\n\t\t\t\t\t\t                                                        <ul class=\"mn-accordion\">\n                                            <li>\n                                                <h4 class=\"mn-accordion-title\">Semestr II<\/h4>\n                                                <div>\n\t\t\t\t\t\t\t\t\t                <ul>\n<li><a href=\"https:\/\/up.lublin.pl\/ogrodnictwo\/wp-content\/uploads\/sites\/6\/2023\/02\/ZF_N1_9_1-Angielski-2.pdf\">ZF_N1_9_1 Angielski 2<\/a><\/li>\n<li><a href=\"https:\/\/up.lublin.pl\/ogrodnictwo\/wp-content\/uploads\/sites\/6\/2023\/02\/ZF_N1_9_2-Francuski-2.pdf\">ZF_N1_9_2 Francuski 2<\/a><\/li>\n<li><a href=\"https:\/\/up.lublin.pl\/ogrodnictwo\/wp-content\/uploads\/sites\/6\/2023\/02\/ZF_N1_9_3-Niemiecki-2.pdf\">ZF_N1_9_3 Niemiecki 2<\/a><\/li>\n<li><a href=\"https:\/\/up.lublin.pl\/ogrodnictwo\/wp-content\/uploads\/sites\/6\/2023\/02\/ZF_N1_9_4-Rosyjski-2.pdf\">ZF_N1_9_4 Rosyjski 2<\/a><\/li>\n<li><a href=\"https:\/\/up.lublin.pl\/ogrodnictwo\/wp-content\/uploads\/sites\/6\/2023\/02\/ZF_N1_10-Uprawa-roli-i-nawozenie.pdf\">ZF_N1_10 Uprawa roli i&nbsp;nawo\u017cenie<\/a><\/li>\n<li><a href=\"https:\/\/up.lublin.pl\/ogrodnictwo\/wp-content\/uploads\/sites\/6\/2023\/02\/ZF_N1_11-Zielarstwo-ogolne-1.pdf\">ZF_N1_11 Zielarstwo og\u00f3lne<\/a><\/li>\n<li><a href=\"https:\/\/up.lublin.pl\/ogrodnictwo\/wp-content\/uploads\/sites\/6\/2023\/02\/ZF_N1_12-Biochemia.pdf\">ZF_N1_12 Biochemia<\/a><\/li>\n<li><a href=\"https:\/\/up.lublin.pl\/ogrodnictwo\/wp-content\/uploads\/sites\/6\/2023\/02\/ZF_N1_13-Fizjologia-roslin.pdf\">ZF_N1_13 Fizjologia ro\u015blin<\/a><\/li>\n<li><a href=\"https:\/\/up.lublin.pl\/ogrodnictwo\/wp-content\/uploads\/sites\/6\/2023\/02\/ZF_N1_14-Genetyka-i-hodowla-roslin.pdf\">ZF_N1_14 Genetyka i&nbsp;hodowla ro\u015blin<\/a><\/li>\n<\/ul>\n                                                <\/div>\n                                            <\/li>\n                                        <\/ul>\n\t\t\t\t\t\t                                                        <ul class=\"mn-accordion\">\n                                            <li>\n                                                <h4 class=\"mn-accordion-title\">Semestr III<\/h4>\n                                                <div>\n\t\t\t\t\t\t\t\t\t                <ul>\n<li><a href=\"https:\/\/up.lublin.pl\/ogrodnictwo\/wp-content\/uploads\/sites\/6\/2023\/02\/ZF_N1_15_1-Angielski-3.pdf\">ZF_N1_15_1 Angielski 3<\/a><\/li>\n<li><a href=\"https:\/\/up.lublin.pl\/ogrodnictwo\/wp-content\/uploads\/sites\/6\/2023\/02\/ZF_N1_15_2-Francuski-3.pdf\">ZF_N1_15_2 Francuski 3<\/a><\/li>\n<li><a href=\"https:\/\/up.lublin.pl\/ogrodnictwo\/wp-content\/uploads\/sites\/6\/2023\/02\/ZF_N1_15_3-Niemiecki-3.pdf\">ZF_N1_15_3 Niemiecki 3<\/a><\/li>\n<li><a href=\"https:\/\/up.lublin.pl\/ogrodnictwo\/wp-content\/uploads\/sites\/6\/2023\/02\/ZF_N1_15_4-Rosyjski-3.pdf\">ZF_N1_15_4 Rosyjski 3<\/a><\/li>\n<li><a href=\"https:\/\/up.lublin.pl\/ogrodnictwo\/wp-content\/uploads\/sites\/6\/2023\/02\/ZF_N1_16-Substancje-bioaktywne-1.pdf\">ZF_N1_16 Substancje bioaktywne<\/a><\/li>\n<li><a href=\"https:\/\/up.lublin.pl\/ogrodnictwo\/wp-content\/uploads\/sites\/6\/2023\/02\/ZF_N1_17-Herbologia-zielarska.pdf\">ZF_N1_17 Herbologia zielarska<\/a><\/li>\n<li><a href=\"https:\/\/up.lublin.pl\/ogrodnictwo\/wp-content\/uploads\/sites\/6\/2023\/02\/ZF_N1_18-Zielarstwo-szczegolowe-1.pdf\">ZF_N1_18 Zielarstwo szczeg\u00f3\u0142owe 1<\/a><\/li>\n<li><a href=\"https:\/\/up.lublin.pl\/ogrodnictwo\/wp-content\/uploads\/sites\/6\/2023\/02\/ZF_N1_19-Anatomia-i-fizjologia-czlowieka.pdf\">ZF_N1_19 Anatomia i&nbsp;fizjologia cz\u0142owieka<\/a><\/li>\n<li><a href=\"https:\/\/up.lublin.pl\/ogrodnictwo\/wp-content\/uploads\/sites\/6\/2023\/02\/ZF_N1_20_1-Zywienie-roslin-zielarskich.pdf\">ZF_N1_20_1 \u017bywienie ro\u015blin zielarskich<\/a><\/li>\n<li><a href=\"https:\/\/up.lublin.pl\/ogrodnictwo\/wp-content\/uploads\/sites\/6\/2023\/02\/ZF_N1_20_2-Diagnostyka-potrzeb-nawozowych.pdf\">ZF_N1_20_2 Diagnostyka potrzeb nawozowych<\/a><\/li>\n<\/ul>\n                                                <\/div>\n                                            <\/li>\n                                        <\/ul>\n\t\t\t\t\t\t                                                        <ul class=\"mn-accordion\">\n                                            <li>\n                                                <h4 class=\"mn-accordion-title\">Semestr IV<\/h4>\n                                                <div>\n\t\t\t\t\t\t\t\t\t                <ul>\n<li><a href=\"https:\/\/up.lublin.pl\/ogrodnictwo\/wp-content\/uploads\/sites\/6\/2023\/02\/ZF_N1_21_1-Angielski-4.pdf\">ZF_N1_21_1 Angielski 4<\/a><\/li>\n<li><a href=\"https:\/\/up.lublin.pl\/ogrodnictwo\/wp-content\/uploads\/sites\/6\/2023\/02\/ZF_N1_21_2-Francuski-4.pdf\">ZF_N1_21_2 Francuski 4<\/a><\/li>\n<li><a href=\"https:\/\/up.lublin.pl\/ogrodnictwo\/wp-content\/uploads\/sites\/6\/2023\/02\/ZF_N1_21_3-Niemiecki-4.pdf\">ZF_N1_21_3 Niemiecki 4<\/a><\/li>\n<li><a href=\"https:\/\/up.lublin.pl\/ogrodnictwo\/wp-content\/uploads\/sites\/6\/2023\/02\/ZF_N1_21_4-Rosyjski-4.pdf\">ZF_N1_21_4 Rosyjski 4<\/a><\/li>\n<li><a href=\"https:\/\/up.lublin.pl\/ogrodnictwo\/wp-content\/uploads\/sites\/6\/2023\/02\/ZF_N1_22-Zielarstwo-szczegolowe-2.pdf\">ZF_N1_22 Zielarstwo szczeg\u00f3\u0142owe 2<\/a><\/li>\n<li><a href=\"https:\/\/up.lublin.pl\/ogrodnictwo\/wp-content\/uploads\/sites\/6\/2023\/02\/ZF_N1_23-Standaryzacja-surowcow-zielarskich.pdf\">ZF_N1_23 Standaryzacja surowc\u00f3w zielarskich<\/a><\/li>\n<li><a href=\"https:\/\/up.lublin.pl\/ogrodnictwo\/wp-content\/uploads\/sites\/6\/2023\/02\/ZF_N1_24-Produkcja-materialu-rozmn.pdf\">ZF_N1_24 Produkcja materia\u0142u rozmno\u017ceniowego<\/a><\/li>\n<li><a href=\"https:\/\/up.lublin.pl\/ogrodnictwo\/wp-content\/uploads\/sites\/6\/2023\/02\/ZF_N1_25-Ratownictwo-medyczne-1.pdf\">ZF_N1_25 Ratownictwo medyczne<\/a><\/li>\n<li><a href=\"https:\/\/up.lublin.pl\/ogrodnictwo\/wp-content\/uploads\/sites\/6\/2023\/02\/ZF_N1_26_1-Prozdrowotne-wlasciwosci-warzyw.pdf\">ZF_N1_26_1 Prozdrowotne w\u0142a\u015bciwo\u015bci warzyw<\/a><\/li>\n<li><a href=\"https:\/\/up.lublin.pl\/ogrodnictwo\/wp-content\/uploads\/sites\/6\/2023\/02\/ZF_N1_26_2-Uprawa-krzewow-jagodowych.pdf\">ZF_N1_26_2 Uprawa krzew\u00f3w jagodowych<\/a><\/li>\n<li><a href=\"https:\/\/up.lublin.pl\/ogrodnictwo\/wp-content\/uploads\/sites\/6\/2023\/02\/ZF_N1_27_1-Potencjal-fitoterapeutyczny-roslin-dziko-rosnacych.pdf\">ZF_N1_27_1 Potencja\u0142 fitoterapeutyczny ro\u015blin dziko rosn\u0105cych<\/a><\/li>\n<li><a href=\"https:\/\/up.lublin.pl\/ogrodnictwo\/wp-content\/uploads\/sites\/6\/2023\/02\/ZF_N1_27_2-Surowce-pochodzenia-naturalnego.pdf\">ZF_N1_27_2 Surowce pochodzenia naturalnego<\/a><\/li>\n<\/ul>\n                                                <\/div>\n                                            <\/li>\n                                        <\/ul>\n\t\t\t\t\t\t                                                        <ul class=\"mn-accordion\">\n                                            <li>\n                                                <h4 class=\"mn-accordion-title\">Semestr V<\/h4>\n                                                <div>\n\t\t\t\t\t\t\t\t\t                <ul>\n<li><a href=\"https:\/\/up.lublin.pl\/ogrodnictwo\/wp-content\/uploads\/sites\/6\/2023\/02\/ZF_N1_28-Farmakognozja.pdf\">ZF_N1_28 Farmakognozja<\/a><\/li>\n<li><a href=\"https:\/\/up.lublin.pl\/ogrodnictwo\/wp-content\/uploads\/sites\/6\/2023\/02\/ZF_N1_29-Fitopatologia-zielarska-1.pdf\">ZF_N1_29 Fitopatologia zielarska<\/a><\/li>\n<li><a href=\"https:\/\/up.lublin.pl\/ogrodnictwo\/wp-content\/uploads\/sites\/6\/2023\/02\/ZF_N1_30-Entomologia-zielarska.pdf\">ZF_N1_30 Entomologia zielarska<\/a><\/li>\n<li><a href=\"https:\/\/up.lublin.pl\/ogrodnictwo\/wp-content\/uploads\/sites\/6\/2023\/02\/ZF_N1_31-Ochrona-roslin-zielarskich.pdf\">ZF_N1_31 Ochrona ro\u015blin zielarskich<\/a><\/li>\n<li><a href=\"https:\/\/up.lublin.pl\/ogrodnictwo\/wp-content\/uploads\/sites\/6\/2023\/02\/ZF_N1_32_1-Utrwalanie-surowcow-zielarskich.pdf\">ZF_N1_32_1 Utrwalanie surowc\u00f3w zielarskich<\/a><\/li>\n<li><a href=\"https:\/\/up.lublin.pl\/ogrodnictwo\/wp-content\/uploads\/sites\/6\/2023\/02\/ZF_N1_32_2-Przechowalnictwo-zielarskie.pdf\">ZF_N1_32_2 Przechowalnictwo zielarskie<\/a><\/li>\n<li><a href=\"https:\/\/up.lublin.pl\/ogrodnictwo\/wp-content\/uploads\/sites\/6\/2023\/02\/ZF_N1_33_1-Bioetyka.pdf\">ZF_N1_33_1 Bioetyka<\/a><\/li>\n<li><a href=\"https:\/\/up.lublin.pl\/ogrodnictwo\/wp-content\/uploads\/sites\/6\/2023\/02\/ZF_N1_33_2-Ekonomia-1.pdf\">ZF_N1_33_2 Ekonomia<\/a><\/li>\n<\/ul>\n                                                <\/div>\n                                            <\/li>\n                                        <\/ul>\n\t\t\t\t\t\t                                                        <ul class=\"mn-accordion\">\n                                            <li>\n                                                <h4 class=\"mn-accordion-title\">Semestr VI<\/h4>\n                                                <div>\n\t\t\t\t\t\t\t\t\t                <ul>\n<li><a href=\"https:\/\/up.lublin.pl\/ogrodnictwo\/wp-content\/uploads\/sites\/6\/2023\/02\/ZF_N1_34-Receptury-zielarskie.pdf\">ZF_N1_34 Receptury zielarskie<\/a><\/li>\n<li><a href=\"https:\/\/up.lublin.pl\/ogrodnictwo\/wp-content\/uploads\/sites\/6\/2023\/02\/ZF_N1_35-Ekonomika-produkcji-zielarskiej-1.pdf\">ZF_N1_35 Ekonomika produkcji zielarskiej<\/a><\/li>\n<li><a href=\"https:\/\/up.lublin.pl\/ogrodnictwo\/wp-content\/uploads\/sites\/6\/2023\/02\/ZF_N1_36_1-Ekologiczne-uprawy-zielarskie.pdf\">ZF_N1_36_1 Ekologiczne uprawy zielarskie<\/a><\/li>\n<li><a href=\"https:\/\/up.lublin.pl\/ogrodnictwo\/wp-content\/uploads\/sites\/6\/2023\/02\/ZF_N1_36_2-Uprawy-integrowane.pdf\">ZF_N1_36_2 Uprawy integrowane<\/a><\/li>\n<li><a href=\"https:\/\/up.lublin.pl\/ogrodnictwo\/wp-content\/uploads\/sites\/6\/2023\/02\/ZF_N1_37_1-Grzyby-jadalne-i-lecznicze.pdf\">ZF_N1_37_1 Grzyby jadalne i&nbsp;lecznicze<\/a><\/li>\n<li><a href=\"https:\/\/up.lublin.pl\/ogrodnictwo\/wp-content\/uploads\/sites\/6\/2023\/02\/ZF_N1_37_2-Greenhouse-phytoproducts.pdf\">ZF_N1_37_2 Greenhouse phytoproducts<\/a><\/li>\n<li><a href=\"https:\/\/up.lublin.pl\/ogrodnictwo\/wp-content\/uploads\/sites\/6\/2023\/02\/ZF_N1_38_1-Analiza-chemiczna-surowcow-zielarskich.pdf\">ZF_N1_38_1 Analiza chemiczna surowc\u00f3w zielarskich<\/a><\/li>\n<li><a href=\"https:\/\/up.lublin.pl\/ogrodnictwo\/wp-content\/uploads\/sites\/6\/2023\/02\/ZF_N1_38_2-Diagnostyka-laboratoryjna-fitoproduktow-1.pdf\">ZF_N1_38_2 Diagnostyka laboratoryjna fitoprodukt\u00f3w<\/a><\/li>\n<li><a href=\"https:\/\/up.lublin.pl\/ogrodnictwo\/wp-content\/uploads\/sites\/6\/2023\/02\/ZF_N1_39_1-Ekologia-i-ochrona-srodowiska-1.pdf\">ZF_N1_39_1 Ekologia i&nbsp;ochrona \u015brodowiska<\/a><\/li>\n<li><a href=\"https:\/\/up.lublin.pl\/ogrodnictwo\/wp-content\/uploads\/sites\/6\/2023\/02\/ZF_N1_39_2-Siedliska-roslin-zielarskich.pdf\">ZF_N1_39_2 Siedliska ro\u015blin zielarskich<\/a><\/li>\n<li><a href=\"https:\/\/up.lublin.pl\/ogrodnictwo\/wp-content\/uploads\/sites\/6\/2023\/02\/ZF-N1_40-Praktyka-4-tyg..pdf\">ZF N1_40 Praktyka (4 tyg.)<\/a><\/li>\n<\/ul>\n                                                <\/div>\n                                            <\/li>\n                                        <\/ul>\n\t\t\t\t\t\t                                                        <ul class=\"mn-accordion\">\n                                            <li>\n                                                <h4 class=\"mn-accordion-title\">Semestr VII<\/h4>\n                                                <div>\n\t\t\t\t\t\t\t\t\t                <ul>\n<li><a href=\"https:\/\/up.lublin.pl\/ogrodnictwo\/wp-content\/uploads\/sites\/6\/2023\/02\/ZF_N1_41-Towaroznawstwo-zielarskie.pdf\">ZF_N1_41 Towaroznawstwo zielarskie<\/a><\/li>\n<li><a href=\"https:\/\/up.lublin.pl\/ogrodnictwo\/wp-content\/uploads\/sites\/6\/2023\/02\/ZF_N1_42-Farmakologia.pdf\">ZF_N1_42 Farmakologia<\/a><\/li>\n<li><a href=\"https:\/\/up.lublin.pl\/ogrodnictwo\/wp-content\/uploads\/sites\/6\/2023\/02\/ZF_N1_43-Grafika-inzynierska.pdf\">ZF_N1_43 Grafika in\u017cynierska<\/a><\/li>\n<li><a href=\"https:\/\/up.lublin.pl\/ogrodnictwo\/wp-content\/uploads\/sites\/6\/2023\/02\/ZF_N1_44_1-Projektowanie-plantacji-zielarskich-1.pdf\">ZF_N1_44_1 Projektowanie plantacji zielarskich<\/a><\/li>\n<li><a href=\"https:\/\/up.lublin.pl\/ogrodnictwo\/wp-content\/uploads\/sites\/6\/2023\/02\/ZF_N1_44_2-Inzynieria-w-produkcji-zielarskiej-1.pdf\">ZF_N1_44_2 In\u017cynieria w&nbsp;produkcji zielarskiej<\/a><\/li>\n<li><a href=\"https:\/\/up.lublin.pl\/ogrodnictwo\/wp-content\/uploads\/sites\/6\/2023\/02\/ZF_N1_45_1-Przyprawy-krajowe-i-egzotyczne-1.pdf\">ZF_N1_45_1 Przyprawy krajowe i&nbsp;egzotyczne<\/a><\/li>\n<li><a href=\"https:\/\/up.lublin.pl\/ogrodnictwo\/wp-content\/uploads\/sites\/6\/2023\/02\/ZF_N1_45_2-Nanotechnologie-w-zielarstwie-1.pdf\">ZF_N1_45_2 Nanotechnologie w&nbsp;zielarstwie<\/a><\/li>\n<li><a href=\"https:\/\/up.lublin.pl\/ogrodnictwo\/wp-content\/uploads\/sites\/6\/2023\/02\/ZF_N1_46_1-Komputerowa-analiza-informacji.pdf\">ZF_N1_46_1 Komputerowa analiza informacji<\/a><\/li>\n<li><a href=\"https:\/\/up.lublin.pl\/ogrodnictwo\/wp-content\/uploads\/sites\/6\/2023\/02\/ZF_N1_46_2-Przetwarzanie-baz-danych.pdf\">ZF_N1_46_2 Przetwarzanie baz danych<\/a><\/li>\n<li><a href=\"https:\/\/up.lublin.pl\/ogrodnictwo\/wp-content\/uploads\/sites\/6\/2023\/02\/ZF-N1_47-Seminarium-dyplomowe-1-w-tym-metodyka-wyszukiwania-informacji-naukowych-3.pdf\">ZF N1_47 Seminarium dyplomowe 1 (w tym metodyka wyszukiwania informacji naukowych)<\/a><\/li>\n<\/ul>\n                                                <\/div>\n                                            <\/li>\n                                        <\/ul>\n\t\t\t\t\t\t                                                        <ul class=\"mn-accordion\">\n                                            <li>\n                                                <h4 class=\"mn-accordion-title\">Semestr VIII<\/h4>\n                                                <div>\n\t\t\t\t\t\t\t\t\t                <ul>\n<li><a href=\"https:\/\/up.lublin.pl\/ogrodnictwo\/wp-content\/uploads\/sites\/6\/2023\/02\/ZF_N1_48_1-Fitoterapia-1.pdf\">ZF_N1_48_1 Fitoterapia<\/a><\/li>\n<li><a href=\"https:\/\/up.lublin.pl\/ogrodnictwo\/wp-content\/uploads\/sites\/6\/2023\/02\/ZF_N1_48_2-Leki-roslinne-1.pdf\">ZF_N1_48_2 Leki ro\u015blinne<\/a><\/li>\n<li><a href=\"https:\/\/up.lublin.pl\/ogrodnictwo\/wp-content\/uploads\/sites\/6\/2023\/02\/ZF_N1_49-Dietetyka-i-zywienie-czlowieka.pdf\">ZF_N1_49 Dietetyka i&nbsp;\u017cywienie czlowieka<\/a><\/li>\n<li><a href=\"https:\/\/up.lublin.pl\/ogrodnictwo\/wp-content\/uploads\/sites\/6\/2023\/02\/ZF_N1_50-Api-produkty.pdf\">ZF_N1_50 Api-produkty<\/a><\/li>\n<li><a href=\"https:\/\/up.lublin.pl\/ogrodnictwo\/wp-content\/uploads\/sites\/6\/2023\/02\/ZF_N1_51-Obrot-produktami-leczniczymi-1.pdf\">ZF_N1_51 Obr\u00f3t produktami leczniczymi<\/a><\/li>\n<li><a href=\"https:\/\/up.lublin.pl\/ogrodnictwo\/wp-content\/uploads\/sites\/6\/2023\/02\/ZF_N1_52_1-Rosliny-lecznicze-swiata.pdf\">ZF_N1_52_1 Ro\u015bliny lecznicze \u015bwiata<\/a><\/li>\n<li><a href=\"https:\/\/up.lublin.pl\/ogrodnictwo\/wp-content\/uploads\/sites\/6\/2023\/02\/ZF_N1_52_2-Podstawy-hortiterapii.pdf\">ZF_N1_52_2 Podstawy hortiterapii<\/a><\/li>\n<li><a href=\"https:\/\/up.lublin.pl\/ogrodnictwo\/wp-content\/uploads\/sites\/6\/2023\/02\/ZF_N1_53_1-Zarzadzanie-w-sektorze-zielarskim-1.pdf\">ZF_N1_53_1 Zarz\u0105dzanie w&nbsp;sektorze zielarskim<\/a><\/li>\n<li><a href=\"https:\/\/up.lublin.pl\/ogrodnictwo\/wp-content\/uploads\/sites\/6\/2023\/02\/ZF_N1_53_2-Finansowanie-projektow-z-funduszy-UE.pdf\">ZF_N1_53_2 Finansowanie projekt\u00f3w z&nbsp;funduszy UE<\/a><\/li>\n<li><a href=\"https:\/\/up.lublin.pl\/ogrodnictwo\/wp-content\/uploads\/sites\/6\/2023\/02\/ZF_N1_54-Seminarium-dyplomowe-2-1.pdf\">ZF_N1_54 Seminarium dyplomowe 2<\/a><\/li>\n<li><a href=\"https:\/\/up.lublin.pl\/ogrodnictwo\/wp-content\/uploads\/sites\/6\/2023\/02\/ZF_N1_55-Projekt-inzynierski-1.pdf\">ZF_N1_55 Projekt in\u017cynierski i&nbsp;egzamin dyplomowy<\/a><\/li>\n<\/ul>\n                                                <\/div>\n                                            <\/li>\n                                        <\/ul>\n\t\t\t\t\t\t                                <\/div>\n\t\t\t\t                <div class=\"mn-content-block\">\n\t                                <\/div>\n\t\t\t\t                <div class=\"mn-content-block\">\n\t                                <\/div>\n\t\t\t\t                <div class=\"mn-content-block\">\n\t                                <\/div>\n\t\t\t\t                <div class=\"mn-content-block\">\n\t                                <\/div>\n\t\t\t\t                <div class=\"mn-content-block\">\n\t                                <\/div>\n\t\t\t\t                <div class=\"mn-content-block\">\n\t                                <\/div>\n\t\t\t\t                <div class=\"mn-content-block\">\n\t                                <\/div>\n\t\t\t\t                <div class=\"mn-content-block\">\n\t                                <\/div>\n\t\t\t\t                <div class=\"mn-content-block\">\n\t                                <\/div>\n\t\t\t\t                <div class=\"mn-content-block\">\n\t                                <\/div>\n\t\t\t\t                <div class=\"mn-content-block\">\n\t                                <\/div>\n\t\t\t\t                <div class=\"mn-content-block\">\n\t                                <\/div>\n\t\t\t\t                <div class=\"mn-content-block\">\n\t                                <\/div>\n\t\t\t\t                <div class=\"mn-content-block\">\n\t                                <\/div>\n\t\t\t\t                <div class=\"mn-content-block\">\n\t                                <\/div>\n\t\t\t\t                <div class=\"mn-content-block\">\n\t                                <\/div>\n\t\t\t\t                <div class=\"mn-content-block\">\n\t                                <\/div>\n\t\t\t\t                <div class=\"mn-content-block\">\n\t                                <\/div>\n\t\t\t\t                <div class=\"mn-content-block\">\n\t                                <\/div>\n\t\t\t\t\t\t<\/div>\n\t<\/div>\n<\/section>\n\t\t<\/div>\n\t\t\t\t<\/div>\n\t\t\t\t\t\t<\/div>\n\t\t\t\t\t<\/div>\n\t\t<\/div>\n\t\t\t\t\t\t\t\t<\/div>\n\t\t\t\t\t<\/div>\n\t\t<\/section>\n\t\t\t\t\t\t<\/div>\n\t\t\t\t\t\t<\/div>\n\t\t\t\t\t<\/div>\n\t\t","protected":false},"excerpt":{"rendered":"<p>\u2190 powr\u00f3t \u00a0 Zielarstwo i&nbsp;fitoprodukty &#8211; Studia Niestacjonarne Ist. 2022-2023 Semestr I ZF_N1_1_1 Angielski 1 ZF_N1_1_2 Francuski 1 ZF_N1_1_3 Niemiecki 1 ZF_N1_1_4 Rosyjski 1 ZF_N1_2 Botanika ZF_N1_3 Chemia ZF_N1_4 Analityka laboratoryjna ZF_N1_5 Technologie informacyjne ZF_N1_6 BHP z&nbsp;ergonomi\u0105 ZF_N1_7_1 Historia zielarstwa ZF_N1_7_2 Filozofia ZF_N1_8 Ochrona w\u0142asno\u015bci intelektualnej Semestr II ZF_N1_9_1 Angielski 2 ZF_N1_9_2 Francuski 2 ZF_N1_9_3 [&hellip;]<\/p>\n","protected":false},"author":279,"featured_media":0,"parent":0,"menu_order":0,"comment_status":"closed","ping_status":"closed","template":"elementor_header_footer","meta":{"_monsterinsights_skip_tracking":false,"_monsterinsights_sitenote_active":false,"_monsterinsights_sitenote_note":"","_monsterinsights_sitenote_category":0},"_links":{"self":[{"href":"https:\/\/up.lublin.pl\/ogrodnictwo\/wp-json\/wp\/v2\/pages\/153894"}],"collection":[{"href":"https:\/\/up.lublin.pl\/ogrodnictwo\/wp-json\/wp\/v2\/pages"}],"about":[{"href":"https:\/\/up.lublin.pl\/ogrodnictwo\/wp-json\/wp\/v2\/types\/page"}],"author":[{"embeddable":true,"href":"https:\/\/up.lublin.pl\/ogrodnictwo\/wp-json\/wp\/v2\/users\/279"}],"replies":[{"embeddable":true,"href":"https:\/\/up.lublin.pl\/ogrodnictwo\/wp-json\/wp\/v2\/comments?post=153894"}],"version-history":[{"count":148,"href":"https:\/\/up.lublin.pl\/ogrodnictwo\/wp-json\/wp\/v2\/pages\/153894\/revisions"}],"predecessor-version":[{"id":163771,"href":"https:\/\/up.lublin.pl\/ogrodnictwo\/wp-json\/wp\/v2\/pages\/153894\/revisions\/163771"}],"wp:attachment":[{"href":"https:\/\/up.lublin.pl\/ogrodnictwo\/wp-json\/wp\/v2\/media?parent=153894"}],"curies":[{"name":"wp","href":"https:\/\/api.w.org\/{rel}","templated":true}]}}