{"id":1124,"date":"2021-02-05T13:44:35","date_gmt":"2021-02-05T12:44:35","guid":{"rendered":"http:\/\/nowastrona.up.lublin.pl\/ogrodnictwo\/?page_id=1124"},"modified":"2025-09-30T16:13:47","modified_gmt":"2025-09-30T14:13:47","slug":"skor","status":"publish","type":"page","link":"https:\/\/up.lublin.pl\/ogrodnictwo\/ksztalcenie-2\/skor\/","title":{"rendered":"Studenckie Ko\u0142o Naukowe Ochrony Ro\u015blin &#8220;SKOR&#8221;"},"content":{"rendered":"\t\t<div data-elementor-type=\"wp-page\" data-elementor-id=\"1124\" class=\"elementor elementor-1124\" data-elementor-settings=\"[]\">\n\t\t\t\t\t\t<div class=\"elementor-inner\">\n\t\t\t\t\t\t\t<div class=\"elementor-section-wrap\">\n\t\t\t\t\t\t\t<section class=\"elementor-section elementor-top-section elementor-element elementor-element-e1af5e4 elementor-section-boxed elementor-section-height-default elementor-section-height-default\" data-id=\"e1af5e4\" data-element_type=\"section\">\n\t\t\t\t\t\t<div class=\"elementor-container elementor-column-gap-default\">\n\t\t\t\t\t\t\t<div class=\"elementor-row\">\n\t\t\t\t\t<div class=\"elementor-column elementor-col-100 elementor-top-column elementor-element elementor-element-9ca7d33\" data-id=\"9ca7d33\" data-element_type=\"column\">\n\t\t\t<div class=\"elementor-column-wrap elementor-element-populated\">\n\t\t\t\t\t\t\t<div class=\"elementor-widget-wrap\">\n\t\t\t\t\t\t<div class=\"elementor-element elementor-element-d5ca9ec elementor-widget elementor-widget-m5c\" data-id=\"d5ca9ec\" data-element_type=\"widget\" data-widget_type=\"m5c.default\">\n\t\t\t\t<div class=\"elementor-widget-container\">\n\t\t\t<section class=\"mn-m5-c mn-bg-white\">\n\t<div class=\"mn-grid\">\n\t\t            <div class=\"mn-menu-container mn-grid-3\">\n                <ul class=\"mn-bg-yellow\">\n\t                                        <li>\n                            <a href=\"#\" class=\"active\" data-hash=\"#\">\n                                Informacje o&nbsp;kole                            <\/a>\n                        <\/li>\n                                                <li>\n                            <a href=\"#\" class=\"\" data-hash=\"#\">\n                                Dzia\u0142alno\u015b\u0107                            <\/a>\n                        <\/li>\n                                                <li>\n                            <a href=\"#\" class=\"\" data-hash=\"#\">\n                                Kontakt                            <\/a>\n                        <\/li>\n                                        <\/ul>\n            <\/div>\n\t        \t\t<div class=\"mn-content mn-grid-8\">\n\t\t\t                <div class=\"mn-content-block active\">\n\t                                                        <div class=\"block-text\">\n\t                                        <h2 style=\"text-align: center\"><span style=\"font-size: 28px\">Studenckie Ko\u0142o Naukowe Ochrony Ro\u015blin &#8220;SKOR&#8221;<\/span><\/h2>\n<p><img loading=\"lazy\" class=\"aligncenter wp-image-175527\" src=\"https:\/\/up.lublin.pl\/ogrodnictwo\/wp-content\/uploads\/sites\/6\/2024\/11\/Dni-Otwarte-UP-w-Lublinie-2018.png\" alt=\"\" width=\"250\" height=\"247\" \/><\/p>\n                                        <\/div>\n\t\t\t\t\t\t                                                        <div class=\"block-text\">\n\t                                        <p style=\"text-align: justify\">Studenckie Ko\u0142o Naukowe Ochrony Ro\u015blin \u201cSKOR\u201d funkcjonuje na Wydziale Ogrodnictwa i&nbsp;Architektury Krajobrazu Uniwersytetu Przyrodniczego w&nbsp;Lublinie od 2014 roku. Powsta\u0142o z&nbsp;inicjatywy student\u00f3w kierunku Ochrona Ro\u015blin i&nbsp;Kontrola Fitosanitarna. Podzielone jest na trzy sekcje: entomologiczn\u0105, fitopatologiczn\u0105 i&nbsp;ochrony ro\u015blin. Prac\u0105 i&nbsp;dzia\u0142alno\u015bci\u0105 SKOR kieruje zarz\u0105d ko\u0142a.<\/p>\n<p style=\"text-align: justify\">Celem dzia\u0142ania ko\u0142a jest:<\/p>\n<ol>\n<li>rozwijanie zainteresowa\u0144 student\u00f3w,<\/li>\n<li>poszerzanie wiedzy z\u00a0zakresu ochrony ro\u015blin<\/li>\n<li>promowanie aktywno\u015bci naukowej student\u00f3w<\/li>\n<li>zdobycie cennego do\u015bwiadczenia potrzebnego na rynku pracy<\/li>\n<li>praktyczne wykorzystanie posiadanej wiedzy.<\/li>\n<\/ol>\n                                        <\/div>\n\t\t\t\t\t\t                                <\/div>\n\t\t\t\t                <div class=\"mn-content-block\">\n\t                                                        <div class=\"block-text\">\n\t                                        <p style=\"text-align: justify\">W ramach dzia\u0142ania Studenckiego Ko\u0142a Ochrony Ro\u015blin studenci bior\u0105 czynny udzia\u0142 w&nbsp;\u017cyciu Uniwersytetu Przyrodniczego mi\u0119dzy innymi organizuj\u0105c Wernisa\u017ce Wydzia\u0142u Ogrodniczego oraz bior\u0105c udzia\u0142 w&nbsp;Dniach Otwartych UP w&nbsp;Lublinie. W&nbsp;2015 r. studenci zorganizowali Konkurs pt.\u201eOwad w&nbsp;obiektywie\u201d, a&nbsp;w 2018 r. wraz z&nbsp;pracownikami Katedry Ochrony Ro\u015blin przygotowali wystaw\u0119 fotograficzn\u0105\u00a0 nt. \u201eOwady i&nbsp;grzyby w&nbsp;obiektywie\u201d. W\u015br\u00f3d prezentowanych prac by\u0142y fotografie autorstwa Piotra Go\u0142\u0119biowskiego oraz student\u00f3w kierunku Ochrona Ro\u015blin i&nbsp;Kontrola Fitosanitarna nale\u017c\u0105cych do Studenckiego Ko\u0142a Naukowego Ochrony Ro\u015blin \u201eSKOR\u201d.<\/p>\n<p><img loading=\"lazy\" class=\"alignnone wp-image-175498\" src=\"https:\/\/up.lublin.pl\/ogrodnictwo\/wp-content\/uploads\/sites\/6\/2024\/11\/zdjecie_3.jpg\" alt=\"\" width=\"725\" height=\"483\" \/><\/p>\n<p><img loading=\"lazy\" class=\"alignnone wp-image-175502\" src=\"https:\/\/up.lublin.pl\/ogrodnictwo\/wp-content\/uploads\/sites\/6\/2024\/11\/zdjecie_4.jpg\" alt=\"\" width=\"725\" height=\"482\" \/><\/p>\n<p><img loading=\"lazy\" class=\"alignnone wp-image-175506\" src=\"https:\/\/up.lublin.pl\/ogrodnictwo\/wp-content\/uploads\/sites\/6\/2024\/11\/zdjecie_2.jpg\" alt=\"\" width=\"725\" height=\"492\" \/><\/p>\n<p><img loading=\"lazy\" class=\"alignnone wp-image-175516\" src=\"https:\/\/up.lublin.pl\/ogrodnictwo\/wp-content\/uploads\/sites\/6\/2024\/11\/Dni-Otwarte-UP-w-Lublinie-2018-r..jpg\" alt=\"\" width=\"725\" height=\"483\" \/> <img loading=\"lazy\" class=\"alignnone wp-image-175520\" src=\"https:\/\/up.lublin.pl\/ogrodnictwo\/wp-content\/uploads\/sites\/6\/2024\/11\/Kalendarz-na-rok-2018-z-udzialem-fotografii-studentow-z-kola-naukowego.jpg\" alt=\"\" width=\"725\" height=\"483\" \/><\/p>\n<p style=\"text-align: justify\">Od pocz\u0105tku istnienia ko\u0142a studenci maj\u0105 mo\u017cliwo\u015b\u0107 wyjazd\u00f3w na konferencje naukowe i\u00a0targi bran\u017cowe m.in.\u00a0Targi Sadownictwa i\u00a0Warzywnictwa w\u00a0Warszawie oraz Konferencj\u0119 Naukow\u0105 ,,Jagodowe Trendy\u201d w\u00a0Kra\u015bniku.<\/p>\n<p style=\"text-align: justify\">Cz\u0142onkowie SKOR brali udzia\u0142 w&nbsp;projekcie pt. \u201ePryska\u0107, nie pryska\u0107\u2026 oto jest pytanie\u2019,\u2019 prezentowanym podczas XII Festiwalu Nauki (kierownik projektu dr hab. in\u017c. Katarzyna Kmie\u0107), gdzie projekt zaj\u0105\u0142 II miejsce jako najlepszy projekt Uniwersytetu Przyrodniczego w&nbsp;Lublinie.<\/p>\n<p style=\"text-align: justify\">Dodatkowo studenci prowadz\u0105 badania\u00a0naukowe wsp\u00f3\u0142pracuj\u0105c z&nbsp;naukowcami w&nbsp;ramach Kliniki Ro\u015blin UP w&nbsp;Lublinie dzia\u0142aj\u0105cej na Wydziale Ogrodnictwa i&nbsp;Architektury Krajobrazu.<\/p>\n<p><span style=\"font-family: Arial\"><img loading=\"lazy\" class=\"\" src=\"\/files\/images\/ogrodnictwo\/ES\/skor.fot.1.jpg\" alt=\"\" width=\"590\" height=\"442\" \/><\/span><\/p>\n<p><span style=\"font-family: Arial\"><img loading=\"lazy\" class=\"\" src=\"\/files\/images\/ogrodnictwo\/2015\/SKOR\/skor.fot.2.jpg\" alt=\"\" width=\"584\" height=\"438\" \/><\/span><\/p>\n<p><span style=\"font-family: Arial\"><img loading=\"lazy\" class=\"\" src=\"\/files\/images\/ogrodnictwo\/2015\/SKOR\/skor.fot.3.jpg\" alt=\"\" width=\"579\" height=\"434\" \/><\/span><\/p>\n<p><img loading=\"lazy\" class=\"\" src=\"\/files\/images\/ogrodnictwo\/2015\/SKOR\/skor.fot.4.jpg\" alt=\"\" width=\"588\" height=\"441\" \/><\/p>\n<p><img loading=\"lazy\" class=\"alignnone\" src=\"\/files\/images\/ogrodnictwo\/2015\/SKOR\/skor.fot.5.jpg\" alt=\"\" width=\"593\" height=\"445\" \/><\/p>\n<p><img loading=\"lazy\" class=\"\" src=\"\/files\/images\/ogrodnictwo\/2015\/SKOR\/skor.fot.6.jpg\" alt=\"\" width=\"588\" height=\"389\" \/><\/p>\n<p><img loading=\"lazy\" class=\"\" src=\"\/files\/images\/ogrodnictwo\/2015\/SKOR\/skor.fot.7.jpg\" alt=\"\" width=\"582\" height=\"385\" \/><\/p>\n                                        <\/div>\n\t\t\t\t\t\t                                <\/div>\n\t\t\t\t                <div class=\"mn-content-block\">\n\t                                                        <div class=\"block-text\">\n\t                                        <p>Opiekunem ko\u0142a naukowego jest:<\/p>\n<p><strong>dr hab. in\u017c. Marek Kopacki<\/strong><br \/><a href=\"marek.kopacki@up.lublin.pl\">marek.kopacki@up.lublin.pl<\/a><\/p>\n<p>Katedra Ochrony Ro\u015blin<br \/>Wydzia\u0142 Ogrodnictwa i&nbsp;Architektury Krajobrazu<\/p>\n                                        <\/div>\n\t\t\t\t\t\t                                <\/div>\n\t\t\t\t\t\t<\/div>\n\t<\/div>\n<\/section>\n\t\t<\/div>\n\t\t\t\t<\/div>\n\t\t\t\t\t\t<\/div>\n\t\t\t\t\t<\/div>\n\t\t<\/div>\n\t\t\t\t\t\t\t\t<\/div>\n\t\t\t\t\t<\/div>\n\t\t<\/section>\n\t\t\t\t\t\t<\/div>\n\t\t\t\t\t\t<\/div>\n\t\t\t\t\t<\/div>\n\t\t","protected":false},"excerpt":{"rendered":"<p>Informacje o&nbsp;kole Dzia\u0142alno\u015b\u0107 Kontakt Studenckie Ko\u0142o Naukowe Ochrony Ro\u015blin &#8220;SKOR&#8221; Studenckie Ko\u0142o Naukowe Ochrony Ro\u015blin \u201cSKOR\u201d funkcjonuje na Wydziale Ogrodnictwa i&nbsp;Architektury Krajobrazu Uniwersytetu Przyrodniczego w&nbsp;Lublinie od 2014 roku. Powsta\u0142o z&nbsp;inicjatywy student\u00f3w kierunku Ochrona Ro\u015blin i&nbsp;Kontrola Fitosanitarna. Podzielone jest na trzy sekcje: entomologiczn\u0105, fitopatologiczn\u0105 i&nbsp;ochrony ro\u015blin. Prac\u0105 i&nbsp;dzia\u0142alno\u015bci\u0105 SKOR kieruje zarz\u0105d ko\u0142a. Celem dzia\u0142ania ko\u0142a jest: [&hellip;]<\/p>\n","protected":false},"author":2,"featured_media":0,"parent":178669,"menu_order":0,"comment_status":"closed","ping_status":"closed","template":"","meta":{"_monsterinsights_skip_tracking":false,"_monsterinsights_sitenote_active":false,"_monsterinsights_sitenote_note":"","_monsterinsights_sitenote_category":0},"_links":{"self":[{"href":"https:\/\/up.lublin.pl\/ogrodnictwo\/wp-json\/wp\/v2\/pages\/1124"}],"collection":[{"href":"https:\/\/up.lublin.pl\/ogrodnictwo\/wp-json\/wp\/v2\/pages"}],"about":[{"href":"https:\/\/up.lublin.pl\/ogrodnictwo\/wp-json\/wp\/v2\/types\/page"}],"author":[{"embeddable":true,"href":"https:\/\/up.lublin.pl\/ogrodnictwo\/wp-json\/wp\/v2\/users\/2"}],"replies":[{"embeddable":true,"href":"https:\/\/up.lublin.pl\/ogrodnictwo\/wp-json\/wp\/v2\/comments?post=1124"}],"version-history":[{"count":25,"href":"https:\/\/up.lublin.pl\/ogrodnictwo\/wp-json\/wp\/v2\/pages\/1124\/revisions"}],"predecessor-version":[{"id":175534,"href":"https:\/\/up.lublin.pl\/ogrodnictwo\/wp-json\/wp\/v2\/pages\/1124\/revisions\/175534"}],"up":[{"embeddable":true,"href":"https:\/\/up.lublin.pl\/ogrodnictwo\/wp-json\/wp\/v2\/pages\/178669"}],"wp:attachment":[{"href":"https:\/\/up.lublin.pl\/ogrodnictwo\/wp-json\/wp\/v2\/media?parent=1124"}],"curies":[{"name":"wp","href":"https:\/\/api.w.org\/{rel}","templated":true}]}}