{"id":214,"date":"2020-11-25T13:59:28","date_gmt":"2020-11-25T12:59:28","guid":{"rendered":"http:\/\/nowastrona.up.lublin.pl\/foodscience\/?page_id=214"},"modified":"2025-11-27T11:50:18","modified_gmt":"2025-11-27T10:50:18","slug":"galeria","status":"publish","type":"page","link":"https:\/\/up.lublin.pl\/foodscience\/wydzial\/galeria\/","title":{"rendered":"Galeria"},"content":{"rendered":"\t\t<div data-elementor-type=\"wp-page\" data-elementor-id=\"214\" class=\"elementor elementor-214\" data-elementor-settings=\"[]\">\n\t\t\t\t\t\t<div class=\"elementor-inner\">\n\t\t\t\t\t\t\t<div class=\"elementor-section-wrap\">\n\t\t\t\t\t\t\t<section class=\"elementor-section elementor-top-section elementor-element elementor-element-5787d9b elementor-section-boxed elementor-section-height-default elementor-section-height-default\" data-id=\"5787d9b\" data-element_type=\"section\">\n\t\t\t\t\t\t<div class=\"elementor-container elementor-column-gap-default\">\n\t\t\t\t\t\t\t<div class=\"elementor-row\">\n\t\t\t\t\t<div class=\"elementor-column elementor-col-100 elementor-top-column elementor-element elementor-element-b7d3525\" data-id=\"b7d3525\" data-element_type=\"column\">\n\t\t\t<div class=\"elementor-column-wrap elementor-element-populated\">\n\t\t\t\t\t\t\t<div class=\"elementor-widget-wrap\">\n\t\t\t\t\t\t<div class=\"elementor-element elementor-element-fdd6012 elementor-widget elementor-widget-m2e\" data-id=\"fdd6012\" data-element_type=\"widget\" data-widget_type=\"m2e.default\">\n\t\t\t\t<div class=\"elementor-widget-container\">\n\t\t\t<section class=\"mn-m2-e mn-bg-green\">\n\t<div class=\"mn-grid\">\n\t\t<div class=\"mn-grid-3 mn-introtext\">\n\t\t\t\t\t\t\t<p class=\"mn-header\">Wydzia\u0142 Nauk o&nbsp;\u017bywno\u015bci i&nbsp;Biotechnologi<\/p>\n\t\t\t\t\t\t\t\t\t\t\t<h3>\n\t\t\t\t\tGaleria\t\t\t\t<\/h3>\n\t\t\t\t\t\t\t\t\t\t\t\t<\/div>\n\t\t<div class=\"mn-grid-9 mn-image-container\">\n\t\t\t\t\t<\/div>\n\t<\/div>\n\t<\/section>\n\t\t<\/div>\n\t\t\t\t<\/div>\n\t\t\t\t\t\t<\/div>\n\t\t\t\t\t<\/div>\n\t\t<\/div>\n\t\t\t\t\t\t\t\t<\/div>\n\t\t\t\t\t<\/div>\n\t\t<\/section>\n\t\t\t\t<section class=\"elementor-section elementor-top-section elementor-element elementor-element-0518266 elementor-section-boxed elementor-section-height-default elementor-section-height-default\" data-id=\"0518266\" data-element_type=\"section\">\n\t\t\t\t\t\t<div class=\"elementor-container elementor-column-gap-default\">\n\t\t\t\t\t\t\t<div class=\"elementor-row\">\n\t\t\t\t\t<div class=\"elementor-column elementor-col-100 elementor-top-column elementor-element elementor-element-349d903\" data-id=\"349d903\" data-element_type=\"column\">\n\t\t\t<div class=\"elementor-column-wrap elementor-element-populated\">\n\t\t\t\t\t\t\t<div class=\"elementor-widget-wrap\">\n\t\t\t\t\t\t<div class=\"elementor-element elementor-element-d9d7754 elementor-widget elementor-widget-m5c\" data-id=\"d9d7754\" data-element_type=\"widget\" data-widget_type=\"m5c.default\">\n\t\t\t\t<div class=\"elementor-widget-container\">\n\t\t\t<section class=\"mn-m5-c mn-m5-d2 mn-bg-white\">\n\t<div class=\"mn-grid\">\n\t\t\t\t<div class=\"mn-content mn-grid-9\">\n\t\t\t                <div class=\"mn-content-block active\">\n\t                                                        <div class=\"block-text\">\n\t                                        <h2 style=\"text-align: center;\"><strong>2025<\/strong><\/h2>\n<p><strong>10.2025 &#8211; <\/strong><a href=\"https:\/\/up.lublin.pl\/blog\/galeria\/immatrykulacja-2025-2026-nozib\/\">Immatrykulacja 2025\/2026 Wydzia\u0142 Nauk o&nbsp;\u017bywno\u015bci i&nbsp;Biotechnologii<\/a><strong><br \/>09.2025<\/strong> <strong>&#8211;<\/strong> <a href=\"https:\/\/up.lublin.pl\/blog\/galeria\/jubileusz-20-lecia-wydzialu-nauk-o-zywnosci-i-biotechnologii\/\">Jubileusz 20-lecia Wydzia\u0142u Nauk o&nbsp;\u017bywno\u015bci i&nbsp;Biotechnologii<\/a><br \/><strong>04.2025 &#8211;<\/strong> <a href=\"https:\/\/up.lublin.pl\/blog\/galeria\/smaki-polski-kulinarna-integracja-studentow-zagranicznych\/\">Smaki Polski \u2013 kulinarna integracja student\u00f3w zagranicznych<\/a><br \/><strong>04.2025 &#8211;<\/strong> <a href=\"https:\/\/up.lublin.pl\/blog\/galeria\/nowoczesne-technologie-cyfrowe-w-sluzbie-jakosci-zywnosci-podsumowanie-projektu-food-quality-in-digital-age\/\">Nowoczesne technologie cyfrowe w&nbsp;s\u0142u\u017cbie jako\u015bci \u017cywno\u015bci \u2013 podsumowanie projektu \u201cFOOD Quality in Digital Age\u201d<\/a><\/p>\n<h2 style=\"text-align: center;\"><strong>2024<\/strong><\/h2>\n<p><strong>12.2024 &#8211; <\/strong><a href=\"https:\/\/up.lublin.pl\/blog\/galeria\/warsztaty-z-wyrobu-pizzy\/\">Warsztaty z&nbsp;wyrobu pizzy<\/a><strong><br \/>11.2024 &#8211;<\/strong> <a href=\"https:\/\/up.lublin.pl\/blog\/galeria\/konkurs-kulinarny-dla-studentow-wydzialu-nauk-o-zywnosci-i-biotechnologii\/\">Konkurs kulinarny dla student\u00f3w Wydzia\u0142u Nauk o&nbsp;\u017bywno\u015bci i&nbsp;Biotechnologii<\/a><strong><br \/>10.2024 &#8211;<\/strong> <a href=\"https:\/\/up.lublin.pl\/blog\/galeria\/immatrykulacje-wydzialowe-2024-2025\/\">Immatrykulacje wydzia\u0142owe 2024\/2025<\/a><\/p>\n<h2 style=\"text-align: center;\"><strong>2023<\/strong><\/h2>\n<p><strong>2023.06.15 &#8211; <\/strong><a href=\"https:\/\/up.lublin.pl\/blog\/galeria\/seminarium-naukowe-pt-procesy-fermentacyjne-w-technologii-zywnosci-i-jubileusz-30-lecia-oddzialu-lubelskiego-pttz\/\">Seminarium Naukowe pt.: \u201eProcesy fermentacyjne w&nbsp;technologii \u017cywno\u015bci\u201d i&nbsp;Jubileusz 30-lecia Oddzia\u0142u Lubelskiego PTT\u017b<\/a><br \/><strong>2023.05<\/strong> &#8211; <a href=\"https:\/\/up.lublin.pl\/foodscience\/galeria\/wydzialowe-targi-stazy-i-pracy-maj-2023\/\">Wydzia\u0142owe Targi Sta\u017cy i&nbsp;Pracy<\/a><strong><br \/>2023.04<\/strong> &#8211; <a href=\"https:\/\/up.lublin.pl\/blog\/galeria\/dzien-promocji-wiedzy-zywieniowej-w-up-w-lublinie-2023\/\">Dzie\u0144 Promocji Wiedzy \u017bywieniowej w&nbsp;UP w&nbsp;Lublinie 2023<\/a><br \/><strong>2023.03.27-04.02<\/strong> &#8211; <a href=\"https:\/\/up.lublin.pl\/blog\/galeria\/uczestnicy-projektu-food-quality-in-digital-age-na-uniwersytecie-mendla-w-brnie\/\">Uczestnicy projektu \u201cFOOD Quality in Digital Age\u201d na Uniwersytecie Mendla w\u00a0Brnie<\/a><\/p>\n<h2 style=\"text-align: center;\"><strong>2022<\/strong><\/h2>\n<p><strong>2022.10.25<\/strong> &#8211; <a href=\"https:\/\/up.lublin.pl\/blog\/galeria\/uroczystosci-profesor-honorowy-upwl-danuta-kolozyn-krajewska-30-lecie-pttz-oraz-wreczenie-dyplomow\/\">Uroczysto\u015b\u0107 Jubileuszu 30-lecia Oddzia\u0142u Lubelskiego Polskiego Towarzystwa Technolog\u00f3w \u017bywno\u015bci oraz nadania tytu\u0142u Honorowego Profesora Uniwersytetu Przyrodniczego w\u00a0Lublinie prof. dr hab. Danucie Ko\u0142o\u017cyn-Krajewskiej<\/a>\u00a0<br \/><strong>2022.05.25-26 <\/strong>&#8211; <a href=\"https:\/\/up.lublin.pl\/foodscience\/galeria\/warsztaty-technologiczno-gastronomiczne-pt-wykorzystanie-jagnieciny-i-kozleciny-do-przygotowania-potraw\/\">Warsztaty technologiczno-gastronomiczne pt. \u201eWykorzystanie jagni\u0119ciny i&nbsp;ko\u017al\u0119ciny do przygotowania potraw\u201d<\/a><\/p>\n<h2 style=\"text-align: center;\"><strong>2021<\/strong><\/h2>\n<p><strong>2021.05.13 <\/strong>&#8211; <a href=\"https:\/\/up.lublin.pl\/blog\/galeria\/powolanie-nowych-wladz-dziekanskich\/\">Powo\u0142anie nowych W\u0142adz Dzieka\u0144skich<\/a><\/p>\n<h2 style=\"text-align: center;\"><strong>2020<\/strong><\/h2>\n<p><strong>2020.10.10<\/strong> &#8211; <a href=\"https:\/\/up.lublin.pl\/blog\/galeria\/immatrykulacja-studentow-wydzialu-nauk-o-zywnosci-i-biotechnologii\/\">Immatrykulacja student\u00f3w Wydzia\u0142u Nauk o\u00a0\u017bywno\u015bci i\u00a0Biotechnologii<\/a><strong><br \/>2020.03.10 <\/strong>&#8211; <a href=\"https:\/\/up.lublin.pl\/blog\/galeria\/kobieta-na-medal\/\">Kobieta na medal &#8211; prof. dr hab. Urszula Gawlik-Dziki<\/a><strong><br \/>2020.03.05<\/strong>\u00a0&#8211; <a href=\"https:\/\/up.lublin.pl\/blog\/galeria\/galeria-6713\/\">Dzie\u0144 Otwarty UP w&nbsp;Lublinie na Wydziale Nauk o&nbsp;\u017bywno\u015bci i&nbsp;Biotechnologii<\/a><\/p>\n<h2 style=\"text-align: center;\"><strong>2019<\/strong><\/h2>\n<p><strong>2019.12.02<\/strong> &#8211; <a href=\"https:\/\/up.lublin.pl\/blog\/galeria\/galeria-6557\/\">Uroczysto\u015b\u0107 nadania godno\u015bci Honorowego Profesora UPwL prof. dr hab. Teresie Fortunie oraz dyplomy Wydza\u0142u Nauk o&nbsp;\u017bywno\u015bci i&nbsp;Biotechologii<\/a><br \/><strong>2019.09.18<\/strong> &#8211; <a href=\"https:\/\/up.lublin.pl\/blog\/galeria\/galeria-6481\/\">Nie taki makaron straszny jak go maluj\u0105 &#8211; warsztaty podczas Lubelskiego Festiwalu Nauki<\/a><br \/><strong>2019.09.16<\/strong> &#8211; <a href=\"https:\/\/up.lublin.pl\/blog\/galeria\/galeria-6480\/\">Warsztaty z\u00a0Carvingu podczas Lubelskiego Festiwalu Nauki<\/a><br \/><strong>2019.05.31<\/strong> &#8211; <a href=\"https:\/\/up.lublin.pl\/blog\/galeria\/galeria-6232\/\">Warsztaty kulinarne z\u00a0pani\u0105 Sylwi\u0105 Stachyr\u0105 TOP CHEF Polska<\/a><br \/><strong>2019.03.27<\/strong> &#8211; <a href=\"https:\/\/up.lublin.pl\/blog\/galeria\/galeria-6159\/\">Zaj\u0119cia praktyczne w&nbsp;pracowni gastronomicznej<\/a><\/p>\n<h2 style=\"text-align: center;\"><strong>2018<\/strong><\/h2>\n<p><strong>2018.11.15<\/strong> &#8211; <a href=\"https:\/\/up.lublin.pl\/blog\/16421\/\">Otwarcie pracowni gastronomicznej &#8211; relacja<\/a><br \/><strong>2018.03.08<\/strong> &#8211; <a href=\"https:\/\/up.lublin.pl\/blog\/galeria\/galeria-5645\/\">Dzie\u0144 Otwarty na Wydziale Nauk o&nbsp;\u017bywno\u015bci i&nbsp;Biotechnologii<\/a><\/p>\n<h2 style=\"text-align: center;\"><strong>2017<\/strong><\/h2>\n<p><strong>2017.10. 20<\/strong> &#8211; <a href=\"https:\/\/up.lublin.pl\/blog\/galeria\/galeria-5268\/\">Uroczysto\u015b\u0107 Rozdania Dyplom\u00f3w<\/a><br \/><strong>2017.10.03<\/strong> &#8211; <a href=\"https:\/\/up.lublin.pl\/blog\/galeria\/galeria-4984\/\">Uroczysta Immatrykulacja Wydzia\u0142owa Rok Akademicki 2017\/2018<\/a><br \/><strong>2017.09.30<\/strong> &#8211; <a href=\"https:\/\/up.lublin.pl\/blog\/galeria\/galeria-4983\/\">Nasz Wydzia\u0142 na Pikniku Lubelskiego Festiwalu Nauki 2017<\/a><\/p>\n<h2 style=\"text-align: center;\"><strong>2016<\/strong><\/h2>\n<p><strong>2016.04.26<\/strong> &#8211; <a href=\"https:\/\/up.lublin.pl\/blog\/galeria\/galeria-4586\/\">Seminarium naukowe &#8211; program Statistica<\/a><br \/><strong>2016.09.30<\/strong> &#8211; <a href=\"https:\/\/up.lublin.pl\/blog\/galeria\/galeria-4406\/\">Immatrykulacja wydzia\u0142owa<\/a><\/p>\n<h2 style=\"text-align: center;\"><strong>2015<\/strong><\/h2>\n<p><strong>2015.11.19<\/strong> &#8211; <a href=\"https:\/\/up.lublin.pl\/blog\/galeria\/galeria-4106\/\">Nadanie tytu\u0142u doktora honoris causa Profesorowi dr hab. Zdzis\u0142awowi Targo\u0144skiemu<\/a><br \/><strong>2015.06.25<\/strong> &#8211; <a href=\"https:\/\/up.lublin.pl\/blog\/galeria\/galeria-3981\/\">Jubileusz 10-lecia Wydzia\u0142u NO\u017biB<\/a><\/p>\n<h2 style=\"text-align: center;\"><strong>2014<\/strong><\/h2>\n<p><strong>2014.10.01<\/strong> &#8211; <a href=\"https:\/\/up.lublin.pl\/blog\/galeria\/galeria-3695\/\">Immatrykulacja wydzia\u0142owa student\u00f3w I&nbsp;roku<\/a><br \/><strong>2014.09.21<\/strong> &#8211; <a href=\"https:\/\/up.lublin.pl\/blog\/galeria\/galeria-3685\/\">XI Festiwal Nauki<\/a><br \/><strong>2014.09.21<\/strong> &#8211; <a href=\"https:\/\/up.lublin.pl\/blog\/galeria\/galeria-3696\/\">XI Festiwal Nauki &#8211; Warsztaty dla dzieci w&nbsp;wieku szkolnym<\/a><br \/><strong>2014.09.21<\/strong> &#8211; <a href=\"https:\/\/up.lublin.pl\/blog\/galeria\/galeria-3693\/\">XI Festiwal Nauki &#8211; Warsztaty dla dzieci przedszkolnych: Stoi na stacji lokomotywa&#8230;<\/a><br \/><strong>2014.05.30<\/strong> &#8211; <a href=\"https:\/\/up.lublin.pl\/blog\/galeria\/galeria-3720\/\">Noc Uniwersytet\u00f3w<\/a><\/p>\n<h2 style=\"text-align: center;\"><strong>2013<\/strong><\/h2>\n<p><strong>2013.05.20<\/strong> &#8211; <a href=\"https:\/\/up.lublin.pl\/blog\/galeria\/galeria-3273\/\">Diamentowy Grant dla studenta biotechnologii<\/a><br \/><strong>2013.05.07<\/strong> &#8211; <a href=\"https:\/\/up.lublin.pl\/blog\/galeria\/galeria-3259\/\">Dni Wydzia\u0142u<\/a><br \/><strong>2013.03.07<\/strong> &#8211; <a href=\"https:\/\/up.lublin.pl\/blog\/galeria\/galeria-3206\/\">Dzie\u0144 Otwartych Drzwi UP w&nbsp;Lublinie<\/a><\/p>\n<h2 style=\"text-align: center;\"><strong>2005<\/strong><\/h2>\n<p><strong>2005.09.25<\/strong> &#8211; <a href=\"https:\/\/up.lublin.pl\/blog\/galeria\/galeria-2187\/\">Otwarcie budynku WNo\u017biB, ul.Skromna 8<\/a><\/p>\n                                        <\/div>\n\t\t\t\t\t\t                                <\/div>\n\t\t\t\t                <div class=\"mn-content-block\">\n\t                                <\/div>\n\t\t\t\t                <div class=\"mn-content-block\">\n\t                                <\/div>\n\t\t\t\t                <div class=\"mn-content-block\">\n\t                                <\/div>\n\t\t\t\t                <div class=\"mn-content-block\">\n\t                                <\/div>\n\t\t\t\t                <div class=\"mn-content-block\">\n\t                                <\/div>\n\t\t\t\t                <div class=\"mn-content-block\">\n\t                                <\/div>\n\t\t\t\t                <div class=\"mn-content-block\">\n\t                                <\/div>\n\t\t\t\t                <div class=\"mn-content-block\">\n\t                                <\/div>\n\t\t\t\t                <div class=\"mn-content-block\">\n\t                                <\/div>\n\t\t\t\t                <div class=\"mn-content-block\">\n\t                                <\/div>\n\t\t\t\t                <div class=\"mn-content-block\">\n\t                                <\/div>\n\t\t\t\t                <div class=\"mn-content-block\">\n\t                                <\/div>\n\t\t\t\t                <div class=\"mn-content-block\">\n\t                                <\/div>\n\t\t\t\t                <div class=\"mn-content-block\">\n\t                                <\/div>\n\t\t\t\t                <div class=\"mn-content-block\">\n\t                                <\/div>\n\t\t\t\t                <div class=\"mn-content-block\">\n\t                                <\/div>\n\t\t\t\t                <div class=\"mn-content-block\">\n\t                                <\/div>\n\t\t\t\t                <div class=\"mn-content-block\">\n\t                                <\/div>\n\t\t\t\t                <div class=\"mn-content-block\">\n\t                                <\/div>\n\t\t\t\t\t\t<\/div>\n\t<\/div>\n<\/section>\n\t\t<\/div>\n\t\t\t\t<\/div>\n\t\t\t\t\t\t<\/div>\n\t\t\t\t\t<\/div>\n\t\t<\/div>\n\t\t\t\t\t\t\t\t<\/div>\n\t\t\t\t\t<\/div>\n\t\t<\/section>\n\t\t\t\t\t\t<\/div>\n\t\t\t\t\t\t<\/div>\n\t\t\t\t\t<\/div>\n\t\t","protected":false},"excerpt":{"rendered":"<p>Wydzia\u0142 Nauk o&nbsp;\u017bywno\u015bci i&nbsp;Biotechnologi Galeria UP Wydzia\u0142 Nauk o&nbsp;\u017bywno\u015bci i&nbsp;Biotechnologii 2025 10.2025 &#8211; Immatrykulacja 2025\/2026 Wydzia\u0142 Nauk o&nbsp;\u017bywno\u015bci i&nbsp;Biotechnologii09.2025 &#8211; Jubileusz 20-lecia Wydzia\u0142u Nauk o&nbsp;\u017bywno\u015bci i&nbsp;Biotechnologii04.2025 &#8211; Smaki Polski \u2013 kulinarna integracja student\u00f3w zagranicznych04.2025 &#8211; Nowoczesne technologie cyfrowe w&nbsp;s\u0142u\u017cbie jako\u015bci \u017cywno\u015bci \u2013 podsumowanie projektu \u201cFOOD Quality in Digital Age\u201d 2024 12.2024 &#8211; Warsztaty z&nbsp;wyrobu pizzy11.2024 [&hellip;]<\/p>\n","protected":false},"author":2,"featured_media":0,"parent":190,"menu_order":0,"comment_status":"closed","ping_status":"closed","template":"elementor_header_footer","meta":{"_monsterinsights_skip_tracking":false,"_monsterinsights_sitenote_active":false,"_monsterinsights_sitenote_note":"","_monsterinsights_sitenote_category":0},"_links":{"self":[{"href":"https:\/\/up.lublin.pl\/foodscience\/wp-json\/wp\/v2\/pages\/214"}],"collection":[{"href":"https:\/\/up.lublin.pl\/foodscience\/wp-json\/wp\/v2\/pages"}],"about":[{"href":"https:\/\/up.lublin.pl\/foodscience\/wp-json\/wp\/v2\/types\/page"}],"author":[{"embeddable":true,"href":"https:\/\/up.lublin.pl\/foodscience\/wp-json\/wp\/v2\/users\/2"}],"replies":[{"embeddable":true,"href":"https:\/\/up.lublin.pl\/foodscience\/wp-json\/wp\/v2\/comments?post=214"}],"version-history":[{"count":58,"href":"https:\/\/up.lublin.pl\/foodscience\/wp-json\/wp\/v2\/pages\/214\/revisions"}],"predecessor-version":[{"id":156074,"href":"https:\/\/up.lublin.pl\/foodscience\/wp-json\/wp\/v2\/pages\/214\/revisions\/156074"}],"up":[{"embeddable":true,"href":"https:\/\/up.lublin.pl\/foodscience\/wp-json\/wp\/v2\/pages\/190"}],"wp:attachment":[{"href":"https:\/\/up.lublin.pl\/foodscience\/wp-json\/wp\/v2\/media?parent=214"}],"curies":[{"name":"wp","href":"https:\/\/api.w.org\/{rel}","templated":true}]}}