{"id":389296,"date":"2024-01-25T11:45:06","date_gmt":"2024-01-25T10:45:06","guid":{"rendered":"https:\/\/up.lublin.pl\/?page_id=389296"},"modified":"2025-03-28T10:07:03","modified_gmt":"2025-03-28T09:07:03","slug":"mobility-academic-staff","status":"publish","type":"page","link":"https:\/\/up.lublin.pl\/en\/doctoral-school\/ster\/mobility-academic-staff\/","title":{"rendered":"Mobility of academic staff | NAWA STER"},"content":{"rendered":"\t\t<div data-elementor-type=\"wp-page\" data-elementor-id=\"389296\" class=\"elementor elementor-389296\" data-elementor-settings=\"[]\">\n\t\t\t\t\t\t<div class=\"elementor-inner\">\n\t\t\t\t\t\t\t<div class=\"elementor-section-wrap\">\n\t\t\t\t\t\t\t<section class=\"elementor-section elementor-top-section elementor-element elementor-element-bd927e3 elementor-section-boxed elementor-section-height-default elementor-section-height-default\" data-id=\"bd927e3\" data-element_type=\"section\">\n\t\t\t\t\t\t<div class=\"elementor-container elementor-column-gap-default\">\n\t\t\t\t\t\t\t<div class=\"elementor-row\">\n\t\t\t\t\t<div class=\"elementor-column elementor-col-100 elementor-top-column elementor-element elementor-element-100633e\" data-id=\"100633e\" data-element_type=\"column\">\n\t\t\t<div class=\"elementor-column-wrap elementor-element-populated\">\n\t\t\t\t\t\t\t<div class=\"elementor-widget-wrap\">\n\t\t\t\t\t\t<div class=\"elementor-element elementor-element-c5c955b elementor-widget elementor-widget-m2e\" data-id=\"c5c955b\" data-element_type=\"widget\" data-widget_type=\"m2e.default\">\n\t\t\t\t<div class=\"elementor-widget-container\">\n\t\t\t<section class=\"mn-m2-e mn-bg-grey\">\n\t<div class=\"mn-grid\">\n\t\t<div class=\"mn-grid-3 mn-introtext\">\n\t\t\t\t\t\t\t<p class=\"mn-header\">NAWA STER<\/p>\n\t\t\t\t\t\t\t\t\t\t\t<h3>\n\t\t\t\t\tMobility of academic staff\t\t\t\t<\/h3>\n\t\t\t\t\t\t\t\t\t\t\t\t<\/div>\n\t\t<div class=\"mn-grid-9 mn-image-container\">\n\t\t\t\t\t\t\t<img src=\"https:\/\/up.lublin.pl\/wp-content\/uploads\/2025\/03\/staff-mobility-nawa.jpg\" alt=\"\">\n\t\t\t\t\t\t<\/div>\n\t<\/div>\n\t<\/section>\n\t\t<\/div>\n\t\t\t\t<\/div>\n\t\t\t\t<div class=\"elementor-element elementor-element-7bc0196 elementor-widget elementor-widget-m5c\" data-id=\"7bc0196\" data-element_type=\"widget\" data-widget_type=\"m5c.default\">\n\t\t\t\t<div class=\"elementor-widget-container\">\n\t\t\t<section class=\"mn-m5-c mn-bg-white\">\n\t<div class=\"mn-grid\">\n\t\t            <div class=\"mn-menu-container mn-grid-3\">\n                <ul class=\"mn-bg-yellow\">\n\t                                        <li>\n                            <a href=\"#\" class=\"active\" data-hash=\"#info\">\n                                General information                            <\/a>\n                        <\/li>\n                                                <li>\n                            <a href=\"#\" class=\"\" data-hash=\"#regulations\">\n                                Rules\/ Zasady                            <\/a>\n                        <\/li>\n                                                <li>\n                            <a href=\"#\" class=\"\" data-hash=\"#schedule\">\n                                Schedule\/Harmonogram                            <\/a>\n                        <\/li>\n                                                <li>\n                            <a href=\"#\" class=\"\" data-hash=\"#documents\">\n                                Documents\/Dokumenty                            <\/a>\n                        <\/li>\n                                                <li>\n                            <a href=\"#\" class=\"\" data-hash=\"#reports\">\n                                Reports\/Sprawozdania                            <\/a>\n                        <\/li>\n                                                <li>\n                            <a href=\"#\" class=\"\" data-hash=\"#\">\n                                Committee\/Komisja                            <\/a>\n                        <\/li>\n                                        <\/ul>\n            <\/div>\n\t        \t\t<div class=\"mn-content mn-grid-8\">\n\t\t\t                <div class=\"mn-content-block active\">\n\t                                                        <div class=\"block-text\">\n\t                                        <h2>\u201eDzia\u0142anie finansowane przez Narodow\u0105 Agencj\u0119 Wymiany Akademickiej w\u00a0ramach Programu STER\u201d \/ \u201eAction has been funded by the Polish National Agency for Academic Exchange under the STER programme\u201d<\/h2>\n<p>The aim of activity is to organize trips of representatives of the academic staff of Doctoral School of\u00a0 ULS to foreign universities in order to conduct classes, exchange good practices in the field of modern teaching methods, as well as promote the offer of the Doctoral School of ULS. The mobility of six teachers to European and non-European centers is planned.<\/p>\n<p>Dzia\u0142anie ma na celu organizacj\u0119 wyjazd\u00f3w przedstawicieli kadry kszta\u0142c\u0105cej doktorant\u00f3w Szko\u0142y Doktorskiej UPL do zagranicznych uczelni w&nbsp;celu prowadzenia zaj\u0119\u0107 dydaktycznych, wymiany dobrych praktyk z&nbsp;zakresu nowoczesnych metod kszta\u0142cenia, a&nbsp;tak\u017ce promocji oferty Szko\u0142y Doktorskiej UPL. Planuje si\u0119 mobilno\u015b\u0107 sze\u015bciu dydaktyk\u00f3w do o\u015brodk\u00f3w europejskich, jak i&nbsp;pozaeuropejskich.<strong>\u00a0 <\/strong><\/p>\n                                        <\/div>\n\t\t\t\t\t\t                                <\/div>\n\t\t\t\t                <div class=\"mn-content-block\">\n\t                                                        <div class=\"mn-cards-list\">\n                                            <div class=\"mn-card-container\">\n                                                <div>\n                                                    <img src=\"https:\/\/up.lublin.pl\/wp-content\/themes\/up-lublin\/assets\/images\/doc-ico.svg\" alt=\"\" \/>\n                                                    <h5>Zasady Zasady realizacji wyjazdu w&nbsp;ramach zadania \u201cMobilno\u015b\u0107 kadry dydaktycznej\u201d<\/h5>\n                                                <\/div>\n                                                <a href=\"https:\/\/up.lublin.pl\/wp-content\/uploads\/2024\/11\/Zasady-realizacji-wyjazdu_PL.docx\" class=\"mn-more\" target=\"_blank\">Read more<\/a>\n                                            <\/div>\n                                        <\/div>\n\t\t\t\t\t\t                                <\/div>\n\t\t\t\t                <div class=\"mn-content-block\">\n\t                                                        <div class=\"block-text\">\n\t                                        <p>Recruitment under the &#8220;Mobility of teaching staff&#8221; task is carried out on a&nbsp;continuous basis until funds are exhausted.<\/p>\n<p>Rekrutacja w&nbsp;ramach zadania \u201eMobilno\u015b\u0107 kadry dydaktycznej\u201d prowadzona jest w&nbsp;trybie ci\u0105g\u0142ym do wyczerpania \u015brodk\u00f3w.<\/p>\n                                        <\/div>\n\t\t\t\t\t\t                                <\/div>\n\t\t\t\t                <div class=\"mn-content-block\">\n\t                                                        <div class=\"mn-cards-list\">\n                                            <div class=\"mn-card-container\">\n                                                <div>\n                                                    <img src=\"https:\/\/up.lublin.pl\/wp-content\/themes\/up-lublin\/assets\/images\/doc-ico.svg\" alt=\"\" \/>\n                                                    <h5>Za\u0142\u0105cznik nr 1. Wz\u00f3r wniosku <\/h5>\n                                                <\/div>\n                                                <a href=\"https:\/\/up.lublin.pl\/wp-content\/uploads\/2024\/11\/Zalacznik-1.-Wzor-wniosku-1.docx\" class=\"mn-more\" target=\"_blank\">Read more<\/a>\n                                            <\/div>\n                                        <\/div>\n\t\t\t\t\t\t                                                        <div class=\"mn-cards-list\">\n                                            <div class=\"mn-card-container\">\n                                                <div>\n                                                    <img src=\"https:\/\/up.lublin.pl\/wp-content\/themes\/up-lublin\/assets\/images\/doc-ico.svg\" alt=\"\" \/>\n                                                    <h5> Za\u0142\u0105cznik nr 2. O\u015bwiadczenie Uczestnika dot. danych osobowych RODO-NAWA<\/h5>\n                                                <\/div>\n                                                <a href=\"https:\/\/up.lublin.pl\/wp-content\/uploads\/2024\/11\/Zalacznik-nr-2-Oswiadczenie-Uczestnika-dot.-danych-osobowych-RODO-NAWA.docx\" class=\"mn-more\" target=\"_blank\">Read more<\/a>\n                                            <\/div>\n                                        <\/div>\n\t\t\t\t\t\t                                                        <div class=\"mn-cards-list\">\n                                            <div class=\"mn-card-container\">\n                                                <div>\n                                                    <img src=\"https:\/\/up.lublin.pl\/wp-content\/themes\/up-lublin\/assets\/images\/doc-ico.svg\" alt=\"\" \/>\n                                                    <h5>Za\u0142\u0105cznik nr 3. Certyfikat wed\u0142ug wzoru NAWA STER podpisany przez przedstawiciela instytucji goszcz\u0105cej <\/h5>\n                                                <\/div>\n                                                <a href=\"https:\/\/up.lublin.pl\/wp-content\/uploads\/2024\/11\/Zalacznik-nr-3.-Wzor-Certyfikatu.docx\" class=\"mn-more\" target=\"_blank\">Read more<\/a>\n                                            <\/div>\n                                        <\/div>\n\t\t\t\t\t\t                                <\/div>\n\t\t\t\t                <div class=\"mn-content-block\">\n\t                                                        <div class=\"block-text\">\n\t                                        <ol>\n<li><strong>Schedule visit of dr hab. Barbara Sowinska-\u015awierkosz, associate prof.at the University College Dublin, School of Architecture, Planning and Environmental Policy; 3-8 December 2024.<\/strong><\/li>\n<\/ol>\n                                        <\/div>\n\t\t\t\t\t\t                                                        <div class=\"mn-cards-list\">\n                                            <div class=\"mn-card-container\">\n                                                <div>\n                                                    <img src=\"https:\/\/up.lublin.pl\/wp-content\/themes\/up-lublin\/assets\/images\/doc-ico.svg\" alt=\"\" \/>\n                                                    <h5>Visit Program\/ Program wizyty<\/h5>\n                                                <\/div>\n                                                <a href=\"https:\/\/up.lublin.pl\/wp-content\/uploads\/2025\/03\/Schedule-of-visit-at-University-College-Dublin-1.pdf\" class=\"mn-more\" target=\"_blank\">Read more<\/a>\n                                            <\/div>\n                                        <\/div>\n\t\t\t\t\t\t                                                        <div class=\"mn-cards-list\">\n                                            <div class=\"mn-card-container\">\n                                                <div>\n                                                    <img src=\"https:\/\/up.lublin.pl\/wp-content\/themes\/up-lublin\/assets\/images\/doc-ico.svg\" alt=\"\" \/>\n                                                    <h5>Sprawozdanie (PL)<\/h5>\n                                                <\/div>\n                                                <a href=\"https:\/\/up.lublin.pl\/wp-content\/uploads\/2025\/03\/Sprawozdanie_Dublin_PL-new.pdf\" class=\"mn-more\" target=\"_blank\">Read more<\/a>\n                                            <\/div>\n                                        <\/div>\n\t\t\t\t\t\t                                                        <div class=\"mn-cards-list\">\n                                            <div class=\"mn-card-container\">\n                                                <div>\n                                                    <img src=\"https:\/\/up.lublin.pl\/wp-content\/themes\/up-lublin\/assets\/images\/doc-ico.svg\" alt=\"\" \/>\n                                                    <h5>Visit report (ENG)<\/h5>\n                                                <\/div>\n                                                <a href=\"https:\/\/up.lublin.pl\/wp-content\/uploads\/2025\/03\/Sprawozdanie_Dublin_ENG-new.pdf\" class=\"mn-more\" target=\"_blank\">Read more<\/a>\n                                            <\/div>\n                                        <\/div>\n\t\t\t\t\t\t                                                        <div class=\"mn-cards-list\">\n                                            <div class=\"mn-card-container\">\n                                                <div>\n                                                    <img src=\"https:\/\/up.lublin.pl\/wp-content\/themes\/up-lublin\/assets\/images\/doc-ico.svg\" alt=\"\" \/>\n                                                    <h5>Presentation (.pptx)<\/h5>\n                                                <\/div>\n                                                <a href=\"https:\/\/up.lublin.pl\/wp-content\/uploads\/2024\/12\/ULSL-Doctoral-School_films_BSS.pptx\" class=\"mn-more\" target=\"_blank\">Read more<\/a>\n                                            <\/div>\n                                        <\/div>\n\t\t\t\t\t\t                                <\/div>\n\t\t\t\t                <div class=\"mn-content-block\">\n\t                                                        <div class=\"block-text\">\n\t                                        <h2>Committee members in 2024<\/h2>\n<p>Prof. dr hab. Katarzyna Ognik &#8211; Head of the I-SDUPL Project<br \/>Prof. dr hab. Bartosz So\u0142owiej<br \/>Prof. dr hab. Magdalena Krauze<br \/>dr hab. S\u0142awomir Lig\u0119za, associate prof.<\/p>\n                                        <\/div>\n\t\t\t\t\t\t                                <\/div>\n\t\t\t\t\t\t<\/div>\n\t<\/div>\n<\/section>\n\t\t<\/div>\n\t\t\t\t<\/div>\n\t\t\t\t\t\t<\/div>\n\t\t\t\t\t<\/div>\n\t\t<\/div>\n\t\t\t\t\t\t\t\t<\/div>\n\t\t\t\t\t<\/div>\n\t\t<\/section>\n\t\t\t\t\t\t<\/div>\n\t\t\t\t\t\t<\/div>\n\t\t\t\t\t<\/div>\n\t\t","protected":false},"excerpt":{"rendered":"<p>NAWA STER Mobility of academic staff UP General information Rules\/ Zasady Schedule\/Harmonogram Documents\/Dokumenty Reports\/Sprawozdania Committee\/Komisja \u201eDzia\u0142anie finansowane przez Narodow\u0105 Agencj\u0119 Wymiany Akademickiej w\u00a0ramach Programu STER\u201d \/ \u201eAction has been funded by the Polish National Agency for Academic Exchange under the STER programme\u201d The aim of activity is to organize trips of representatives of the academic [&hellip;]<\/p>\n","protected":false},"author":2,"featured_media":0,"parent":385124,"menu_order":0,"comment_status":"closed","ping_status":"closed","template":"elementor_header_footer","meta":{"_monsterinsights_skip_tracking":false,"_monsterinsights_sitenote_active":false,"_monsterinsights_sitenote_note":"","_monsterinsights_sitenote_category":0},"_links":{"self":[{"href":"https:\/\/up.lublin.pl\/en\/wp-json\/wp\/v2\/pages\/389296"}],"collection":[{"href":"https:\/\/up.lublin.pl\/en\/wp-json\/wp\/v2\/pages"}],"about":[{"href":"https:\/\/up.lublin.pl\/en\/wp-json\/wp\/v2\/types\/page"}],"author":[{"embeddable":true,"href":"https:\/\/up.lublin.pl\/en\/wp-json\/wp\/v2\/users\/2"}],"replies":[{"embeddable":true,"href":"https:\/\/up.lublin.pl\/en\/wp-json\/wp\/v2\/comments?post=389296"}],"version-history":[{"count":124,"href":"https:\/\/up.lublin.pl\/en\/wp-json\/wp\/v2\/pages\/389296\/revisions"}],"predecessor-version":[{"id":467934,"href":"https:\/\/up.lublin.pl\/en\/wp-json\/wp\/v2\/pages\/389296\/revisions\/467934"}],"up":[{"embeddable":true,"href":"https:\/\/up.lublin.pl\/en\/wp-json\/wp\/v2\/pages\/385124"}],"wp:attachment":[{"href":"https:\/\/up.lublin.pl\/en\/wp-json\/wp\/v2\/media?parent=389296"}],"curies":[{"name":"wp","href":"https:\/\/api.w.org\/{rel}","templated":true}]}}

<div data-elementor-type="wp-page" data-elementor-id="389296" class="elementor elementor-389296" data-elementor-settings="[]">
						<div class="elementor-inner">
							<div class="elementor-section-wrap">
							<section class="elementor-section elementor-top-section elementor-element elementor-element-bd927e3 elementor-section-boxed elementor-section-height-default elementor-section-height-default" data-id="bd927e3" data-element_type="section">
						<div class="elementor-container elementor-column-gap-default">
							<div class="elementor-row">
					<div class="elementor-column elementor-col-100 elementor-top-column elementor-element elementor-element-100633e" data-id="100633e" data-element_type="column">
			<div class="elementor-column-wrap elementor-element-populated">
							<div class="elementor-widget-wrap">
						<div class="elementor-element elementor-element-c5c955b elementor-widget elementor-widget-m2e" data-id="c5c955b" data-element_type="widget" data-widget_type="m2e.default">
				<div class="elementor-widget-container">
			<section class="mn-m2-e mn-bg-grey">
	<div class="mn-grid">
		<div class="mn-grid-3 mn-introtext">
							<p class="mn-header">NAWA STER</p>
											<h3>
					Mobility of academic staff				</h3>
												</div>
		<div class="mn-grid-9 mn-image-container">
							<img src="https://up.lublin.pl/wp-content/uploads/2025/03/staff-mobility-nawa.jpg" alt="">
						</div>
	</div>
	</section>
		</div>
				</div>
				<div class="elementor-element elementor-element-7bc0196 elementor-widget elementor-widget-m5c" data-id="7bc0196" data-element_type="widget" data-widget_type="m5c.default">
				<div class="elementor-widget-container">
			<section class="mn-m5-c mn-bg-white">
	<div class="mn-grid">
		            <div class="mn-menu-container mn-grid-3">
                <ul class="mn-bg-yellow">
	                                        <li>
                            <a href="#" class="active" data-hash="#info">
                                General information                            </a>
                        </li>
                                                <li>
                            <a href="#" class="" data-hash="#regulations">
                                Rules/ Zasady                            </a>
                        </li>
                                                <li>
                            <a href="#" class="" data-hash="#schedule">
                                Schedule/Harmonogram                            </a>
                        </li>
                                                <li>
                            <a href="#" class="" data-hash="#documents">
                                Documents/Dokumenty                            </a>
                        </li>
                                                <li>
                            <a href="#" class="" data-hash="#reports">
                                Reports/Sprawozdania                            </a>
                        </li>
                                                <li>
                            <a href="#" class="" data-hash="#">
                                Committee/Komisja                            </a>
                        </li>
                                        </ul>
            </div>
	        		<div class="mn-content mn-grid-8">
			                <div class="mn-content-block active">
	                                                        <div class="block-text">
	                                        <h2>„Działanie finansowane przez Narodową Agencję Wymiany Akademickiej w ramach Programu STER” / „Action has been funded by the Polish National Agency for Academic Exchange under the STER programme”</h2>
<p>The aim of activity is to organize trips of representatives of the academic staff of Doctoral School of  ULS to foreign universities in order to conduct classes, exchange good practices in the field of modern teaching methods, as well as promote the offer of the Doctoral School of ULS. The mobility of six teachers to European and non-European centers is planned.</p>
<p>Działanie ma na celu organizację wyjazdów przedstawicieli kadry kształcącej doktorantów Szkoły Doktorskiej UPL do zagranicznych uczelni w&nbsp;celu prowadzenia zajęć dydaktycznych, wymiany dobrych praktyk z&nbsp;zakresu nowoczesnych metod kształcenia, a&nbsp;także promocji oferty Szkoły Doktorskiej UPL. Planuje się mobilność sześciu dydaktyków do ośrodków europejskich, jak i&nbsp;pozaeuropejskich.<strong>  </strong></p>
                                        </div>
						                                </div>
				                <div class="mn-content-block">
	                                                        <div class="mn-cards-list">
                                            <div class="mn-card-container">
                                                <div>
                                                    <img src="https://up.lublin.pl/wp-content/themes/up-lublin/assets/images/doc-ico.svg" alt="" />
                                                    <h5>Zasady Zasady realizacji wyjazdu w&nbsp;ramach zadania “Mobilność kadry dydaktycznej”</h5>
                                                </div>
                                                <a href="https://up.lublin.pl/wp-content/uploads/2024/11/Zasady-realizacji-wyjazdu_PL.docx" class="mn-more" target="_blank">Read more</a>
                                            </div>
                                        </div>
						                                </div>
				                <div class="mn-content-block">
	                                                        <div class="block-text">
	                                        <p>Recruitment under the &#8220;Mobility of teaching staff&#8221; task is carried out on a&nbsp;continuous basis until funds are exhausted.</p>
<p>Rekrutacja w&nbsp;ramach zadania „Mobilność kadry dydaktycznej” prowadzona jest w&nbsp;trybie ciągłym do wyczerpania środków.</p>
                                        </div>
						                                </div>
				                <div class="mn-content-block">
	                                                        <div class="mn-cards-list">
                                            <div class="mn-card-container">
                                                <div>
                                                    <img src="https://up.lublin.pl/wp-content/themes/up-lublin/assets/images/doc-ico.svg" alt="" />
                                                    <h5>Załącznik nr 1. Wzór wniosku </h5>
                                                </div>
                                                <a href="https://up.lublin.pl/wp-content/uploads/2024/11/Zalacznik-1.-Wzor-wniosku-1.docx" class="mn-more" target="_blank">Read more</a>
                                            </div>
                                        </div>
						                                                        <div class="mn-cards-list">
                                            <div class="mn-card-container">
                                                <div>
                                                    <img src="https://up.lublin.pl/wp-content/themes/up-lublin/assets/images/doc-ico.svg" alt="" />
                                                    <h5> Załącznik nr 2. Oświadczenie Uczestnika dot. danych osobowych RODO-NAWA</h5>
                                                </div>
                                                <a href="https://up.lublin.pl/wp-content/uploads/2024/11/Zalacznik-nr-2-Oswiadczenie-Uczestnika-dot.-danych-osobowych-RODO-NAWA.docx" class="mn-more" target="_blank">Read more</a>
                                            </div>
                                        </div>
						                                                        <div class="mn-cards-list">
                                            <div class="mn-card-container">
                                                <div>
                                                    <img src="https://up.lublin.pl/wp-content/themes/up-lublin/assets/images/doc-ico.svg" alt="" />
                                                    <h5>Załącznik nr 3. Certyfikat według wzoru NAWA STER podpisany przez przedstawiciela instytucji goszczącej </h5>
                                                </div>
                                                <a href="https://up.lublin.pl/wp-content/uploads/2024/11/Zalacznik-nr-3.-Wzor-Certyfikatu.docx" class="mn-more" target="_blank">Read more</a>
                                            </div>
                                        </div>
						                                </div>
				                <div class="mn-content-block">
	                                                        <div class="block-text">
	                                        <ol>
<li><strong>Schedule visit of dr hab. Barbara Sowinska-Świerkosz, associate prof.at the University College Dublin, School of Architecture, Planning and Environmental Policy; 3-8 December 2024.</strong></li>
</ol>
                                        </div>
						                                                        <div class="mn-cards-list">
                                            <div class="mn-card-container">
                                                <div>
                                                    <img src="https://up.lublin.pl/wp-content/themes/up-lublin/assets/images/doc-ico.svg" alt="" />
                                                    <h5>Visit Program/ Program wizyty</h5>
                                                </div>
                                                <a href="https://up.lublin.pl/wp-content/uploads/2025/03/Schedule-of-visit-at-University-College-Dublin-1.pdf" class="mn-more" target="_blank">Read more</a>
                                            </div>
                                        </div>
						                                                        <div class="mn-cards-list">
                                            <div class="mn-card-container">
                                                <div>
                                                    <img src="https://up.lublin.pl/wp-content/themes/up-lublin/assets/images/doc-ico.svg" alt="" />
                                                    <h5>Sprawozdanie (PL)</h5>
                                                </div>
                                                <a href="https://up.lublin.pl/wp-content/uploads/2025/03/Sprawozdanie_Dublin_PL-new.pdf" class="mn-more" target="_blank">Read more</a>
                                            </div>
                                        </div>
						                                                        <div class="mn-cards-list">
                                            <div class="mn-card-container">
                                                <div>
                                                    <img src="https://up.lublin.pl/wp-content/themes/up-lublin/assets/images/doc-ico.svg" alt="" />
                                                    <h5>Visit report (ENG)</h5>
                                                </div>
                                                <a href="https://up.lublin.pl/wp-content/uploads/2025/03/Sprawozdanie_Dublin_ENG-new.pdf" class="mn-more" target="_blank">Read more</a>
                                            </div>
                                        </div>
						                                                        <div class="mn-cards-list">
                                            <div class="mn-card-container">
                                                <div>
                                                    <img src="https://up.lublin.pl/wp-content/themes/up-lublin/assets/images/doc-ico.svg" alt="" />
                                                    <h5>Presentation (.pptx)</h5>
                                                </div>
                                                <a href="https://up.lublin.pl/wp-content/uploads/2024/12/ULSL-Doctoral-School_films_BSS.pptx" class="mn-more" target="_blank">Read more</a>
                                            </div>
                                        </div>
						                                </div>
				                <div class="mn-content-block">
	                                                        <div class="block-text">
	                                        <h2>Committee members in 2024</h2>
<p>Prof. dr hab. Katarzyna Ognik &#8211; Head of the I-SDUPL Project<br />Prof. dr hab. Bartosz Sołowiej<br />Prof. dr hab. Magdalena Krauze<br />dr hab. Sławomir Ligęza, associate prof.</p>
                                        </div>
						                                </div>
						</div>
	</div>
</section>
		</div>
				</div>
						</div>
					</div>
		</div>
								</div>
					</div>
		</section>
						</div>
						</div>
					</div>

<p>NAWA STER Mobility of academic staff UP General information Rules/ Zasady Schedule/Harmonogram Documents/Dokumenty Reports/Sprawozdania Committee/Komisja „Działanie finansowane przez Narodową Agencję Wymiany Akademickiej w ramach Programu STER” / „Action has been funded by the Polish National Agency for Academic Exchange under the STER programme” The aim of activity is to organize trips of representatives of the academic [&hellip;]</p>
