{"id":139916,"date":"2024-10-03T13:23:44","date_gmt":"2024-10-03T11:23:44","guid":{"rendered":"https:\/\/up.lublin.pl\/digital\/?page_id=139916"},"modified":"2024-10-08T13:03:39","modified_gmt":"2024-10-08T11:03:39","slug":"icsa-2024-pp-14","status":"publish","type":"page","link":"https:\/\/up.lublin.pl\/digital\/conferences\/icsa2024\/icsa-2024-pp-14\/","title":{"rendered":"ICSA 2024, PP.14"},"content":{"rendered":"\t\t<div data-elementor-type=\"wp-page\" data-elementor-id=\"139916\" class=\"elementor elementor-139916\" data-elementor-settings=\"[]\">\n\t\t\t\t\t\t\t<div class=\"elementor-section-wrap\">\n\t\t\t\t\t\t\t<section class=\"elementor-section elementor-top-section elementor-element elementor-element-5be0d0ce elementor-section-boxed elementor-section-height-default elementor-section-height-default\" data-id=\"5be0d0ce\" data-element_type=\"section\">\n\t\t\t\t\t\t<div class=\"elementor-container elementor-column-gap-default\">\n\t\t\t\t\t<div class=\"elementor-column elementor-col-100 elementor-top-column elementor-element elementor-element-2df50cc7\" data-id=\"2df50cc7\" data-element_type=\"column\">\n\t\t\t<div class=\"elementor-widget-wrap elementor-element-populated\">\n\t\t\t\t\t\t\t\t<div class=\"elementor-element elementor-element-68a24912 elementor-widget elementor-widget-m2j\" data-id=\"68a24912\" data-element_type=\"widget\" data-widget_type=\"m2j.default\">\n\t\t\t\t<div class=\"elementor-widget-container\">\n\t\t\t<section class=\"mn-m2-h\">\n    <div class=\"mn-image-container mn-container\">\n                    <img src=\"https:\/\/up.lublin.pl\/digital\/wp-content\/uploads\/sites\/10\/2024\/09\/icsa-banner_web.jpg\" alt=\"\">\n                        <\/div>\n    <div class=\"mn-grid mn-content\">\n            <\/div>\n<\/section>\n\t\t<\/div>\n\t\t\t\t<\/div>\n\t\t\t\t\t<\/div>\n\t\t<\/div>\n\t\t\t\t\t\t\t<\/div>\n\t\t<\/section>\n\t\t\t\t<section class=\"elementor-section elementor-top-section elementor-element elementor-element-56971766 elementor-section-boxed elementor-section-height-default elementor-section-height-default\" data-id=\"56971766\" data-element_type=\"section\">\n\t\t\t\t\t\t<div class=\"elementor-container elementor-column-gap-default\">\n\t\t\t\t\t<div class=\"elementor-column elementor-col-100 elementor-top-column elementor-element elementor-element-794cdb20\" data-id=\"794cdb20\" data-element_type=\"column\">\n\t\t\t<div class=\"elementor-widget-wrap elementor-element-populated\">\n\t\t\t\t\t\t\t\t<div class=\"elementor-element elementor-element-30ff839e elementor-widget elementor-widget-m5c\" data-id=\"30ff839e\" data-element_type=\"widget\" data-widget_type=\"m5c.default\">\n\t\t\t\t<div class=\"elementor-widget-container\">\n\t\t\t<section class=\"mn-m5-c mn-m5-d2 mn-bg-white\">\n\t<div class=\"mn-grid\">\n\t\t\t\t<div class=\"mn-content mn-grid-9\">\n\t\t\t                <div class=\"mn-content-block active\">\n\t                                                        <div class=\"block-text\">\n\t                                        <h2><span style=\"color: #333333\"><strong><span style=\"font-size: 14pt\">1st International Conference of Soil and Agriculture:<\/span><br \/><\/strong><span style=\"font-size: 18pt\">TOWARDS SOIL SUSTAINABILITY<\/span><strong><br \/><span style=\"color: #333333;font-size: 10pt\">11\u201313 June 2024 \u2022 Lublin\u2013Na\u0142\u0119cz\u00f3w, Poland<\/span><\/strong><\/span><\/h2>\n<hr \/>\n<p><a href=\"https:\/\/doi.org\/10.24326\/ICSA1.PP.14\"><span style=\"font-size: 10pt\">https:\/\/doi.org\/10.24326\/ICSA1.PP.14<\/span><\/a><br \/><span style=\"font-size: 10pt\">Published online: 4 October 2024<\/span><\/p>\n<h2><span style=\"color: #333333\"><span style=\"font-size: 12pt\"><strong><span style=\"font-size: 18pt\">The impact of tourism trampling on the vegetation <br \/>and soil properties of scenic spots in the Dyn\u00f3w <br \/>and Przemy\u015bl Foothills<\/span><br \/><\/strong><\/span><span style=\"color: #000000;font-size: 12pt\">Izabela Kaszycka, Iwona Makuch-Pietra\u015b*<\/span><\/span><\/h2>\n<p><span style=\"font-size: 10pt\">Institute of Agricultural Science, Land Management and Environmental Protection, University of Rzesz\u00f3w, Zelwerowicza 4, 35-601, Rzesz\u00f3w, Poland<br \/><\/span><span style=\"font-size: 8pt\">* Corresponding author: imakuch@ur.edu.pl<\/span><\/p>\n<p><strong>Abstract<br \/><\/strong>Excessive tourist traffic in natural areas contributes to changes on tourist trails and around infrastructure facilities intended for visitors. In such areas, the soil cover is intensively trampled and valuable plant species are destroyed (Tracz 2004, Sylwan 6, 38\u201343). The aim of the study was to determine the impact of trampling on changes in vegetation and the physical and physicochemical properties of soil at selected scenic spots in the Dyn\u00f3w and Przemy\u015bl Foothills. The research was carried out at six scenic spots in the foothills. The percentage of the area covered with vegetation was estimated based on 10 randomly selected squares with an area of 2\u00d72 m. Moreover, plant species were identified in the indicated areas. In each of the points in spring and autumn, soil compaction measurements were made using a&nbsp;pocket penetrometer at 5 positions in 5 repeating: at the arbor, at the place designated for the bonfire and at the control point. Then, soil samples were taken from the same places to a&nbsp;depth of up to 10 cm. The following were determined: granulometric composition using the Bouyoucos-Casagrande method, modified by Pr\u00f3szy\u0144ski according to the Soil Science Society of Poland standard (2008), soil pH in distilled water and in 1M KCl, and organic matter content using the Tyurin method. Normality of distribution was assessed using the Shapiro-Wilk test. One-way analysis of variance was used to determine statistically significant differences. The average vegetation cover at all scenic spots ranged from 70 to 83%. The examined scenic spots areas differed slightly in vegetation composition. The soils of the studied scenic spots were characterized mainly by the granulometric composition of silt loam and sandy loam. No statistically significant differences were found for soil compaction, pH determined in water and in 1 M&nbsp;KCl, and organic carbon content between the examined seasons, sites (at the arbor, bonfire and control point) and between scenic spots. It should be noted, however, that there was an assumed increase in soil compaction in autumn, and the control points had different values from the sites where anthropopressure occurred. This similarities can be found for the organic carbon content for the sites, but its decrease is visible in autumn. Despite the lack of significant differences, it should be stated that trampling contributes significantly to changes in the natural environment, including soil properties.<\/p>\n<p><strong>Keywords: <\/strong>trampling, tourism, soil, organic carbon, compaction<\/p>\n<p><span style=\"font-size: 10pt\"><strong>How to cite<br \/><\/strong>Kaszycka I., Makuch-Pietra\u015b I., 2024. The impact of tourism trampling on the vegetation and soil properties of scenic spots in the Dyn\u00f3w and Przemy\u015bl Foothills. 1st International Conference of Soil and Agriculture: Towards Soil Sustainability. https:\/\/doi.org\/10.24326\/ICSA1.PP.14<\/span><\/p>\n                                        <\/div>\n\t\t\t\t\t\t                                <\/div>\n\t\t\t\t                <div class=\"mn-content-block\">\n\t                                <\/div>\n\t\t\t\t                <div class=\"mn-content-block\">\n\t                                <\/div>\n\t\t\t\t                <div class=\"mn-content-block\">\n\t                                <\/div>\n\t\t\t\t                <div class=\"mn-content-block\">\n\t                                <\/div>\n\t\t\t\t                <div class=\"mn-content-block\">\n\t                                <\/div>\n\t\t\t\t                <div class=\"mn-content-block\">\n\t                                <\/div>\n\t\t\t\t                <div class=\"mn-content-block\">\n\t                                <\/div>\n\t\t\t\t                <div class=\"mn-content-block\">\n\t                                <\/div>\n\t\t\t\t                <div class=\"mn-content-block\">\n\t                                <\/div>\n\t\t\t\t                <div class=\"mn-content-block\">\n\t                                <\/div>\n\t\t\t\t                <div class=\"mn-content-block\">\n\t                                <\/div>\n\t\t\t\t                <div class=\"mn-content-block\">\n\t                                <\/div>\n\t\t\t\t                <div class=\"mn-content-block\">\n\t                                <\/div>\n\t\t\t\t                <div class=\"mn-content-block\">\n\t                                <\/div>\n\t\t\t\t                <div class=\"mn-content-block\">\n\t                                <\/div>\n\t\t\t\t                <div class=\"mn-content-block\">\n\t                                <\/div>\n\t\t\t\t                <div class=\"mn-content-block\">\n\t                                <\/div>\n\t\t\t\t                <div class=\"mn-content-block\">\n\t                                <\/div>\n\t\t\t\t                <div class=\"mn-content-block\">\n\t                                <\/div>\n\t\t\t\t\t\t<\/div>\n\t<\/div>\n<\/section>\n\t\t<\/div>\n\t\t\t\t<\/div>\n\t\t\t\t\t<\/div>\n\t\t<\/div>\n\t\t\t\t\t\t\t<\/div>\n\t\t<\/section>\n\t\t\t\t\t\t<\/div>\n\t\t\t\t\t<\/div>\n\t\t","protected":false},"excerpt":{"rendered":"<p>1st International Conference of Soil and Agriculture:TOWARDS SOIL SUSTAINABILITY11\u201313 June 2024 \u2022 Lublin\u2013Na\u0142\u0119cz\u00f3w, Poland https:\/\/doi.org\/10.24326\/ICSA1.PP.14Published online: 4 October 2024 The impact of tourism trampling on the vegetation and soil properties of scenic spots in the Dyn\u00f3w and Przemy\u015bl FoothillsIzabela Kaszycka, Iwona Makuch-Pietra\u015b* Institute of Agricultural Science, Land Management and Environmental Protection, University of Rzesz\u00f3w, Zelwerowicza [&hellip;]<\/p>\n","protected":false},"author":196,"featured_media":0,"parent":139572,"menu_order":0,"comment_status":"closed","ping_status":"closed","template":"elementor_header_footer","meta":{"_monsterinsights_skip_tracking":false,"_monsterinsights_sitenote_active":false,"_monsterinsights_sitenote_note":"","_monsterinsights_sitenote_category":0},"_links":{"self":[{"href":"https:\/\/up.lublin.pl\/digital\/wp-json\/wp\/v2\/pages\/139916"}],"collection":[{"href":"https:\/\/up.lublin.pl\/digital\/wp-json\/wp\/v2\/pages"}],"about":[{"href":"https:\/\/up.lublin.pl\/digital\/wp-json\/wp\/v2\/types\/page"}],"author":[{"embeddable":true,"href":"https:\/\/up.lublin.pl\/digital\/wp-json\/wp\/v2\/users\/196"}],"replies":[{"embeddable":true,"href":"https:\/\/up.lublin.pl\/digital\/wp-json\/wp\/v2\/comments?post=139916"}],"version-history":[{"count":10,"href":"https:\/\/up.lublin.pl\/digital\/wp-json\/wp\/v2\/pages\/139916\/revisions"}],"predecessor-version":[{"id":140647,"href":"https:\/\/up.lublin.pl\/digital\/wp-json\/wp\/v2\/pages\/139916\/revisions\/140647"}],"up":[{"embeddable":true,"href":"https:\/\/up.lublin.pl\/digital\/wp-json\/wp\/v2\/pages\/139572"}],"wp:attachment":[{"href":"https:\/\/up.lublin.pl\/digital\/wp-json\/wp\/v2\/media?parent=139916"}],"curies":[{"name":"wp","href":"https:\/\/api.w.org\/{rel}","templated":true}]}}