{"id":139791,"date":"2024-10-02T13:36:43","date_gmt":"2024-10-02T11:36:43","guid":{"rendered":"https:\/\/up.lublin.pl\/digital\/?page_id=139791"},"modified":"2024-10-08T13:50:35","modified_gmt":"2024-10-08T11:50:35","slug":"icsa-2024-3-03","status":"publish","type":"page","link":"https:\/\/up.lublin.pl\/digital\/conferences\/icsa2024\/icsa-2024-3-03\/","title":{"rendered":"ICSA 2024, 3.03"},"content":{"rendered":"\t\t<div data-elementor-type=\"wp-page\" data-elementor-id=\"139791\" class=\"elementor elementor-139791\" data-elementor-settings=\"[]\">\n\t\t\t\t\t\t\t<div class=\"elementor-section-wrap\">\n\t\t\t\t\t\t\t<section class=\"elementor-section elementor-top-section elementor-element elementor-element-94ac773 elementor-section-boxed elementor-section-height-default elementor-section-height-default\" data-id=\"94ac773\" data-element_type=\"section\">\n\t\t\t\t\t\t<div class=\"elementor-container elementor-column-gap-default\">\n\t\t\t\t\t<div class=\"elementor-column elementor-col-100 elementor-top-column elementor-element elementor-element-675484f2\" data-id=\"675484f2\" data-element_type=\"column\">\n\t\t\t<div class=\"elementor-widget-wrap elementor-element-populated\">\n\t\t\t\t\t\t\t\t<div class=\"elementor-element elementor-element-5448a057 elementor-widget elementor-widget-m2j\" data-id=\"5448a057\" data-element_type=\"widget\" data-widget_type=\"m2j.default\">\n\t\t\t\t<div class=\"elementor-widget-container\">\n\t\t\t<section class=\"mn-m2-h\">\n    <div class=\"mn-image-container mn-container\">\n                    <img src=\"https:\/\/up.lublin.pl\/digital\/wp-content\/uploads\/sites\/10\/2024\/09\/icsa-banner_web.jpg\" alt=\"\">\n                        <\/div>\n    <div class=\"mn-grid mn-content\">\n            <\/div>\n<\/section>\n\t\t<\/div>\n\t\t\t\t<\/div>\n\t\t\t\t\t<\/div>\n\t\t<\/div>\n\t\t\t\t\t\t\t<\/div>\n\t\t<\/section>\n\t\t\t\t<section class=\"elementor-section elementor-top-section elementor-element elementor-element-289b6da5 elementor-section-boxed elementor-section-height-default elementor-section-height-default\" data-id=\"289b6da5\" data-element_type=\"section\">\n\t\t\t\t\t\t<div class=\"elementor-container elementor-column-gap-default\">\n\t\t\t\t\t<div class=\"elementor-column elementor-col-100 elementor-top-column elementor-element elementor-element-5d76ec28\" data-id=\"5d76ec28\" data-element_type=\"column\">\n\t\t\t<div class=\"elementor-widget-wrap elementor-element-populated\">\n\t\t\t\t\t\t\t\t<div class=\"elementor-element elementor-element-14c5f59c elementor-widget elementor-widget-m5c\" data-id=\"14c5f59c\" data-element_type=\"widget\" data-widget_type=\"m5c.default\">\n\t\t\t\t<div class=\"elementor-widget-container\">\n\t\t\t<section class=\"mn-m5-c mn-m5-d2 mn-bg-white\">\n\t<div class=\"mn-grid\">\n\t\t\t\t<div class=\"mn-content mn-grid-9\">\n\t\t\t                <div class=\"mn-content-block active\">\n\t                                                        <div class=\"block-text\">\n\t                                        <h2><span style=\"color: #333333\"><strong><span style=\"font-size: 14pt\">1st International Conference of Soil and Agriculture:<\/span><br \/><\/strong><span style=\"font-size: 18pt\">TOWARDS SOIL SUSTAINABILITY<\/span><strong><br \/><span style=\"font-size: 10pt\">11\u201313 June 2024 \u2022 Lublin\u2013Na\u0142\u0119cz\u00f3w, Poland<\/span><\/strong><\/span><\/h2>\n<hr \/>\n<p><a href=\"https:\/\/doi.org\/10.24326\/ICSA1.3.03\"><span style=\"font-size: 10pt\">https:\/\/doi.org\/10.24326\/ICSA1.3.03<\/span><\/a><br \/><span style=\"font-size: 10pt\">Published online: 4 October 2024<\/span><\/p>\n<h2><strong><span style=\"font-size: 12pt\"><span style=\"color: #333333;font-size: 18pt\">Pedodiversity of moraine plateaus in Northern Poland: application of low-altitude photogrammetry in soil science<\/span><br \/><\/span><\/strong><span style=\"color: #000000;font-size: 12pt\">Kinga Milewska<sup>1<\/sup>*, Marcin \u015awitoniak<sup>2<\/sup>, Marcin Nowak<sup>3<\/sup><\/span><\/h2>\n<p><span style=\"font-size: 10pt\"><sup>1<\/sup> Doctoral School of Exact and Natural Sciences, University of Nicolaus Copernicus, Lwowska 1, 87-100 Toru\u0144, Poland<br \/><\/span><span style=\"font-size: 10pt\"><sup>2<\/sup> Department of Soil Science and Landscape Management, University of Nicolaus Copernicus, Lwowska 1, 87-100 Toru\u0144, Poland<br \/><\/span><span style=\"font-size: 10pt\"><sup>3<\/sup> Department of Hydrology and Water Management, University of Nicolaus Copernicus, Lwowska 1, 87-100 Toru\u0144, Poland<br \/><\/span><span style=\"font-size: 8pt\">* Corresponding author: kinmil@doktorant.umk.pl<\/span><\/p>\n<p><strong>Abstract<br \/><\/strong>One of the basic indicators of surface horizon properties is the colour. Anthropogenic denudation in moraine plateaus of Northern Poland leads to strong transformation of the soil cover of agricultural areas, which affects strong differences in the colour of ploughing horizons. This variability is likely visible in low-altitude photogrammetry data, allowing for detailed mapping and analysis of soil conditions. The development of remote sensing technologies started a&nbsp;new stage of research on the diversity of soil cover on a&nbsp;local scale. The continued evolution of precision agriculture, driven by innovations like drone technology, holds great promise for optimizing resource use, increasing crop yields, and promoting environmental sustainability in the agricultural sector. Low-altitude photogrammetry carried out with unmanned aerial vehicles (UAV) along with classic laboratory analyses allows to determine correlation between colour of ploughing horizons and properties of soils in hummocky and undulating moraine plateaus. The study aims to compare three research fields in the Polish Lowland cultivated under the classic ploughing method. All areas are located in the Kuyavian-Pomeranian Voivodeship, each covers approximately 30 hectares. The areas represent three different types of moraine plateaus with varying water regime: (i) hummocky plateau with good drainage within hills and poor drainage in depressions and with strongly transformed soil cover by erosion, (ii) undulating plateau with poor drainage (prevalence of semihydrogenic soils \u2013 black earths) and (iii) undulating plateau with good drainage (predominance of autogenic clay-illuvial soils). Photogrammetric surveys of three selected research areas were carried out, orthophotomosaics and digital elevation models (DEM) were prepared using Agisoft Photoscan software. In total, approximately 20 soil profiles and over 300 soil samples from the surface horizons were analysed, providing a&nbsp;substantial dataset for the study. Field research in three selected areas and the results of laboratory analyses indicate variability of the physico-chemical characteristics of soils in each area. High rate of anthropogenically denudated soils (truncated and accumulated by slope processes) results in a&nbsp;mosaic of soil types. Noticeable erosion caused by agrotechnical operations, even in the case of slightly inclined slopes, affects the variability of soils in potentially homogeneous terrain and highlights the sensitivity of soils to management practices.<\/p>\n<p><strong>Keywords:\u00a0<\/strong>precision agriculture, topsoil properties, photogrammetry, soil erosion, soil colour\u00a0<\/p>\n<p><span style=\"font-size: 10pt\"><strong>How to cite<br \/><\/strong>Milewska K., \u015awitoniak M., Nowak M., 2024. Pedodiversity of moraine plateaus in Northern Poland: application of low-altitude photogrammetry in soil science. 1st International Conference of Soil and Agriculture: Towards Soil Sustainability. https:\/\/doi.org\/10.24326\/ICSA1.3.03<\/span><\/p>\n                                        <\/div>\n\t\t\t\t\t\t                                <\/div>\n\t\t\t\t                <div class=\"mn-content-block\">\n\t                                <\/div>\n\t\t\t\t                <div class=\"mn-content-block\">\n\t                                <\/div>\n\t\t\t\t                <div class=\"mn-content-block\">\n\t                                <\/div>\n\t\t\t\t                <div class=\"mn-content-block\">\n\t                                <\/div>\n\t\t\t\t                <div class=\"mn-content-block\">\n\t                                <\/div>\n\t\t\t\t                <div class=\"mn-content-block\">\n\t                                <\/div>\n\t\t\t\t                <div class=\"mn-content-block\">\n\t                                <\/div>\n\t\t\t\t                <div class=\"mn-content-block\">\n\t                                <\/div>\n\t\t\t\t                <div class=\"mn-content-block\">\n\t                                <\/div>\n\t\t\t\t                <div class=\"mn-content-block\">\n\t                                <\/div>\n\t\t\t\t                <div class=\"mn-content-block\">\n\t                                <\/div>\n\t\t\t\t                <div class=\"mn-content-block\">\n\t                                <\/div>\n\t\t\t\t                <div class=\"mn-content-block\">\n\t                                <\/div>\n\t\t\t\t                <div class=\"mn-content-block\">\n\t                                <\/div>\n\t\t\t\t                <div class=\"mn-content-block\">\n\t                                <\/div>\n\t\t\t\t                <div class=\"mn-content-block\">\n\t                                <\/div>\n\t\t\t\t                <div class=\"mn-content-block\">\n\t                                <\/div>\n\t\t\t\t                <div class=\"mn-content-block\">\n\t                                <\/div>\n\t\t\t\t                <div class=\"mn-content-block\">\n\t                                <\/div>\n\t\t\t\t\t\t<\/div>\n\t<\/div>\n<\/section>\n\t\t<\/div>\n\t\t\t\t<\/div>\n\t\t\t\t\t<\/div>\n\t\t<\/div>\n\t\t\t\t\t\t\t<\/div>\n\t\t<\/section>\n\t\t\t\t\t\t<\/div>\n\t\t\t\t\t<\/div>\n\t\t","protected":false},"excerpt":{"rendered":"<p>1st International Conference of Soil and Agriculture:TOWARDS SOIL SUSTAINABILITY11\u201313 June 2024 \u2022 Lublin\u2013Na\u0142\u0119cz\u00f3w, Poland https:\/\/doi.org\/10.24326\/ICSA1.3.03Published online: 4 October 2024 Pedodiversity of moraine plateaus in Northern Poland: application of low-altitude photogrammetry in soil scienceKinga Milewska1*, Marcin \u015awitoniak2, Marcin Nowak3 1 Doctoral School of Exact and Natural Sciences, University of Nicolaus Copernicus, Lwowska 1, 87-100 Toru\u0144, Poland2 [&hellip;]<\/p>\n","protected":false},"author":196,"featured_media":0,"parent":139572,"menu_order":0,"comment_status":"closed","ping_status":"closed","template":"elementor_header_footer","meta":{"_monsterinsights_skip_tracking":false,"_monsterinsights_sitenote_active":false,"_monsterinsights_sitenote_note":"","_monsterinsights_sitenote_category":0},"_links":{"self":[{"href":"https:\/\/up.lublin.pl\/digital\/wp-json\/wp\/v2\/pages\/139791"}],"collection":[{"href":"https:\/\/up.lublin.pl\/digital\/wp-json\/wp\/v2\/pages"}],"about":[{"href":"https:\/\/up.lublin.pl\/digital\/wp-json\/wp\/v2\/types\/page"}],"author":[{"embeddable":true,"href":"https:\/\/up.lublin.pl\/digital\/wp-json\/wp\/v2\/users\/196"}],"replies":[{"embeddable":true,"href":"https:\/\/up.lublin.pl\/digital\/wp-json\/wp\/v2\/comments?post=139791"}],"version-history":[{"count":19,"href":"https:\/\/up.lublin.pl\/digital\/wp-json\/wp\/v2\/pages\/139791\/revisions"}],"predecessor-version":[{"id":140722,"href":"https:\/\/up.lublin.pl\/digital\/wp-json\/wp\/v2\/pages\/139791\/revisions\/140722"}],"up":[{"embeddable":true,"href":"https:\/\/up.lublin.pl\/digital\/wp-json\/wp\/v2\/pages\/139572"}],"wp:attachment":[{"href":"https:\/\/up.lublin.pl\/digital\/wp-json\/wp\/v2\/media?parent=139791"}],"curies":[{"name":"wp","href":"https:\/\/api.w.org\/{rel}","templated":true}]}}