{"id":139771,"date":"2024-10-02T12:59:24","date_gmt":"2024-10-02T10:59:24","guid":{"rendered":"https:\/\/up.lublin.pl\/digital\/?page_id=139771"},"modified":"2024-10-08T12:31:42","modified_gmt":"2024-10-08T10:31:42","slug":"icsa-2024-2-05","status":"publish","type":"page","link":"https:\/\/up.lublin.pl\/digital\/conferences\/icsa2024\/icsa-2024-2-05\/","title":{"rendered":"ICSA 2024, 2.05"},"content":{"rendered":"\t\t<div data-elementor-type=\"wp-page\" data-elementor-id=\"139771\" class=\"elementor elementor-139771\" data-elementor-settings=\"[]\">\n\t\t\t\t\t\t\t<div class=\"elementor-section-wrap\">\n\t\t\t\t\t\t\t<section class=\"elementor-section elementor-top-section elementor-element elementor-element-6efa11b8 elementor-section-boxed elementor-section-height-default elementor-section-height-default\" data-id=\"6efa11b8\" data-element_type=\"section\">\n\t\t\t\t\t\t<div class=\"elementor-container elementor-column-gap-default\">\n\t\t\t\t\t<div class=\"elementor-column elementor-col-100 elementor-top-column elementor-element elementor-element-49732bd4\" data-id=\"49732bd4\" data-element_type=\"column\">\n\t\t\t<div class=\"elementor-widget-wrap elementor-element-populated\">\n\t\t\t\t\t\t\t\t<div class=\"elementor-element elementor-element-59123e18 elementor-widget elementor-widget-m2j\" data-id=\"59123e18\" data-element_type=\"widget\" data-widget_type=\"m2j.default\">\n\t\t\t\t<div class=\"elementor-widget-container\">\n\t\t\t<section class=\"mn-m2-h\">\n    <div class=\"mn-image-container mn-container\">\n                    <img src=\"https:\/\/up.lublin.pl\/digital\/wp-content\/uploads\/sites\/10\/2024\/09\/icsa-banner_web.jpg\" alt=\"\">\n                        <\/div>\n    <div class=\"mn-grid mn-content\">\n            <\/div>\n<\/section>\n\t\t<\/div>\n\t\t\t\t<\/div>\n\t\t\t\t\t<\/div>\n\t\t<\/div>\n\t\t\t\t\t\t\t<\/div>\n\t\t<\/section>\n\t\t\t\t<section class=\"elementor-section elementor-top-section elementor-element elementor-element-309c07f0 elementor-section-boxed elementor-section-height-default elementor-section-height-default\" data-id=\"309c07f0\" data-element_type=\"section\">\n\t\t\t\t\t\t<div class=\"elementor-container elementor-column-gap-default\">\n\t\t\t\t\t<div class=\"elementor-column elementor-col-100 elementor-top-column elementor-element elementor-element-2e046d5f\" data-id=\"2e046d5f\" data-element_type=\"column\">\n\t\t\t<div class=\"elementor-widget-wrap elementor-element-populated\">\n\t\t\t\t\t\t\t\t<div class=\"elementor-element elementor-element-7060cfe7 elementor-widget elementor-widget-m5c\" data-id=\"7060cfe7\" data-element_type=\"widget\" data-widget_type=\"m5c.default\">\n\t\t\t\t<div class=\"elementor-widget-container\">\n\t\t\t<section class=\"mn-m5-c mn-m5-d2 mn-bg-white\">\n\t<div class=\"mn-grid\">\n\t\t\t\t<div class=\"mn-content mn-grid-9\">\n\t\t\t                <div class=\"mn-content-block active\">\n\t                                                        <div class=\"block-text\">\n\t                                        <h2><span style=\"color: #333333\"><strong><span style=\"font-size: 14pt\">1st International Conference of Soil and Agriculture:<\/span><br \/><\/strong><span style=\"font-size: 18pt\">TOWARDS SOIL SUSTAINABILITY<\/span><strong><br \/><span style=\"font-size: 10pt\">11\u201313 June 2024 \u2022 Lublin\u2013Na\u0142\u0119cz\u00f3w, Poland<\/span><\/strong><\/span><\/h2>\n<hr \/>\n<p><a href=\"https:\/\/doi.org\/10.24326\/ICSA1.2.05\"><span style=\"font-size: 10pt\">https:\/\/doi.org\/10.24326\/ICSA1.2.05<\/span><\/a><br \/><span style=\"font-size: 10pt\">Published online: 4 October 2024<\/span><\/p>\n<h2><span style=\"font-size: 12pt\"><strong><span style=\"font-size: 18pt;color: #333333\">Nature-based solutions (NBS) as a&nbsp;tool of sustainable development of cities<\/span><br \/><\/strong><span style=\"color: #000000\">Barbara Sowi\u0144ska-\u015awierkosz*<\/span><\/span><\/h2>\n<p><span style=\"font-size: 10pt\">Department of Hydrobiology and Ecosystems Protection, University of Life Sciences in Lublin, Dobrza\u0144skiego 37, 20-262 Lublin, Poland<br \/><span style=\"font-size: 8pt\">* Corresponding author: barbara.swierkosz@up.lublin.pl<\/span><\/span><\/p>\n<p><strong>Abstract<br \/><\/strong>Nature-based solutions (NBS) are generally proven to have positive impact on the realization of sustainable development goals (SDG). Their effectiveness, however, differs among solution types and across countries due to climate and socio-cultural context. Therefore, presented study aimed to analysed the scope of the Polish urban NBS response to the SDG. Three NBS types were taken into consideration: allotment gardens (AG), flower meadows (FM) and rain gardens (RG). The study was based on the literature review related to publications describing the benefits, problems, synergies and trades-offs of the analysed solution types in relation to Polish case studies. The result showed that all of the analysed solutions response to the need for green\/blue structures of a&nbsp;certain environmental quality and compensate for the need for green areas within the city structure both in terms of social and environmental needs. They have positive impact on the urban heat island effect, increase humidity, create local microclimate and improve air quality. As a&nbsp;result, all of them contribute to the following SDGs, 3: Good health and wellbeing, 11: Sustainable cities and communities, 13: Climate actions and 15: Life on the land. Besides, allotment gardens have food productive function that corresponds to the SDG 2: Zero hunger. The study also showed certain NBS limitation. Allotment gardens negatively contribute to the SDG 10: Reduce inequality as AGs are family spaces with restricted access, surrounded by fences or hedges. They provide direct and personal services only to a&nbsp;limited percentage of citizens and contribute to the feelings of exclusion. Flower meadows are reported to have one major limitation in terms of SDG3: the increase in pollen and, consequently, an intensification of allergy and asthma symptoms. As a&nbsp;result, they are not popular among a&nbsp;vast share of residents, as about 30% of Polish population has symptoms of allergic rhinitis or asthma. Rain gardens correspond to a&nbsp;limited extent to the SDG 13 and 15 as they are usually of small area (10\u201350 m<sup>2<\/sup>) and sparsely located within the Polish cities. As a&nbsp;result, their effectiveness is limited in a&nbsp;space context, as NBS must be of relevant size to ensure the stability of ecological processes and to have long-term effects. The result showed the need for context-specific assessment of NBS as to be effective a&nbsp;given solution should be planned and implemented taking into account a&nbsp;set of local factors.<\/p>\n<p><strong>Keywords: <\/strong>allotment gardens, effectiveness, flower meadows, rain gardens, synergies and trade-offs<\/p>\n<p><span style=\"font-size: 10pt\"><strong>How to cite<br \/><\/strong>Sowi\u0144ska-\u015awierkosz B., 2024. Nature-based solutions (NBS) as a&nbsp;tool of sustainable development of cities. 1st International Conference of Soil and Agriculture: Towards Soil Sustainability. https:\/\/doi.org\/10.24326\/ICSA1.2.05<\/span><\/p>\n                                        <\/div>\n\t\t\t\t\t\t                                <\/div>\n\t\t\t\t                <div class=\"mn-content-block\">\n\t                                <\/div>\n\t\t\t\t                <div class=\"mn-content-block\">\n\t                                <\/div>\n\t\t\t\t                <div class=\"mn-content-block\">\n\t                                <\/div>\n\t\t\t\t                <div class=\"mn-content-block\">\n\t                                <\/div>\n\t\t\t\t                <div class=\"mn-content-block\">\n\t                                <\/div>\n\t\t\t\t                <div class=\"mn-content-block\">\n\t                                <\/div>\n\t\t\t\t                <div class=\"mn-content-block\">\n\t                                <\/div>\n\t\t\t\t                <div class=\"mn-content-block\">\n\t                                <\/div>\n\t\t\t\t                <div class=\"mn-content-block\">\n\t                                <\/div>\n\t\t\t\t                <div class=\"mn-content-block\">\n\t                                <\/div>\n\t\t\t\t                <div class=\"mn-content-block\">\n\t                                <\/div>\n\t\t\t\t                <div class=\"mn-content-block\">\n\t                                <\/div>\n\t\t\t\t                <div class=\"mn-content-block\">\n\t                                <\/div>\n\t\t\t\t                <div class=\"mn-content-block\">\n\t                                <\/div>\n\t\t\t\t                <div class=\"mn-content-block\">\n\t                                <\/div>\n\t\t\t\t                <div class=\"mn-content-block\">\n\t                                <\/div>\n\t\t\t\t                <div class=\"mn-content-block\">\n\t                                <\/div>\n\t\t\t\t                <div class=\"mn-content-block\">\n\t                                <\/div>\n\t\t\t\t                <div class=\"mn-content-block\">\n\t                                <\/div>\n\t\t\t\t\t\t<\/div>\n\t<\/div>\n<\/section>\n\t\t<\/div>\n\t\t\t\t<\/div>\n\t\t\t\t\t<\/div>\n\t\t<\/div>\n\t\t\t\t\t\t\t<\/div>\n\t\t<\/section>\n\t\t\t\t\t\t<\/div>\n\t\t\t\t\t<\/div>\n\t\t","protected":false},"excerpt":{"rendered":"<p>1st International Conference of Soil and Agriculture:TOWARDS SOIL SUSTAINABILITY11\u201313 June 2024 \u2022 Lublin\u2013Na\u0142\u0119cz\u00f3w, Poland https:\/\/doi.org\/10.24326\/ICSA1.2.05Published online: 4 October 2024 Nature-based solutions (NBS) as a&nbsp;tool of sustainable development of citiesBarbara Sowi\u0144ska-\u015awierkosz* Department of Hydrobiology and Ecosystems Protection, University of Life Sciences in Lublin, Dobrza\u0144skiego 37, 20-262 Lublin, Poland* Corresponding author: barbara.swierkosz@up.lublin.pl AbstractNature-based solutions (NBS) are generally [&hellip;]<\/p>\n","protected":false},"author":196,"featured_media":0,"parent":139572,"menu_order":0,"comment_status":"closed","ping_status":"closed","template":"elementor_header_footer","meta":{"_monsterinsights_skip_tracking":false,"_monsterinsights_sitenote_active":false,"_monsterinsights_sitenote_note":"","_monsterinsights_sitenote_category":0},"_links":{"self":[{"href":"https:\/\/up.lublin.pl\/digital\/wp-json\/wp\/v2\/pages\/139771"}],"collection":[{"href":"https:\/\/up.lublin.pl\/digital\/wp-json\/wp\/v2\/pages"}],"about":[{"href":"https:\/\/up.lublin.pl\/digital\/wp-json\/wp\/v2\/types\/page"}],"author":[{"embeddable":true,"href":"https:\/\/up.lublin.pl\/digital\/wp-json\/wp\/v2\/users\/196"}],"replies":[{"embeddable":true,"href":"https:\/\/up.lublin.pl\/digital\/wp-json\/wp\/v2\/comments?post=139771"}],"version-history":[{"count":7,"href":"https:\/\/up.lublin.pl\/digital\/wp-json\/wp\/v2\/pages\/139771\/revisions"}],"predecessor-version":[{"id":140581,"href":"https:\/\/up.lublin.pl\/digital\/wp-json\/wp\/v2\/pages\/139771\/revisions\/140581"}],"up":[{"embeddable":true,"href":"https:\/\/up.lublin.pl\/digital\/wp-json\/wp\/v2\/pages\/139572"}],"wp:attachment":[{"href":"https:\/\/up.lublin.pl\/digital\/wp-json\/wp\/v2\/media?parent=139771"}],"curies":[{"name":"wp","href":"https:\/\/api.w.org\/{rel}","templated":true}]}}