{"id":139766,"date":"2024-10-02T12:55:04","date_gmt":"2024-10-02T10:55:04","guid":{"rendered":"https:\/\/up.lublin.pl\/digital\/?page_id=139766"},"modified":"2024-10-08T12:29:58","modified_gmt":"2024-10-08T10:29:58","slug":"icsa-2024-2-04","status":"publish","type":"page","link":"https:\/\/up.lublin.pl\/digital\/conferences\/icsa2024\/icsa-2024-2-04\/","title":{"rendered":"ICSA 2024, 2.04"},"content":{"rendered":"\t\t<div data-elementor-type=\"wp-page\" data-elementor-id=\"139766\" class=\"elementor elementor-139766\" data-elementor-settings=\"[]\">\n\t\t\t\t\t\t\t<div class=\"elementor-section-wrap\">\n\t\t\t\t\t\t\t<section class=\"elementor-section elementor-top-section elementor-element elementor-element-6fac0242 elementor-section-boxed elementor-section-height-default elementor-section-height-default\" data-id=\"6fac0242\" data-element_type=\"section\">\n\t\t\t\t\t\t<div class=\"elementor-container elementor-column-gap-default\">\n\t\t\t\t\t<div class=\"elementor-column elementor-col-100 elementor-top-column elementor-element elementor-element-3774ca37\" data-id=\"3774ca37\" data-element_type=\"column\">\n\t\t\t<div class=\"elementor-widget-wrap elementor-element-populated\">\n\t\t\t\t\t\t\t\t<div class=\"elementor-element elementor-element-42b44717 elementor-widget elementor-widget-m2j\" data-id=\"42b44717\" data-element_type=\"widget\" data-widget_type=\"m2j.default\">\n\t\t\t\t<div class=\"elementor-widget-container\">\n\t\t\t<section class=\"mn-m2-h\">\n    <div class=\"mn-image-container mn-container\">\n                    <img src=\"https:\/\/up.lublin.pl\/digital\/wp-content\/uploads\/sites\/10\/2024\/09\/icsa-banner_web.jpg\" alt=\"\">\n                        <\/div>\n    <div class=\"mn-grid mn-content\">\n            <\/div>\n<\/section>\n\t\t<\/div>\n\t\t\t\t<\/div>\n\t\t\t\t\t<\/div>\n\t\t<\/div>\n\t\t\t\t\t\t\t<\/div>\n\t\t<\/section>\n\t\t\t\t<section class=\"elementor-section elementor-top-section elementor-element elementor-element-5cf944ed elementor-section-boxed elementor-section-height-default elementor-section-height-default\" data-id=\"5cf944ed\" data-element_type=\"section\">\n\t\t\t\t\t\t<div class=\"elementor-container elementor-column-gap-default\">\n\t\t\t\t\t<div class=\"elementor-column elementor-col-100 elementor-top-column elementor-element elementor-element-3de189b8\" data-id=\"3de189b8\" data-element_type=\"column\">\n\t\t\t<div class=\"elementor-widget-wrap elementor-element-populated\">\n\t\t\t\t\t\t\t\t<div class=\"elementor-element elementor-element-48131fcd elementor-widget elementor-widget-m5c\" data-id=\"48131fcd\" data-element_type=\"widget\" data-widget_type=\"m5c.default\">\n\t\t\t\t<div class=\"elementor-widget-container\">\n\t\t\t<section class=\"mn-m5-c mn-m5-d2 mn-bg-white\">\n\t<div class=\"mn-grid\">\n\t\t\t\t<div class=\"mn-content mn-grid-9\">\n\t\t\t                <div class=\"mn-content-block active\">\n\t                                                        <div class=\"block-text\">\n\t                                        <h2><span style=\"color: #333333\"><strong><span style=\"font-size: 14pt\">1st International Conference of Soil and Agriculture:<\/span><br \/><\/strong><span style=\"font-size: 18pt\">TOWARDS SOIL SUSTAINABILITY<\/span><br \/><span style=\"font-size: 10pt\"><strong>11\u201313 June 2024 \u2022 Lublin\u2013Na\u0142\u0119cz\u00f3w, Poland<\/strong><\/span><\/span><\/h2>\n<hr \/>\n<p><a href=\"https:\/\/doi.org\/10.24326\/ICSA1.2.04\"><span style=\"font-size: 10pt\">https:\/\/doi.org\/10.24326\/ICSA1.2.04<\/span><\/a><br \/><span style=\"font-size: 10pt\">Published online: 4 October 2024<\/span><\/p>\n<h2><span style=\"font-size: 12pt\"><strong><span style=\"color: #333333;font-size: 18pt\">Assessment of SOC and WEOC stocks in the soil under different compositions of swards and fallow<\/span><br \/><\/strong><span style=\"color: #000000\">Aida Skersiene*, Alvyra Slepetiene<\/span><\/span><\/h2>\n<p><span style=\"font-size: 10pt\">Lithuanian Research Centre for Agriculture and Forestry (LAMMC), Instituto al. 1, Akademija, 58344 Kedainiai distr., Lithuania<br \/><\/span><span style=\"font-size: 8pt\">* Corresponding author: Aida.Skersiene@lammc.lt<\/span><\/p>\n<p><strong>Abstract<br \/><\/strong>The European Union has set a&nbsp;goal to transform into a&nbsp;climate-neutral economy with zero greenhouse gas emissions by 2050, both by reducing CO<sub>2<\/sub> emissions into the atmosphere and transferring its excess into long-lasting forms of carbon. To achieve this state, efforts are being made to justify measures for carbon accumulation in the soil scientifically. Some studies suggest that cultivating perennial grasses can increase soil organic carbon amount. Our study hypothesizes that organic matter from sward plant residues and root exudates increases agricultural soil\u2019s stocks of SOC and WEOC. We compared these rates under different swards with cultivated fallow plots in the same area at the LAMMC, Akademija, Kedainiai district, Lithuania, on a&nbsp;Cambisol. The following plants were grown: <em>Phleum pratense<\/em> L., <em>Trifolium<\/em> <em>pratense<\/em>\u202fL., <em>Arrhenatherum elatius<\/em> L., <em>Medicago sativa<\/em> L. and their mixtures. Soil samples were taken from three replicates at 0\u201310, 10\u201320 and 20\u201330 cm soil depths in the autumn of 2023, after 3 years from experiment installation. The content of SOC was defined according to the Nikitin modification of the Tyurin dichromate oxidation method. The WEOC measurement was performed using the IR detection method after UV-catalysed persulphate oxidation. Soil bulk density was determined using a&nbsp;5 cm diameter cylinder to calculate stocks of SOC and WEOC. Statistically significant differences were found in all studied soil layers, where SOC stock amounts ranged from 21.4 to 29.1 t\/ha. The highest SOC stocks were found in the grass mixture plots. WEOC stocks, which are significant for soil organic matter turnover, differed less. According to our findings, incorporating perennial grasses into crop rotation is more effective than leaving the land fallow. This approach can increase carbon stocks in the soil. However, it is important to consider the characteristics of the chosen plants and opt for mixtures instead of relying on mono-crops.<\/p>\n<p><strong>Keywords:\u00a0<\/strong>SOC, WEOC, carbon stocks, swards, fallow\u00a0<\/p>\n<p><span style=\"font-size: 10pt\"><strong>How to cite<br \/><\/strong>Skersiene A., Slepetiene A., 2024. Assessment of SOC and WEOC stocks in the soil under different compositions of swards and fallow. 1st International Conference of Soil and Agriculture: Towards Soil Sustainability. https:\/\/doi.org\/10.24326\/ICSA1.2.04<\/span><\/p>\n                                        <\/div>\n\t\t\t\t\t\t                                <\/div>\n\t\t\t\t                <div class=\"mn-content-block\">\n\t                                <\/div>\n\t\t\t\t                <div class=\"mn-content-block\">\n\t                                <\/div>\n\t\t\t\t                <div class=\"mn-content-block\">\n\t                                <\/div>\n\t\t\t\t                <div class=\"mn-content-block\">\n\t                                <\/div>\n\t\t\t\t                <div class=\"mn-content-block\">\n\t                                <\/div>\n\t\t\t\t                <div class=\"mn-content-block\">\n\t                                <\/div>\n\t\t\t\t                <div class=\"mn-content-block\">\n\t                                <\/div>\n\t\t\t\t                <div class=\"mn-content-block\">\n\t                                <\/div>\n\t\t\t\t                <div class=\"mn-content-block\">\n\t                                <\/div>\n\t\t\t\t                <div class=\"mn-content-block\">\n\t                                <\/div>\n\t\t\t\t                <div class=\"mn-content-block\">\n\t                                <\/div>\n\t\t\t\t                <div class=\"mn-content-block\">\n\t                                <\/div>\n\t\t\t\t                <div class=\"mn-content-block\">\n\t                                <\/div>\n\t\t\t\t                <div class=\"mn-content-block\">\n\t                                <\/div>\n\t\t\t\t                <div class=\"mn-content-block\">\n\t                                <\/div>\n\t\t\t\t                <div class=\"mn-content-block\">\n\t                                <\/div>\n\t\t\t\t                <div class=\"mn-content-block\">\n\t                                <\/div>\n\t\t\t\t                <div class=\"mn-content-block\">\n\t                                <\/div>\n\t\t\t\t                <div class=\"mn-content-block\">\n\t                                <\/div>\n\t\t\t\t\t\t<\/div>\n\t<\/div>\n<\/section>\n\t\t<\/div>\n\t\t\t\t<\/div>\n\t\t\t\t\t<\/div>\n\t\t<\/div>\n\t\t\t\t\t\t\t<\/div>\n\t\t<\/section>\n\t\t\t\t\t\t<\/div>\n\t\t\t\t\t<\/div>\n\t\t","protected":false},"excerpt":{"rendered":"<p>1st International Conference of Soil and Agriculture:TOWARDS SOIL SUSTAINABILITY11\u201313 June 2024 \u2022 Lublin\u2013Na\u0142\u0119cz\u00f3w, Poland https:\/\/doi.org\/10.24326\/ICSA1.2.04Published online: 4 October 2024 Assessment of SOC and WEOC stocks in the soil under different compositions of swards and fallowAida Skersiene*, Alvyra Slepetiene Lithuanian Research Centre for Agriculture and Forestry (LAMMC), Instituto al. 1, Akademija, 58344 Kedainiai distr., Lithuania* Corresponding [&hellip;]<\/p>\n","protected":false},"author":196,"featured_media":0,"parent":139572,"menu_order":0,"comment_status":"closed","ping_status":"closed","template":"elementor_header_footer","meta":{"_monsterinsights_skip_tracking":false,"_monsterinsights_sitenote_active":false,"_monsterinsights_sitenote_note":"","_monsterinsights_sitenote_category":0},"_links":{"self":[{"href":"https:\/\/up.lublin.pl\/digital\/wp-json\/wp\/v2\/pages\/139766"}],"collection":[{"href":"https:\/\/up.lublin.pl\/digital\/wp-json\/wp\/v2\/pages"}],"about":[{"href":"https:\/\/up.lublin.pl\/digital\/wp-json\/wp\/v2\/types\/page"}],"author":[{"embeddable":true,"href":"https:\/\/up.lublin.pl\/digital\/wp-json\/wp\/v2\/users\/196"}],"replies":[{"embeddable":true,"href":"https:\/\/up.lublin.pl\/digital\/wp-json\/wp\/v2\/comments?post=139766"}],"version-history":[{"count":7,"href":"https:\/\/up.lublin.pl\/digital\/wp-json\/wp\/v2\/pages\/139766\/revisions"}],"predecessor-version":[{"id":140578,"href":"https:\/\/up.lublin.pl\/digital\/wp-json\/wp\/v2\/pages\/139766\/revisions\/140578"}],"up":[{"embeddable":true,"href":"https:\/\/up.lublin.pl\/digital\/wp-json\/wp\/v2\/pages\/139572"}],"wp:attachment":[{"href":"https:\/\/up.lublin.pl\/digital\/wp-json\/wp\/v2\/media?parent=139766"}],"curies":[{"name":"wp","href":"https:\/\/api.w.org\/{rel}","templated":true}]}}