{"id":1863,"date":"2021-04-13T13:38:07","date_gmt":"2021-04-13T11:38:07","guid":{"rendered":"http:\/\/nowastrona.up.lublin.pl\/biologia\/?page_id=1863"},"modified":"2025-09-22T11:22:14","modified_gmt":"2025-09-22T09:22:14","slug":"skn-biologii-hodowli-i-uzytkowania-drobiu","status":"publish","type":"page","link":"https:\/\/up.lublin.pl\/biologia\/ksztalcenie\/skn-biologii-hodowli-i-uzytkowania-drobiu\/","title":{"rendered":"SKN Biologii, Hodowli I U\u017cytkowania Drobiu"},"content":{"rendered":"\t\t<div data-elementor-type=\"wp-page\" data-elementor-id=\"1863\" class=\"elementor elementor-1863\" data-elementor-settings=\"[]\">\n\t\t\t\t\t\t<div class=\"elementor-inner\">\n\t\t\t\t\t\t\t<div class=\"elementor-section-wrap\">\n\t\t\t\t\t\t\t<section class=\"elementor-section elementor-top-section elementor-element elementor-element-ff18ccc elementor-section-boxed elementor-section-height-default elementor-section-height-default\" data-id=\"ff18ccc\" data-element_type=\"section\">\n\t\t\t\t\t\t<div class=\"elementor-container elementor-column-gap-default\">\n\t\t\t\t\t\t\t<div class=\"elementor-row\">\n\t\t\t\t\t<div class=\"elementor-column elementor-col-100 elementor-top-column elementor-element elementor-element-f72935d\" data-id=\"f72935d\" data-element_type=\"column\">\n\t\t\t<div class=\"elementor-column-wrap elementor-element-populated\">\n\t\t\t\t\t\t\t<div class=\"elementor-widget-wrap\">\n\t\t\t\t\t\t<div class=\"elementor-element elementor-element-e5c5c25 elementor-widget elementor-widget-m2k\" data-id=\"e5c5c25\" data-element_type=\"widget\" data-widget_type=\"m2k.default\">\n\t\t\t\t<div class=\"elementor-widget-container\">\n\t\t\t<section class=\"mn-m2-d mn-bg-green\">\n    <div class=\"mn-grid\">\n        <div class=\"mn-grid-12 mn-introtext\">\n                            <h3>\n                    Studenckie Ko\u0142o Naukowe \u201eBiologii, Hodowli i\u00a0U\u017cytkowania Drobiu\u201d                <\/h3>\n                        <\/div>\n    <\/div>\n    <\/section>\n\t\t<\/div>\n\t\t\t\t<\/div>\n\t\t\t\t\t\t<\/div>\n\t\t\t\t\t<\/div>\n\t\t<\/div>\n\t\t\t\t\t\t\t\t<\/div>\n\t\t\t\t\t<\/div>\n\t\t<\/section>\n\t\t\t\t<section class=\"elementor-section elementor-top-section elementor-element elementor-element-5e701bc elementor-section-boxed elementor-section-height-default elementor-section-height-default\" data-id=\"5e701bc\" data-element_type=\"section\">\n\t\t\t\t\t\t<div class=\"elementor-container elementor-column-gap-default\">\n\t\t\t\t\t\t\t<div class=\"elementor-row\">\n\t\t\t\t\t<div class=\"elementor-column elementor-col-100 elementor-top-column elementor-element elementor-element-4706d0c\" data-id=\"4706d0c\" data-element_type=\"column\">\n\t\t\t<div class=\"elementor-column-wrap elementor-element-populated\">\n\t\t\t\t\t\t\t<div class=\"elementor-widget-wrap\">\n\t\t\t\t\t\t<div class=\"elementor-element elementor-element-080711f elementor-widget elementor-widget-m5c\" data-id=\"080711f\" data-element_type=\"widget\" data-widget_type=\"m5c.default\">\n\t\t\t\t<div class=\"elementor-widget-container\">\n\t\t\t<section class=\"mn-m5-c mn-m5-d2 mn-bg-white\">\n\t<div class=\"mn-grid\">\n\t\t\t\t<div class=\"mn-content mn-grid-9\">\n\t\t\t                <div class=\"mn-content-block active\">\n\t                                                        <div class=\"block-text\">\n\t                                        <p>Studenckie Ko\u0142o Naukowe Biologii, Hodowli i&nbsp;U\u017cytkowania Drobiu zarejestrowano 29 pa\u017adziernika 2020 r. Opiekunem naukowym jest dr in\u017c. Kamil Drabik, za\u015b Ko\u0142o ma siedzib\u0119 w&nbsp;Instytucie Biologicznych Podstaw Produkcji Zwierz\u0119cej.<\/p>\n<p>G\u0142\u00f3wnymi celami SKN Biologii, Hodowli i&nbsp;U\u017cytkowania Drobiu jest pog\u0142\u0119bianie wiedzy z&nbsp;zakresu szeroko poj\u0119tego drobiarstwa oraz pr\u00f3by rozwi\u0105zania problem\u00f3w zwi\u0105zanych z&nbsp;produkcj\u0105 zwierz\u0119c\u0105. Cele te realizowane s\u0105 poprzez udzia\u0142 cz\u0142onk\u00f3w Ko\u0142a zar\u00f3wno w&nbsp;pracach fermowych, jak i&nbsp;laboratoryjnych, publikacj\u0119 wynik\u00f3w bada\u0144 w&nbsp;czasopismach naukowych, czy popularnonaukowych oraz udzia\u0142 w&nbsp;konferencjach i&nbsp;wydarzeniach popularyzuj\u0105cych nauk\u0119.<\/p>\n<p>SKN dzia\u0142a pod patronatem Krajowej Rady Drobiarstwa i&nbsp;zrzesza student\u00f3w z&nbsp;4 wydzia\u0142\u00f3w i&nbsp;8 kierunk\u00f3w studi\u00f3w (Zootechnika, Bezpiecze\u0144stwo i&nbsp;Certyfikacja \u017bywno\u015bci, Behawiorystyka Zwierz\u0105t, Piel\u0119gnacja Zwierz\u0105t i&nbsp;Animaloterapia, Bioin\u017cynieria, Weterynaria, Biotechnologia). Takie zr\u00f3\u017cnicowanie pozwala na tworzenie w&nbsp;obr\u0119bie SKN interdyscyplinarnych zespo\u0142\u00f3w i&nbsp;realizacj\u0119 zada\u0144 zgodnie z&nbsp;zasadami tutoringu.<\/p>\n<p>W zakres dzia\u0142alno\u015bci wchodz\u0105 prace fermowe w&nbsp;Stacji Dydaktyczno-Badawczej Zwierz\u0105t Drobnych im. Laury Kaufman, prace laboratoryjne w&nbsp;inkubatorni oraz pracowni oceny jako\u015bci jaj Instytutu Biologicznych Podstaw Produkcji Zwierz\u0119cej, a&nbsp;tak\u017ce prezentowanie uzyskanych wynik\u00f3w na konferencjach i&nbsp;publikowanie ich w&nbsp;czasopismach naukowych. W&nbsp;dorobku cz\u0142onk\u00f3w SKN znajduj\u0105 si\u0119 prace w&nbsp;czasopismach z&nbsp;listy JCR, jak r\u00f3wnie\u017c w&nbsp;czasopismach nie indeksowanych (26), rozdzia\u0142y monografii (78), artyku\u0142y popularnonaukowe (32) i&nbsp;doniesienia konferencyjne (85). W&nbsp;2021 roku SKN zosta\u0142o beneficjentem projektu \u00a0pt. \u201eWzbogacenie \u015brodowiska jako element poprawy dobrostanu przepi\u00f3rki japo\u0144skiej\u201d w&nbsp;ramach programu \u201eStudenckie ko\u0142a naukowe tworz\u0105 innowacje\u201d (Nr SKN\/SP\/496740\/2021; kwota 54 912 z\u0142), uzyska\u0142o tak\u017ce dofinansowanie w&nbsp;2 konkursach wewn\u0119trznych (2020 r. \u2013 Wp\u0142yw r\u00f3\u017cnych metod przechowalnictwa bia\u0142ka jaj kurzego na jego cechy jako\u015bciowe, technologiczne oraz aktywno\u015b\u0107 lizozymu; 2022 r. \u2013 Analiza anatomopatologicznych zmian rozwojowych zarodk\u00f3w kurzych). Cz\u0142onkowie SKN BHiUD (wcze\u015bniej Sekcji Hodowli Drobiu SKN Nauk o&nbsp;Zwierz\u0119tach i&nbsp;Biogospodarki) za swoj\u0105 dzia\u0142alno\u015b\u0107 uzyskali w&nbsp;sumie ponad 115 r\u00f3\u017cnych stypendi\u00f3w, w&nbsp;tym JM Rektora dla Najlepszych Student\u00f3w za osi\u0105gni\u0119cia naukowe, Marsza\u0142ka Wojew\u00f3dztwa Lubelskiego, Prezydenta Miasta Lublin, a&nbsp;tak\u017ce 7 stypendi\u00f3w Ministra Edukacji i&nbsp;Nauki.<\/p>\n<p>Tematyka podejmowanych prac badawczych obejmuje m.in. ocen\u0119 jako\u015b\u0107 jaj konsumpcyjnych w&nbsp;czasie ich przechowywania, czynniki modyfikuj\u0105ce aktywno\u015b\u0107 lizozymu w&nbsp;jajach kurzych, alternatywne metody dezynfekcji jaj wyl\u0119gowych, analiz\u0119 sk\u0142adu chemicznego jaj z&nbsp;r\u00f3\u017cnych system\u00f3w chowu, analiz\u0119 skorup jaj kurzych i&nbsp;przepi\u00f3rczych w&nbsp;zale\u017cno\u015bci od ich barwy, ocen\u0119 wynik\u00f3w produkcyjnych ptak\u00f3w r\u00f3\u017cnych gatunk\u00f3w i&nbsp;typ\u00f3w u\u017cytkowych, stabilno\u015b\u0107 surowca jajczarskiego podczas przechowywania w&nbsp;aspekcie zawarto\u015bci substancji bioaktywnych. Analizie podlega\u0142a te\u017c mo\u017cliwo\u015b\u0107 pozyskania piskl\u0105t z&nbsp;jaj dwu\u017c\u00f3\u0142tkowych oraz wp\u0142yw obecno\u015bci wad skorupy jaj na ich jako\u015b\u0107 w&nbsp;kontek\u015bcie zar\u00f3wno jako\u015bci konsumpcyjnej, jak i&nbsp;wyl\u0119gowej. Oceniano preferencje konsument\u00f3w surowc\u00f3w drobiarskich na Lubelszczy\u017anie. Ciekawym aspektem bada\u0144 s\u0105 obserwacje bahawioru drobiu, analiza podatno\u015bci ptak\u00f3w na stres, czy zmiany zachowania w&nbsp;zale\u017cno\u015bci od struktury p\u0142ci w&nbsp;stadzie.<\/p>\n<p>W ramach popularyzacji wiedzy drobiarskiej SKN BHiUD organizuje pokazy i&nbsp;warsztaty dla uczni\u00f3w szk\u00f3\u0142 podstawowych i&nbsp;\u015brednich, ale tak\u017ce np. podczas Narodowej Wystawy Zwierz\u0105t Hodowlanych w&nbsp;Poznaniu, czy Lubelskiego Festiwalu Nauki.<\/p>\n<p>Cz\u0142onkowie SKN BHiUD uczestnicz\u0105 w&nbsp;wielu kursach i&nbsp;szkoleniach, za\u015b wsp\u00f3\u0142praca z&nbsp;innymi o\u015brodkami naukowymi, ale tak\u017ce przedsi\u0119biorstwami zwi\u0105zanymi z&nbsp;bran\u017c\u0105 drobiarsk\u0105, pozwala im na realizacj\u0119 sta\u017cy (laboratoryjnych i&nbsp;fermowych), a&nbsp;tak\u017ce praktyk zawodowych.<\/p>\n<p>SKN Biologii, Hodowli i&nbsp;U\u017cytkowania Drobiu dzia\u0142a pod patronatem Krajowej Rady Drobiarstwa, Izby Gospodarczej w&nbsp;Warszawie.<\/p>\n<p>Zapraszamy do wsp\u00f3\u0142pracy i&nbsp;kontaktu: przez fanpage na Facebooku, mail: <a href=\"mailto:skn.bhiuz@gmail.com\"><em>skn.bhiuz@gmail.com<\/em><\/a>, telefonicznie: 81 445 67 39 lub osobi\u015bcie: Collegium Zootechnicum (Rektorat) pok. 208.<\/p>\n                                        <\/div>\n\t\t\t\t\t\t                                <\/div>\n\t\t\t\t                <div class=\"mn-content-block\">\n\t                                <\/div>\n\t\t\t\t                <div class=\"mn-content-block\">\n\t                                <\/div>\n\t\t\t\t                <div class=\"mn-content-block\">\n\t                                <\/div>\n\t\t\t\t                <div class=\"mn-content-block\">\n\t                                <\/div>\n\t\t\t\t                <div class=\"mn-content-block\">\n\t                                <\/div>\n\t\t\t\t                <div class=\"mn-content-block\">\n\t                                <\/div>\n\t\t\t\t                <div class=\"mn-content-block\">\n\t                                <\/div>\n\t\t\t\t                <div class=\"mn-content-block\">\n\t                                <\/div>\n\t\t\t\t                <div class=\"mn-content-block\">\n\t                                <\/div>\n\t\t\t\t                <div class=\"mn-content-block\">\n\t                                <\/div>\n\t\t\t\t                <div class=\"mn-content-block\">\n\t                                <\/div>\n\t\t\t\t                <div class=\"mn-content-block\">\n\t                                <\/div>\n\t\t\t\t                <div class=\"mn-content-block\">\n\t                                <\/div>\n\t\t\t\t                <div class=\"mn-content-block\">\n\t                                <\/div>\n\t\t\t\t                <div class=\"mn-content-block\">\n\t                                <\/div>\n\t\t\t\t                <div class=\"mn-content-block\">\n\t                                <\/div>\n\t\t\t\t                <div class=\"mn-content-block\">\n\t                                <\/div>\n\t\t\t\t                <div class=\"mn-content-block\">\n\t                                <\/div>\n\t\t\t\t                <div class=\"mn-content-block\">\n\t                                <\/div>\n\t\t\t\t\t\t<\/div>\n\t<\/div>\n<\/section>\n\t\t<\/div>\n\t\t\t\t<\/div>\n\t\t\t\t\t\t<\/div>\n\t\t\t\t\t<\/div>\n\t\t<\/div>\n\t\t\t\t\t\t\t\t<\/div>\n\t\t\t\t\t<\/div>\n\t\t<\/section>\n\t\t\t\t\t\t<\/div>\n\t\t\t\t\t\t<\/div>\n\t\t\t\t\t<\/div>\n\t\t","protected":false},"excerpt":{"rendered":"<p>Studenckie Ko\u0142o Naukowe \u201eBiologii, Hodowli i\u00a0U\u017cytkowania Drobiu\u201d UP Wydzia\u0142 Nauk o&nbsp;Zwierz\u0119tach i&nbsp;Biogospodarki Studenckie Ko\u0142o Naukowe Biologii, Hodowli i&nbsp;U\u017cytkowania Drobiu zarejestrowano 29 pa\u017adziernika 2020 r. Opiekunem naukowym jest dr in\u017c. Kamil Drabik, za\u015b Ko\u0142o ma siedzib\u0119 w&nbsp;Instytucie Biologicznych Podstaw Produkcji Zwierz\u0119cej. G\u0142\u00f3wnymi celami SKN Biologii, Hodowli i&nbsp;U\u017cytkowania Drobiu jest pog\u0142\u0119bianie wiedzy z&nbsp;zakresu szeroko poj\u0119tego drobiarstwa oraz [&hellip;]<\/p>\n","protected":false},"author":2,"featured_media":0,"parent":182532,"menu_order":0,"comment_status":"closed","ping_status":"closed","template":"elementor_header_footer","meta":{"_monsterinsights_skip_tracking":false,"_monsterinsights_sitenote_active":false,"_monsterinsights_sitenote_note":"","_monsterinsights_sitenote_category":0},"_links":{"self":[{"href":"https:\/\/up.lublin.pl\/biologia\/wp-json\/wp\/v2\/pages\/1863"}],"collection":[{"href":"https:\/\/up.lublin.pl\/biologia\/wp-json\/wp\/v2\/pages"}],"about":[{"href":"https:\/\/up.lublin.pl\/biologia\/wp-json\/wp\/v2\/types\/page"}],"author":[{"embeddable":true,"href":"https:\/\/up.lublin.pl\/biologia\/wp-json\/wp\/v2\/users\/2"}],"replies":[{"embeddable":true,"href":"https:\/\/up.lublin.pl\/biologia\/wp-json\/wp\/v2\/comments?post=1863"}],"version-history":[{"count":20,"href":"https:\/\/up.lublin.pl\/biologia\/wp-json\/wp\/v2\/pages\/1863\/revisions"}],"predecessor-version":[{"id":183687,"href":"https:\/\/up.lublin.pl\/biologia\/wp-json\/wp\/v2\/pages\/1863\/revisions\/183687"}],"up":[{"embeddable":true,"href":"https:\/\/up.lublin.pl\/biologia\/wp-json\/wp\/v2\/pages\/182532"}],"wp:attachment":[{"href":"https:\/\/up.lublin.pl\/biologia\/wp-json\/wp\/v2\/media?parent=1863"}],"curies":[{"name":"wp","href":"https:\/\/api.w.org\/{rel}","templated":true}]}}