{"id":184420,"date":"2025-12-12T22:22:58","date_gmt":"2025-12-12T21:22:58","guid":{"rendered":"https:\/\/up.lublin.pl\/biologia\/?page_id=184420"},"modified":"2025-12-12T22:24:03","modified_gmt":"2025-12-12T21:24:03","slug":"studenckie-kolo-naukowe-kryminalistyki","status":"publish","type":"page","link":"https:\/\/up.lublin.pl\/biologia\/ksztalcenie\/studenckie-kolo-naukowe-kryminalistyki\/","title":{"rendered":"Studenckie Ko\u0142o Naukowe Kryminalistyki"},"content":{"rendered":"\t\t<div data-elementor-type=\"wp-page\" data-elementor-id=\"184420\" class=\"elementor elementor-184420\" data-elementor-settings=\"[]\">\n\t\t\t\t\t\t<div class=\"elementor-inner\">\n\t\t\t\t\t\t\t<div class=\"elementor-section-wrap\">\n\t\t\t\t\t\t\t<section class=\"elementor-section elementor-top-section elementor-element elementor-element-b00d2a2 elementor-section-boxed elementor-section-height-default elementor-section-height-default\" data-id=\"b00d2a2\" data-element_type=\"section\">\n\t\t\t\t\t\t<div class=\"elementor-container elementor-column-gap-default\">\n\t\t\t\t\t\t\t<div class=\"elementor-row\">\n\t\t\t\t\t<div class=\"elementor-column elementor-col-100 elementor-top-column elementor-element elementor-element-641a242\" data-id=\"641a242\" data-element_type=\"column\">\n\t\t\t<div class=\"elementor-column-wrap elementor-element-populated\">\n\t\t\t\t\t\t\t<div class=\"elementor-widget-wrap\">\n\t\t\t\t\t\t<div class=\"elementor-element elementor-element-5d354b1 elementor-widget elementor-widget-m5c\" data-id=\"5d354b1\" data-element_type=\"widget\" data-widget_type=\"m5c.default\">\n\t\t\t\t<div class=\"elementor-widget-container\">\n\t\t\t<section class=\"mn-m5-c mn-m5-d2 mn-bg-white\">\n\t<div class=\"mn-grid\">\n\t\t\t\t<div class=\"mn-content mn-grid-9\">\n\t\t\t                <div class=\"mn-content-block active\">\n\t                                                        <div class=\"block-text\">\n\t                                        <p>Studenckie Ko\u0142o Naukowe Kryminalistyki zarejestrowano 2 grudnia 2025 roku przy Zak\u0142adzie Genetyki Og\u00f3lnej i&nbsp;Molekularnej, nale\u017c\u0105cym do Instytutu Biologicznych Podstaw Produkcji Zwierz\u0119cej na Wydziale Nauk o\u00a0Zwierz\u0119tach i\u00a0Biogospodarki Uniwersytetu Przyrodniczego w\u00a0Lublinie. Opiekunem naukowym jest prof. Magdalena Gryzi\u0144ska, opiekunem pomocniczym mgr Aleksandra Figura.<\/p>\n<p>Celem SKN Kryminalistyki jest:<\/p>\n<ul>\n<li>prowadzenie bada\u0144 naukowych, prac projektowych i\u00a0wdro\u017ceniowych z\u00a0zakresu kryminalistyki;<\/li>\n<li>organizacja seminari\u00f3w, konferencji i\u00a0warsztat\u00f3w naukowych oraz wyjazd\u00f3w szkoleniowych i&nbsp;terenowych;<\/li>\n<li>promocja UP w\u00a0Lublinie podczas Lubelskiego Festiwalu Nauki oraz w\u00a0czasie Dni Otwartych Uczelni;<\/li>\n<\/ul>\n<ul>\n<li>popularyzacja wiedzy z&nbsp;zakresu kryminalistyki w&nbsp;formie pokaz\u00f3w i\u00a0warsztat\u00f3w organizowanych dla uczni\u00f3w szk\u00f3\u0142 podstawowych i\u00a0\u015brednich;<\/li>\n<\/ul>\n<ul>\n<li>wsp\u00f3\u0142praca z\u00a0innymi ko\u0142ami naukowymi, firmami, jednostkami samorz\u0105dowymi oraz pracownikami UP w\u00a0Lublinie.<\/li>\n<\/ul>\n<p>\u00a0<\/p>\n<p>SKN Kryminalistyki swoje cele realizuje poprzez:<\/p>\n<ul>\n<li>przygotowanie publikacji naukowych;<\/li>\n<li>czynny udzia\u0142 w\u00a0konferencjach naukowych poprzez prezentacj\u0119 referat\u00f3w i\u00a0poster\u00f3w;<\/li>\n<li>prezentacj\u0119 projekt\u00f3w podczas Lubelskiego Festiwalu Nauki oraz w\u00a0czasie Dni Otwartych Uczelni;<\/li>\n<li>czynny udzia\u0142 w\u00a0badaniach realizowanych przez pracownik\u00f3w UP w\u00a0Lublinie.<\/li>\n<\/ul>\n<p>\u00a0<\/p>\n<p>Cz\u0142onkowie SKN Kryminalistyki maj\u0105 mo\u017cliwo\u015b\u0107 uczestnictwa w\u00a0wielu kursach i\u00a0szkoleniach, za\u015b wsp\u00f3\u0142praca z\u00a0innymi o\u015brodkami naukowymi, zwi\u0105zanymi z\u00a0kryminalistyk\u0105, umo\u017cliwia realizacj\u0119 sta\u017cy (laboratoryjnych), a\u00a0tak\u017ce praktyk.<\/p>\n<p>\u00a0<\/p>\n<p>\u00a0<\/p>\n<p>prof. dr hab. Magdalena Gryzi\u0144ska<br \/>mail:\u00a0magdalena.gryzinska@up.edu.pl <br \/>tel. 81-445-60-68<\/p>\n<p>\u00a0<\/p>\n<p>mgr Aleksandra Figura<br \/>mail\u00a0aleksandra.figura@up.edu.pl<\/p>\n<p>tel. 81-445-60-70<\/p>\n<p>\u00a0<\/p>\n<p>\u00a0<\/p>\n<p>Ch\u0119tnych zapraszamy do wsp\u00f3\u0142pracy &#8211; pok\u00f3j 211A ZOOT UP Lublin ul. Akademicka 13<\/p>\n                                        <\/div>\n\t\t\t\t\t\t                                <\/div>\n\t\t\t\t                <div class=\"mn-content-block\">\n\t                                <\/div>\n\t\t\t\t                <div class=\"mn-content-block\">\n\t                                <\/div>\n\t\t\t\t                <div class=\"mn-content-block\">\n\t                                <\/div>\n\t\t\t\t                <div class=\"mn-content-block\">\n\t                                <\/div>\n\t\t\t\t                <div class=\"mn-content-block\">\n\t                                <\/div>\n\t\t\t\t                <div class=\"mn-content-block\">\n\t                                <\/div>\n\t\t\t\t                <div class=\"mn-content-block\">\n\t                                <\/div>\n\t\t\t\t                <div class=\"mn-content-block\">\n\t                                <\/div>\n\t\t\t\t                <div class=\"mn-content-block\">\n\t                                <\/div>\n\t\t\t\t                <div class=\"mn-content-block\">\n\t                                <\/div>\n\t\t\t\t                <div class=\"mn-content-block\">\n\t                                <\/div>\n\t\t\t\t                <div class=\"mn-content-block\">\n\t                                <\/div>\n\t\t\t\t                <div class=\"mn-content-block\">\n\t                                <\/div>\n\t\t\t\t                <div class=\"mn-content-block\">\n\t                                <\/div>\n\t\t\t\t                <div class=\"mn-content-block\">\n\t                                <\/div>\n\t\t\t\t                <div class=\"mn-content-block\">\n\t                                <\/div>\n\t\t\t\t                <div class=\"mn-content-block\">\n\t                                <\/div>\n\t\t\t\t                <div class=\"mn-content-block\">\n\t                                <\/div>\n\t\t\t\t                <div class=\"mn-content-block\">\n\t                                <\/div>\n\t\t\t\t\t\t<\/div>\n\t<\/div>\n<\/section>\n\t\t<\/div>\n\t\t\t\t<\/div>\n\t\t\t\t\t\t<\/div>\n\t\t\t\t\t<\/div>\n\t\t<\/div>\n\t\t\t\t\t\t\t\t<\/div>\n\t\t\t\t\t<\/div>\n\t\t<\/section>\n\t\t\t\t\t\t<\/div>\n\t\t\t\t\t\t<\/div>\n\t\t\t\t\t<\/div>\n\t\t","protected":false},"excerpt":{"rendered":"<p>Studenckie Ko\u0142o Naukowe Kryminalistyki zarejestrowano 2 grudnia 2025 roku przy Zak\u0142adzie Genetyki Og\u00f3lnej i&nbsp;Molekularnej, nale\u017c\u0105cym do Instytutu Biologicznych Podstaw Produkcji Zwierz\u0119cej na Wydziale Nauk o&nbsp;Zwierz\u0119tach i&nbsp;Biogospodarki Uniwersytetu Przyrodniczego w&nbsp;Lublinie. Opiekunem naukowym jest prof. Magdalena Gryzi\u0144ska, opiekunem pomocniczym mgr Aleksandra Figura. Celem SKN Kryminalistyki jest: prowadzenie bada\u0144 naukowych, prac projektowych i&nbsp;wdro\u017ceniowych z&nbsp;zakresu kryminalistyki; organizacja seminari\u00f3w, konferencji [&hellip;]<\/p>\n","protected":false},"author":204,"featured_media":0,"parent":182532,"menu_order":0,"comment_status":"closed","ping_status":"closed","template":"elementor_header_footer","meta":{"_monsterinsights_skip_tracking":false,"_monsterinsights_sitenote_active":false,"_monsterinsights_sitenote_note":"","_monsterinsights_sitenote_category":0},"_links":{"self":[{"href":"https:\/\/up.lublin.pl\/biologia\/wp-json\/wp\/v2\/pages\/184420"}],"collection":[{"href":"https:\/\/up.lublin.pl\/biologia\/wp-json\/wp\/v2\/pages"}],"about":[{"href":"https:\/\/up.lublin.pl\/biologia\/wp-json\/wp\/v2\/types\/page"}],"author":[{"embeddable":true,"href":"https:\/\/up.lublin.pl\/biologia\/wp-json\/wp\/v2\/users\/204"}],"replies":[{"embeddable":true,"href":"https:\/\/up.lublin.pl\/biologia\/wp-json\/wp\/v2\/comments?post=184420"}],"version-history":[{"count":5,"href":"https:\/\/up.lublin.pl\/biologia\/wp-json\/wp\/v2\/pages\/184420\/revisions"}],"predecessor-version":[{"id":184425,"href":"https:\/\/up.lublin.pl\/biologia\/wp-json\/wp\/v2\/pages\/184420\/revisions\/184425"}],"up":[{"embeddable":true,"href":"https:\/\/up.lublin.pl\/biologia\/wp-json\/wp\/v2\/pages\/182532"}],"wp:attachment":[{"href":"https:\/\/up.lublin.pl\/biologia\/wp-json\/wp\/v2\/media?parent=184420"}],"curies":[{"name":"wp","href":"https:\/\/api.w.org\/{rel}","templated":true}]}}