{"id":165507,"date":"2024-02-27T19:20:29","date_gmt":"2024-02-27T18:20:29","guid":{"rendered":"https:\/\/up.lublin.pl\/biologia\/?page_id=165507"},"modified":"2025-09-22T11:22:33","modified_gmt":"2025-09-22T09:22:33","slug":"studenckie-kolo-naukowe-animaloterapii-i-zoopsychologii","status":"publish","type":"page","link":"https:\/\/up.lublin.pl\/biologia\/ksztalcenie\/studenckie-kolo-naukowe-animaloterapii-i-zoopsychologii\/","title":{"rendered":"Studenckie Ko\u0142o Naukowe Animaloterapii i Zoopsychologii"},"content":{"rendered":"\t\t<div data-elementor-type=\"wp-page\" data-elementor-id=\"165507\" class=\"elementor elementor-165507\" data-elementor-settings=\"[]\">\n\t\t\t\t\t\t<div class=\"elementor-inner\">\n\t\t\t\t\t\t\t<div class=\"elementor-section-wrap\">\n\t\t\t\t\t\t\t<section class=\"elementor-section elementor-top-section elementor-element elementor-element-be47ac6 elementor-section-boxed elementor-section-height-default elementor-section-height-default\" data-id=\"be47ac6\" data-element_type=\"section\">\n\t\t\t\t\t\t<div class=\"elementor-container elementor-column-gap-default\">\n\t\t\t\t\t\t\t<div class=\"elementor-row\">\n\t\t\t\t\t<div class=\"elementor-column elementor-col-100 elementor-top-column elementor-element elementor-element-6e24c47\" data-id=\"6e24c47\" data-element_type=\"column\">\n\t\t\t<div class=\"elementor-column-wrap\">\n\t\t\t\t\t\t\t<div class=\"elementor-widget-wrap\">\n\t\t\t\t\t\t\t\t<\/div>\n\t\t\t\t\t<\/div>\n\t\t<\/div>\n\t\t\t\t\t\t\t\t<\/div>\n\t\t\t\t\t<\/div>\n\t\t<\/section>\n\t\t\t\t<section class=\"elementor-section elementor-top-section elementor-element elementor-element-e8ddb1b elementor-section-boxed elementor-section-height-default elementor-section-height-default\" data-id=\"e8ddb1b\" data-element_type=\"section\">\n\t\t\t\t\t\t<div class=\"elementor-container elementor-column-gap-default\">\n\t\t\t\t\t\t\t<div class=\"elementor-row\">\n\t\t\t\t\t<div class=\"elementor-column elementor-col-100 elementor-top-column elementor-element elementor-element-3c534d1\" data-id=\"3c534d1\" data-element_type=\"column\">\n\t\t\t<div class=\"elementor-column-wrap elementor-element-populated\">\n\t\t\t\t\t\t\t<div class=\"elementor-widget-wrap\">\n\t\t\t\t\t\t<div class=\"elementor-element elementor-element-135cb67 elementor-widget elementor-widget-m2k\" data-id=\"135cb67\" data-element_type=\"widget\" data-widget_type=\"m2k.default\">\n\t\t\t\t<div class=\"elementor-widget-container\">\n\t\t\t<section class=\"mn-m2-d mn-bg-green\">\n    <div class=\"mn-grid\">\n        <div class=\"mn-grid-12 mn-introtext\">\n                            <h3>\n                    Studenckie Ko\u0142o Naukowe Animaloterapii i&nbsp;Zoopsychologii                <\/h3>\n                        <\/div>\n    <\/div>\n    <\/section>\n\t\t<\/div>\n\t\t\t\t<\/div>\n\t\t\t\t\t\t<\/div>\n\t\t\t\t\t<\/div>\n\t\t<\/div>\n\t\t\t\t\t\t\t\t<\/div>\n\t\t\t\t\t<\/div>\n\t\t<\/section>\n\t\t\t\t<section class=\"elementor-section elementor-top-section elementor-element elementor-element-d3a738e elementor-section-boxed elementor-section-height-default elementor-section-height-default\" data-id=\"d3a738e\" data-element_type=\"section\">\n\t\t\t\t\t\t<div class=\"elementor-container elementor-column-gap-default\">\n\t\t\t\t\t\t\t<div class=\"elementor-row\">\n\t\t\t\t\t<div class=\"elementor-column elementor-col-100 elementor-top-column elementor-element elementor-element-45cc06a\" data-id=\"45cc06a\" data-element_type=\"column\">\n\t\t\t<div class=\"elementor-column-wrap elementor-element-populated\">\n\t\t\t\t\t\t\t<div class=\"elementor-widget-wrap\">\n\t\t\t\t\t\t<div class=\"elementor-element elementor-element-792885d elementor-widget elementor-widget-m5c\" data-id=\"792885d\" data-element_type=\"widget\" data-widget_type=\"m5c.default\">\n\t\t\t\t<div class=\"elementor-widget-container\">\n\t\t\t<section class=\"mn-m5-c mn-m5-d2 mn-bg-white\">\n\t<div class=\"mn-grid\">\n\t\t\t\t<div class=\"mn-content mn-grid-9\">\n\t\t\t                <div class=\"mn-content-block active\">\n\t                                                        <div class=\"block-text\">\n\t                                        <p><strong>Studenckie Ko\u0142o Naukowe <\/strong><strong>Animaloterapii i\u00a0Zoopsychologii<\/strong> dzia\u0142a na Wydziale Nauk o&nbsp;Zwierz\u0119tach i&nbsp;Biogospodarki, przy Zak\u0142adzie Animaloterapii i&nbsp;Psychologii Zwierz\u0105t.<\/p>\n<p>Cz\u0142onkami Ko\u0142a mog\u0105 by\u0107 r\u00f3wnie\u017c studenci spoza Wydzia\u0142u.<\/p>\n<p><strong>\u00a0<\/strong>Opiekun naukowy: dr Agnieszka Ziemia\u0144ska (agnieszka.ziemianska@up.lublin.pl).\u00a0<\/p>\n<p>Cz\u0142onkowie KNAiZ maj\u0105 mo\u017cliwo\u015b\u0107:<\/p>\n<ul>\n<li>uczestniczenia w&nbsp;badaniach i&nbsp;obserwacjach prowadzonych przez Jednostk\u0119<\/li>\n<li>zbierania, analizowania i&nbsp;opracowywania wynik\u00f3w przeprowadzonych bada\u0144<\/li>\n<li>pracy z&nbsp;literatur\u0105 naukow\u0105 oraz pisania prac, doniesie\u0144, referat\u00f3w<\/li>\n<li>prezentowania w\u0142asnych wynik\u00f3w obserwacji i&nbsp;demonstrowania zebranego materia\u0142u podczas konferencji naukowych, seminari\u00f3w<\/li>\n<li>czynnego udzia\u0142u w&nbsp;dodatkowych zaj\u0119ciach z&nbsp;udzia\u0142em zwierz\u0105t prowadzonych w&nbsp;Zak\u0142adzie Animaloterapii i&nbsp;Psychologii Zwierz\u0105t<\/li>\n<li>sprawowania opieki nad zwierz\u0119tami przebywaj\u0105cymi w&nbsp;Strefie Animaloterapii<\/li>\n<li>pomocy w&nbsp;organizacji wydarze\u0144 z&nbsp;udzia\u0142em zwierz\u0105t organizowanych w&nbsp;ramach dzia\u0142alno\u015bci Jednostki oraz Strefy Animaloterapii<\/li>\n<\/ul>\n<p>\u00a0<\/p>\n<p>Tematyka badawcza Jednostki jest bardzo zr\u00f3\u017cnicowana zajmujemy si\u0119\u00a0 psychologi\u0105 poznawcz\u0105 i&nbsp;metodami szkoleniowymi ps\u00f3w, zdolno\u015bciami intelektualnymi owiec, uczeniem i&nbsp;prac\u0105 ze zwierz\u0119tami z&nbsp;wykorzystaniem r\u00f3znych metod, mo\u017cliwo\u015bci\u0105\u00a0 rehabilitacji zwierz\u0105t z\u00a0wykorzystaniem nowoczesnych technik fizjoterapeutycznych oraz wp\u0142ywem animaloterapii na ludzi i&nbsp;zwierz\u0119ta.<\/p>\n<p>\u00a0<\/p>\n<p>\u00a0Jeste\u015bmy m\u0142odym, zgranym zespo\u0142em zmotywowanym do dzia\u0142ania, otwartym na nowych cz\u0142onk\u00f3w. Opr\u00f3cz bada\u0144 aktywnie uczestniczymy w&nbsp;Dniach Otwartych Uniwersytetu, Lubelskim Festiwalu Nauki jak r\u00f3wnie\u017c organizujemy zaj\u0119cia dla dzieci m\u0142odzie\u017cy w&nbsp;ramach wolontariatu studenckiego. Uczestniczymy w&nbsp;sympozjach, szkoleniach i&nbsp;konferencjach naukowych.<\/p>\n<p>\u00a0<\/p>\n<p>Czekamy na Ciebie! Do zobaczenia!<\/p>\n                                        <\/div>\n\t\t\t\t\t\t                                <\/div>\n\t\t\t\t                <div class=\"mn-content-block\">\n\t                                <\/div>\n\t\t\t\t                <div class=\"mn-content-block\">\n\t                                <\/div>\n\t\t\t\t                <div class=\"mn-content-block\">\n\t                                <\/div>\n\t\t\t\t                <div class=\"mn-content-block\">\n\t                                <\/div>\n\t\t\t\t                <div class=\"mn-content-block\">\n\t                                <\/div>\n\t\t\t\t                <div class=\"mn-content-block\">\n\t                                <\/div>\n\t\t\t\t                <div class=\"mn-content-block\">\n\t                                <\/div>\n\t\t\t\t                <div class=\"mn-content-block\">\n\t                                <\/div>\n\t\t\t\t                <div class=\"mn-content-block\">\n\t                                <\/div>\n\t\t\t\t                <div class=\"mn-content-block\">\n\t                                <\/div>\n\t\t\t\t                <div class=\"mn-content-block\">\n\t                                <\/div>\n\t\t\t\t                <div class=\"mn-content-block\">\n\t                                <\/div>\n\t\t\t\t                <div class=\"mn-content-block\">\n\t                                <\/div>\n\t\t\t\t                <div class=\"mn-content-block\">\n\t                                <\/div>\n\t\t\t\t                <div class=\"mn-content-block\">\n\t                                <\/div>\n\t\t\t\t                <div class=\"mn-content-block\">\n\t                                <\/div>\n\t\t\t\t                <div class=\"mn-content-block\">\n\t                                <\/div>\n\t\t\t\t                <div class=\"mn-content-block\">\n\t                                <\/div>\n\t\t\t\t                <div class=\"mn-content-block\">\n\t                                <\/div>\n\t\t\t\t\t\t<\/div>\n\t<\/div>\n<\/section>\n\t\t<\/div>\n\t\t\t\t<\/div>\n\t\t\t\t\t\t<\/div>\n\t\t\t\t\t<\/div>\n\t\t<\/div>\n\t\t\t\t\t\t\t\t<\/div>\n\t\t\t\t\t<\/div>\n\t\t<\/section>\n\t\t\t\t\t\t<\/div>\n\t\t\t\t\t\t<\/div>\n\t\t\t\t\t<\/div>\n\t\t","protected":false},"excerpt":{"rendered":"<p>Studenckie Ko\u0142o Naukowe Animaloterapii i&nbsp;Zoopsychologii UP Wydzia\u0142 Nauk o&nbsp;Zwierz\u0119tach i&nbsp;Biogospodarki Studenckie Ko\u0142o Naukowe Animaloterapii i\u00a0Zoopsychologii dzia\u0142a na Wydziale Nauk o&nbsp;Zwierz\u0119tach i&nbsp;Biogospodarki, przy Zak\u0142adzie Animaloterapii i&nbsp;Psychologii Zwierz\u0105t. Cz\u0142onkami Ko\u0142a mog\u0105 by\u0107 r\u00f3wnie\u017c studenci spoza Wydzia\u0142u. \u00a0Opiekun naukowy: dr Agnieszka Ziemia\u0144ska (agnieszka.ziemianska@up.lublin.pl).\u00a0 Cz\u0142onkowie KNAiZ maj\u0105 mo\u017cliwo\u015b\u0107: uczestniczenia w&nbsp;badaniach i&nbsp;obserwacjach prowadzonych przez Jednostk\u0119 zbierania, analizowania i&nbsp;opracowywania wynik\u00f3w przeprowadzonych [&hellip;]<\/p>\n","protected":false},"author":204,"featured_media":0,"parent":182532,"menu_order":0,"comment_status":"closed","ping_status":"closed","template":"elementor_header_footer","meta":{"_monsterinsights_skip_tracking":false,"_monsterinsights_sitenote_active":false,"_monsterinsights_sitenote_note":"","_monsterinsights_sitenote_category":0},"_links":{"self":[{"href":"https:\/\/up.lublin.pl\/biologia\/wp-json\/wp\/v2\/pages\/165507"}],"collection":[{"href":"https:\/\/up.lublin.pl\/biologia\/wp-json\/wp\/v2\/pages"}],"about":[{"href":"https:\/\/up.lublin.pl\/biologia\/wp-json\/wp\/v2\/types\/page"}],"author":[{"embeddable":true,"href":"https:\/\/up.lublin.pl\/biologia\/wp-json\/wp\/v2\/users\/204"}],"replies":[{"embeddable":true,"href":"https:\/\/up.lublin.pl\/biologia\/wp-json\/wp\/v2\/comments?post=165507"}],"version-history":[{"count":7,"href":"https:\/\/up.lublin.pl\/biologia\/wp-json\/wp\/v2\/pages\/165507\/revisions"}],"predecessor-version":[{"id":165517,"href":"https:\/\/up.lublin.pl\/biologia\/wp-json\/wp\/v2\/pages\/165507\/revisions\/165517"}],"up":[{"embeddable":true,"href":"https:\/\/up.lublin.pl\/biologia\/wp-json\/wp\/v2\/pages\/182532"}],"wp:attachment":[{"href":"https:\/\/up.lublin.pl\/biologia\/wp-json\/wp\/v2\/media?parent=165507"}],"curies":[{"name":"wp","href":"https:\/\/api.w.org\/{rel}","templated":true}]}}