{"id":143846,"date":"2021-09-22T11:48:41","date_gmt":"2021-09-22T09:48:41","guid":{"rendered":"https:\/\/up.lublin.pl\/biologia\/?page_id=143846"},"modified":"2024-06-24T13:19:01","modified_gmt":"2024-06-24T11:19:01","slug":"rady-instytutow","status":"publish","type":"page","link":"https:\/\/up.lublin.pl\/biologia\/wydzial\/rady-instytutow\/","title":{"rendered":"Rady Instytut\u00f3w"},"content":{"rendered":"\t\t<div data-elementor-type=\"wp-page\" data-elementor-id=\"143846\" class=\"elementor elementor-143846\" data-elementor-settings=\"[]\">\n\t\t\t\t\t\t<div class=\"elementor-inner\">\n\t\t\t\t\t\t\t<div class=\"elementor-section-wrap\">\n\t\t\t\t\t\t\t<section class=\"elementor-section elementor-top-section elementor-element elementor-element-9a412e8 elementor-section-boxed elementor-section-height-default elementor-section-height-default\" data-id=\"9a412e8\" data-element_type=\"section\">\n\t\t\t\t\t\t<div class=\"elementor-container elementor-column-gap-default\">\n\t\t\t\t\t\t\t<div class=\"elementor-row\">\n\t\t\t\t\t<div class=\"elementor-column elementor-col-100 elementor-top-column elementor-element elementor-element-0e7c6d6\" data-id=\"0e7c6d6\" data-element_type=\"column\">\n\t\t\t<div class=\"elementor-column-wrap elementor-element-populated\">\n\t\t\t\t\t\t\t<div class=\"elementor-widget-wrap\">\n\t\t\t\t\t\t<div class=\"elementor-element elementor-element-d0edfce elementor-widget elementor-widget-m2k\" data-id=\"d0edfce\" data-element_type=\"widget\" data-widget_type=\"m2k.default\">\n\t\t\t\t<div class=\"elementor-widget-container\">\n\t\t\t<section class=\"mn-m2-d mn-bg-green\">\n    <div class=\"mn-grid\">\n        <div class=\"mn-grid-12 mn-introtext\">\n                            <h3>\n                    Rady Instytut\u00f3w                <\/h3>\n                        <\/div>\n    <\/div>\n    <\/section>\n\t\t<\/div>\n\t\t\t\t<\/div>\n\t\t\t\t\t\t<\/div>\n\t\t\t\t\t<\/div>\n\t\t<\/div>\n\t\t\t\t\t\t\t\t<\/div>\n\t\t\t\t\t<\/div>\n\t\t<\/section>\n\t\t\t\t<section class=\"elementor-section elementor-top-section elementor-element elementor-element-0b0f2ed elementor-section-boxed elementor-section-height-default elementor-section-height-default\" data-id=\"0b0f2ed\" data-element_type=\"section\">\n\t\t\t\t\t\t<div class=\"elementor-container elementor-column-gap-default\">\n\t\t\t\t\t\t\t<div class=\"elementor-row\">\n\t\t\t\t\t<div class=\"elementor-column elementor-col-100 elementor-top-column elementor-element elementor-element-cb9ea97\" data-id=\"cb9ea97\" data-element_type=\"column\">\n\t\t\t<div class=\"elementor-column-wrap elementor-element-populated\">\n\t\t\t\t\t\t\t<div class=\"elementor-widget-wrap\">\n\t\t\t\t\t\t<div class=\"elementor-element elementor-element-ec91e90 elementor-widget elementor-widget-m5c\" data-id=\"ec91e90\" data-element_type=\"widget\" data-widget_type=\"m5c.default\">\n\t\t\t\t<div class=\"elementor-widget-container\">\n\t\t\t<section class=\"mn-m5-c mn-bg-white\">\n\t<div class=\"mn-grid\">\n\t\t            <div class=\"mn-menu-container mn-grid-3\">\n                <ul class=\"mn-bg-yellow\">\n\t                                        <li>\n                            <a href=\"#\" class=\"active\" data-hash=\"#ibppz\">\n                                Sk\u0142ad Rady Instytutu Biologicznych Podstaw Produkcji Zwierz\u0119cej                            <\/a>\n                        <\/li>\n                                                <li>\n                            <a href=\"#\" class=\"\" data-hash=\"#izzb\">\n                                Sk\u0142ad Rady Instytutu \u017bywienia Zwierz\u0105t i&nbsp;Bromatologii                            <\/a>\n                        <\/li>\n                                        <\/ul>\n            <\/div>\n\t        \t\t<div class=\"mn-content mn-grid-8\">\n\t\t\t                <div class=\"mn-content-block active\">\n\t                                                        <div class=\"block-text\">\n\t                                        <table style=\"border-collapse: collapse; width: 100%; height: 230px;\">\n<tbody>\n<tr style=\"height: 23px;\">\n<td style=\"width: 7.37582%; height: 23px;\">1<\/td>\n<td style=\"width: 35.6738%; height: 23px;\">Prof. dr hab.<\/td>\n<td style=\"width: 56.9503%; height: 23px; text-align: left;\">Zi\u0119ba Grzegorz<\/td>\n<\/tr>\n<tr style=\"height: 23px;\">\n<td style=\"width: 7.37582%; height: 23px;\">2<\/td>\n<td style=\"width: 35.6738%; height: 23px;\">Prof. dr hab.<\/td>\n<td style=\"width: 56.9503%; height: 23px; text-align: left;\">Borsuk Grzegorz<\/td>\n<\/tr>\n<tr style=\"height: 23px;\">\n<td style=\"width: 7.37582%; height: 23px;\">3<\/td>\n<td style=\"width: 35.6738%; height: 23px;\">Prof. dr hab.<\/td>\n<td style=\"width: 56.9503%; height: 23px; text-align: left;\">Gryzi\u0144ska Magdalena<\/td>\n<\/tr>\n<tr style=\"height: 23px;\">\n<td style=\"width: 7.37582%; height: 23px;\">4<\/td>\n<td style=\"width: 35.6738%; height: 23px;\">Prof. dr hab.<\/td>\n<td style=\"width: 56.9503%; height: 23px; text-align: left;\">Rozempolska-Ruci\u0144ska Iwona<\/td>\n<\/tr>\n<tr style=\"height: 23px;\">\n<td style=\"width: 7.37582%; height: 23px;\">5<\/td>\n<td style=\"width: 35.6738%; height: 23px;\">Prof. dr hab.<\/td>\n<td style=\"width: 56.9503%; height: 23px; text-align: left;\">\u015alaska Brygida<\/td>\n<\/tr>\n<tr style=\"height: 23px;\">\n<td style=\"width: 7.37582%; height: 23px;\">6<\/td>\n<td style=\"width: 35.6738%; height: 23px;\">Prof. dr hab.<\/td>\n<td style=\"width: 56.9503%; height: 23px; text-align: left;\">Batkowska Justyna<\/td>\n<\/tr>\n<tr style=\"height: 23px;\">\n<td style=\"width: 7.37582%; height: 23px;\">7<\/td>\n<td style=\"width: 35.6738%; height: 23px;\">Prof. dr hab.<\/td>\n<td style=\"width: 56.9503%; height: 23px; text-align: left;\">Jakubczak Andrzej<\/td>\n<\/tr>\n<tr style=\"height: 23px;\">\n<td style=\"width: 7.37582%; height: 23px;\">8<\/td>\n<td style=\"width: 35.6738%; height: 23px;\">Prof. dr hab.<\/td>\n<td style=\"width: 56.9503%; height: 23px; text-align: left;\">Olszewski Krzysztof<\/td>\n<\/tr>\n<tr style=\"height: 23px;\">\n<td style=\"width: 7.37582%; height: 23px;\">9<\/td>\n<td style=\"width: 35.6738%; height: 23px;\">Dr<\/td>\n<td style=\"width: 56.9503%; height: 23px; text-align: left;\">Kasperek Kornel<\/td>\n<\/tr>\n<tr style=\"height: 23px;\">\n<td style=\"width: 7.37582%; height: 23px;\">10<\/td>\n<td style=\"width: 35.6738%; height: 23px;\">Mgr<\/td>\n<td style=\"width: 56.9503%; height: 23px; text-align: left;\">Siek Monika<\/td>\n<\/tr>\n<\/tbody>\n<\/table>\n                                        <\/div>\n\t\t\t\t\t\t                                <\/div>\n\t\t\t\t                <div class=\"mn-content-block\">\n\t                                                        <div class=\"block-text\">\n\t                                        <p><u>Pracownicy samodzielni:<\/u><\/p>\n<ol style=\"margin-bottom: 20px;\">\n<li>Prof. dr hab. Renata Klebaniuk &#8211; Dyrektor<\/li>\n<li>Prof. dr hab. Eugeniusz Grela<\/li>\n<li>Prof. dr hab. Bo\u017cena Kiczorowska<\/li>\n<li>Prof. dr hab. Ma\u0142gorzata Kwiecie\u0144<\/li>\n<li>Dr hab. prof. uczelni Wioletta Samoli\u0144ska<\/li>\n<li>Dr hab. prof. uczelni Anna Winiarska-Mieczan<\/li>\n<\/ol>\n<p><u>Pracownicy niesamodzielni:<\/u><\/p>\n<ol style=\"margin-bottom: 20px;\" start=\"7\">\n<li>Dr in\u017c. Maciej B\u0105kowski<\/li>\n<li>Dr in\u017c. Edyta Kowalczuk-Vasilev<\/li>\n<\/ol>\n<p><u>Pracownicy techniczni:<\/u><\/p>\n<ol start=\"9\">\n<li>Mgr in\u017c. Anna Danek-Majewska<\/li>\n<\/ol>\n                                        <\/div>\n\t\t\t\t\t\t                                <\/div>\n\t\t\t\t\t\t<\/div>\n\t<\/div>\n<\/section>\n\t\t<\/div>\n\t\t\t\t<\/div>\n\t\t\t\t\t\t<\/div>\n\t\t\t\t\t<\/div>\n\t\t<\/div>\n\t\t\t\t\t\t\t\t<\/div>\n\t\t\t\t\t<\/div>\n\t\t<\/section>\n\t\t\t\t\t\t<\/div>\n\t\t\t\t\t\t<\/div>\n\t\t\t\t\t<\/div>\n\t\t","protected":false},"excerpt":{"rendered":"<p>Rady Instytut\u00f3w UP Wydzia\u0142 Nauk o&nbsp;Zwierz\u0119tach i&nbsp;Biogospodarki Sk\u0142ad Rady Instytutu Biologicznych Podstaw Produkcji Zwierz\u0119cej Sk\u0142ad Rady Instytutu \u017bywienia Zwierz\u0105t i&nbsp;Bromatologii 1 Prof. dr hab. Zi\u0119ba Grzegorz 2 Prof. dr hab. Borsuk Grzegorz 3 Prof. dr hab. Gryzi\u0144ska Magdalena 4 Prof. dr hab. Rozempolska-Ruci\u0144ska Iwona 5 Prof. dr hab. \u015alaska Brygida 6 Prof. dr hab. Batkowska [&hellip;]<\/p>\n","protected":false},"author":2,"featured_media":0,"parent":264,"menu_order":0,"comment_status":"closed","ping_status":"closed","template":"elementor_header_footer","meta":{"_monsterinsights_skip_tracking":false,"_monsterinsights_sitenote_active":false,"_monsterinsights_sitenote_note":"","_monsterinsights_sitenote_category":0},"_links":{"self":[{"href":"https:\/\/up.lublin.pl\/biologia\/wp-json\/wp\/v2\/pages\/143846"}],"collection":[{"href":"https:\/\/up.lublin.pl\/biologia\/wp-json\/wp\/v2\/pages"}],"about":[{"href":"https:\/\/up.lublin.pl\/biologia\/wp-json\/wp\/v2\/types\/page"}],"author":[{"embeddable":true,"href":"https:\/\/up.lublin.pl\/biologia\/wp-json\/wp\/v2\/users\/2"}],"replies":[{"embeddable":true,"href":"https:\/\/up.lublin.pl\/biologia\/wp-json\/wp\/v2\/comments?post=143846"}],"version-history":[{"count":43,"href":"https:\/\/up.lublin.pl\/biologia\/wp-json\/wp\/v2\/pages\/143846\/revisions"}],"predecessor-version":[{"id":167681,"href":"https:\/\/up.lublin.pl\/biologia\/wp-json\/wp\/v2\/pages\/143846\/revisions\/167681"}],"up":[{"embeddable":true,"href":"https:\/\/up.lublin.pl\/biologia\/wp-json\/wp\/v2\/pages\/264"}],"wp:attachment":[{"href":"https:\/\/up.lublin.pl\/biologia\/wp-json\/wp\/v2\/media?parent=143846"}],"curies":[{"name":"wp","href":"https:\/\/api.w.org\/{rel}","templated":true}]}}