{"id":142745,"date":"2021-07-22T10:47:16","date_gmt":"2021-07-22T08:47:16","guid":{"rendered":"https:\/\/up.lublin.pl\/biologia\/?page_id=142745"},"modified":"2025-05-27T10:41:44","modified_gmt":"2025-05-27T08:41:44","slug":"hodowla-malych-przezuwaczy","status":"publish","type":"page","link":"https:\/\/up.lublin.pl\/biologia\/wydzial\/struktura-i-pracownicy\/hodowla-zwierzat-doradztwo-rolnicze\/hodowla-malych-przezuwaczy\/","title":{"rendered":"Zak\u0142ad Hodowli Ma\u0142ych Prze\u017cuwaczy i Doradztwa Rolniczego"},"content":{"rendered":"\t\t<div data-elementor-type=\"wp-page\" data-elementor-id=\"142745\" class=\"elementor elementor-142745\" data-elementor-settings=\"[]\">\n\t\t\t\t\t\t<div class=\"elementor-inner\">\n\t\t\t\t\t\t\t<div class=\"elementor-section-wrap\">\n\t\t\t\t\t\t\t<section class=\"elementor-section elementor-top-section elementor-element elementor-element-d554747 elementor-section-boxed elementor-section-height-default elementor-section-height-default\" data-id=\"d554747\" data-element_type=\"section\">\n\t\t\t\t\t\t<div class=\"elementor-container elementor-column-gap-default\">\n\t\t\t\t\t\t\t<div class=\"elementor-row\">\n\t\t\t\t\t<div class=\"elementor-column elementor-col-100 elementor-top-column elementor-element elementor-element-0fb4852\" data-id=\"0fb4852\" data-element_type=\"column\">\n\t\t\t<div class=\"elementor-column-wrap elementor-element-populated\">\n\t\t\t\t\t\t\t<div class=\"elementor-widget-wrap\">\n\t\t\t\t\t\t<div class=\"elementor-element elementor-element-87afa88 elementor-widget elementor-widget-m2k\" data-id=\"87afa88\" data-element_type=\"widget\" data-widget_type=\"m2k.default\">\n\t\t\t\t<div class=\"elementor-widget-container\">\n\t\t\t<section class=\"mn-m2-d mn-bg-green\">\n    <div class=\"mn-grid\">\n        <div class=\"mn-grid-12 mn-introtext\">\n                            <h3>\n                    Zak\u0142ad Hodowli Ma\u0142ych Prze\u017cuwaczy i&nbsp;Doradztwa Rolniczego                <\/h3>\n                        <\/div>\n    <\/div>\n    <\/section>\n\t\t<\/div>\n\t\t\t\t<\/div>\n\t\t\t\t\t\t<\/div>\n\t\t\t\t\t<\/div>\n\t\t<\/div>\n\t\t\t\t\t\t\t\t<\/div>\n\t\t\t\t\t<\/div>\n\t\t<\/section>\n\t\t\t\t<section class=\"elementor-section elementor-top-section elementor-element elementor-element-d2ea379 elementor-section-boxed elementor-section-height-default elementor-section-height-default\" data-id=\"d2ea379\" data-element_type=\"section\">\n\t\t\t\t\t\t<div class=\"elementor-container elementor-column-gap-default\">\n\t\t\t\t\t\t\t<div class=\"elementor-row\">\n\t\t\t\t\t<div class=\"elementor-column elementor-col-100 elementor-top-column elementor-element elementor-element-f132928\" data-id=\"f132928\" data-element_type=\"column\">\n\t\t\t<div class=\"elementor-column-wrap elementor-element-populated\">\n\t\t\t\t\t\t\t<div class=\"elementor-widget-wrap\">\n\t\t\t\t\t\t<div class=\"elementor-element elementor-element-5603025 elementor-widget elementor-widget-m5c\" data-id=\"5603025\" data-element_type=\"widget\" data-widget_type=\"m5c.default\">\n\t\t\t\t<div class=\"elementor-widget-container\">\n\t\t\t<section class=\"mn-m5-c mn-bg-white\">\n\t<div class=\"mn-grid\">\n\t\t            <div class=\"mn-menu-container mn-grid-3\">\n                <ul class=\"mn-bg-yellow\">\n\t                                        <li>\n                            <a href=\"#\" class=\"active\" data-hash=\"#dydaktyka\">\n                                Dydaktyka                            <\/a>\n                        <\/li>\n                                                <li>\n                            <a href=\"#\" class=\"\" data-hash=\"#badania\">\n                                Badania                            <\/a>\n                        <\/li>\n                                                <li>\n                            <a href=\"#\" class=\"\" data-hash=\"#publikacje\">\n                                Publikacje                            <\/a>\n                        <\/li>\n                                                <li>\n                            <a href=\"#\" class=\"\" data-hash=\"#oferta\">\n                                Oferta                            <\/a>\n                        <\/li>\n                                        <\/ul>\n            <\/div>\n\t        \t\t<div class=\"mn-content mn-grid-8\">\n\t\t\t                <div class=\"mn-content-block active\">\n\t                                                        <div class=\"block-text\">\n\t                                        <p><b>Realizowane przedmioty i&nbsp;ich obsada:<\/b> <\/p>\n<p>Kierunek: ZOOTECHNIKA <\/p>\n<table border=\"1\">\n<tbody>\n<tr>\n<td>Przedmiot<\/td>\n<td>Prowadz\u0105cy<\/td>\n<\/tr>\n<tr>\n<td>Ochrona w\u0142asno\u015bci intelektualnych<\/td>\n<td>dr W. Bojar<\/td>\n<\/tr>\n<tr>\n<td>Ch\u00f3w i&nbsp;hodowla owiec i&nbsp;k\u00f3z<\/td>\n<td>prof. dr hab. T. M. Gruszecki<\/td>\n<\/tr>\n<tr>\n<td>Technologie produkcji jagni\u0105t i&nbsp;ko\u017al\u0105t<\/td>\n<td>prof. dr hab. T. M. Gruszecki<\/td>\n<\/tr>\n<tr>\n<td>Prawo rolne w&nbsp;UE<\/td>\n<td>dr W. Bojar<\/td>\n<\/tr>\n<tr>\n<td>Prawodawstwo hodowlane<\/td>\n<td>prof. dr hab. T. M. Gruszecki<\/td>\n<\/tr>\n<tr>\n<td>Zr\u00f3wnowa\u017cone systemy produkcji rolniczej<\/td>\n<td>dr hab. A. Szymanowska prof. UP<\/td>\n<\/tr>\n<tr>\n<td>Systemy produkcji jagni\u0105t i&nbsp;ko\u017al\u0105t rze\u017anych<\/td>\n<td>prof. dr hab. T. M. Gruszecki<\/td>\n<\/tr>\n<tr>\n<td>Technologia informacyjna<\/td>\n<td>dr K. Patkowski<\/td>\n<\/tr>\n<tr>\n<td>Technologie uzdatniania sk\u00f3r i&nbsp;przerobu we\u0142n<\/td>\n<td>dr hab. A. Szymanowska prof. UP<\/td>\n<\/tr>\n<tr>\n<td>Fundusze pomocowe dla rolnictwa<\/td>\n<td>dr K. Patkowski<\/td>\n<\/tr>\n<tr>\n<td>Doradztwo rolnicze<\/td>\n<td>dr hab. A. Szymanowska prof. UP<\/td>\n<\/tr>\n<tr>\n<td>Metody bada\u0144 w&nbsp;zakresie chowu i&nbsp;u\u017cytkowania zwierz\u0105t<\/td>\n<td>dr hab. A. Junkuszew<\/td>\n<\/tr>\n<tr>\n<td>Spo\u0142ecze\u0144stwa wsp\u00f3\u0142czesne<\/td>\n<td>dr hab. A. Junkuszew<\/td>\n<\/tr>\n<tr>\n<td>Informatyka w&nbsp;zootechnice<\/td>\n<td>dr M. Gregu\u0142a- Kania<\/td>\n<\/tr>\n<\/tbody>\n<\/table>\n<p>Kierunek: OCHRONA \u015aRODOWISKA<\/p>\n<table border=\"1\">\n<tbody>\n<tr>\n<td>Przedmiot<\/td>\n<td>Prowadz\u0105cy<\/td>\n<\/tr>\n<tr>\n<td>Wsp\u00f3\u0142czesne spo\u0142ecze\u0144stwa<\/td>\n<td>dr hab. A. Junkuszew<\/td>\n<\/tr>\n<tr>\n<td>Ochrona w\u0142asno\u015bci intelektualnej<\/td>\n<td>dr W. Bojar<\/td>\n<\/tr>\n<tr>\n<td>Prawo w&nbsp;ochronie \u015brodowiska<\/td>\n<td>dr W. Bojar<\/td>\n<\/tr>\n<tr>\n<td>Programy rolno-\u015brodowiskowe i&nbsp;doradztwo ekologiczne<\/td>\n<td>dr hab. A. Junkuszew<\/td>\n<\/tr>\n<tr>\n<td>Technologie produkcji zwierz\u0119cej a&nbsp;\u015brodowisko<\/td>\n<td>prof. dr hab. T. M. Gruszecki<\/td>\n<\/tr>\n<tr>\n<td>Technologie ochrony \u015brodowiska<\/td>\n<td>dr hab. A. Junkuszew<\/td>\n<\/tr>\n<tr>\n<td>Polityka ochrony \u015brodowiska<\/td>\n<td>dr W. Bojar<\/td>\n<\/tr>\n<tr>\n<td>Zwierz\u0119ta w&nbsp;czynnej ochronie \u015brodowiska<\/td>\n<td>prof. dr hab. T. M. Gruszecki<\/td>\n<\/tr>\n<\/tbody>\n<\/table>\n<p>\u00a0<\/p>\n<p>Kierunek: BIOLOGIA<\/p>\n<table border=\"1\">\n<tbody>\n<tr>\n<td>Przedmiot<\/td>\n<td>Prowadz\u0105cy<\/td>\n<\/tr>\n<tr>\n<td>Ochrona w\u0142asno\u015bci intelektualnej<\/td>\n<td>dr W. Bojar<\/td>\n<\/tr>\n<tr>\n<td>Biologia i&nbsp;u\u017cytkowanie zwierz\u0105t gospodarskich<\/td>\n<td>dr hab. A. Junkuszew<\/td>\n<\/tr>\n<tr>\n<td>Zwierz\u0119ta w&nbsp;kulturze cz\u0142owieka<\/td>\n<td>dr hab. A. Junkuszew<\/td>\n<\/tr>\n<\/tbody>\n<\/table>\n<p>Kierunek: BEZPIECZE\u0143STWO \u017bYWNO\u015aCI<\/p>\n<table border=\"1\">\n<tbody>\n<tr>\n<td>Prowadz\u0105cy<\/td>\n<td>Przedmiot<\/td>\n<\/tr>\n<tr>\n<td>Ochrona w\u0142asno\u015bci intelektualnej<\/td>\n<td>Produkty uboczne w&nbsp;przemy\u015ble rolno-spo\u017cywczym<\/td>\n<\/tr>\n<tr>\n<td>Utylizacja i&nbsp;zagospodarowanie produkt\u00f3w ubocznych w&nbsp;produkcji \u017cywno\u015bci<\/td>\n<td>dr hab. A. Junkuszew<\/td>\n<\/tr>\n<tr>\n<td>Produkty uboczne w&nbsp;przemy\u015ble rolno-spo\u017cywczym<\/td>\n<td>dr hab. A. Junkuszew<\/td>\n<\/tr>\n<\/tbody>\n<\/table>\n<p>\u00a0<\/p>\n<p>Kierunek: HIPOLOGIA I&nbsp;JE\u0179DZIECTWO<\/p>\n<table border=\"1\">\n<tbody>\n<tr>\n<td>Przedmiot<\/td>\n<td>Prowadz\u0105cy<\/td>\n<\/tr>\n<tr>\n<td>Ochrona w\u0142asno\u015bci intelektualnych<\/td>\n<td>dr W. Bojar<\/td>\n<\/tr>\n<tr>\n<td>Hodowla ma\u0142ych prze\u017cuwaczy<\/td>\n<td>dr K. Patkowski<\/td>\n<\/tr>\n<tr>\n<td>Technologia informacyjna<\/td>\n<td>dr M. Gregu\u0142a -Kania<\/td>\n<\/tr>\n<tr>\n<td>Zastosowanie informatyki w&nbsp;hipologii<\/td>\n<td>dr M. Gregu\u0142a -Kania<\/td>\n<\/tr>\n<\/tbody>\n<\/table>\n<p>\u00a0<\/p>\n<p>Kierunek: BEHAWIORYSTYKA ZWIERZ\u0104T<\/p>\n<table border=\"1\">\n<tbody>\n<tr>\n<td>Przedmiot<\/td>\n<td>Prowadz\u0105cy<\/td>\n<\/tr>\n<tr>\n<td>Ekologia zwierz\u0105t gospodarskich<\/td>\n<td>prof. dr hab. T. M. Gruszecki<\/td>\n<\/tr>\n<tr>\n<td>Ochrona w\u0142asno\u015bci intelektualnej<\/td>\n<td>dr W. Bojar<\/td>\n<\/tr>\n<tr>\n<td>Doradztwo w&nbsp;chowie i&nbsp;u\u017cytkowaniu zwierz\u0105t\/<br \/>zwierz\u0119ta w&nbsp;kulturze cz\u0142owieka<\/td>\n<td>dr hab. A. Junkuszew<\/td>\n<\/tr>\n<tr>\n<td>Modelowanie \u015brodowiska zwierz\u0105t<\/td>\n<td>dr K. Patkowski<\/td>\n<\/tr>\n<tr>\n<td>Zwierz\u0119ta w&nbsp;agroturystyce<\/td>\n<td>dr K. Patkowski<\/td>\n<\/tr>\n<\/tbody>\n<\/table>\n<p>\u00a0<\/p>\n<p>Kierunek: DORADZTWO W&nbsp;OBSZARACH WIEJSKICH<\/p>\n<table border=\"1\">\n<tbody>\n<tr>\n<td>Przedmiot<\/td>\n<td>Prowadz\u0105cy<\/td>\n<\/tr>\n<tr>\n<td>Dobra praktyka rolnicza<\/td>\n<td>dr hab. A. Szymanowska prof. UP<\/td>\n<\/tr>\n<tr>\n<td>Podstawy dzia\u0142alno\u015bci gospodarczej<\/td>\n<td>dr W. Bojar<\/td>\n<\/tr>\n<tr>\n<td>Zwierz\u0119ta gospodarskie w&nbsp;\u015brodowisku przyrodniczym<\/td>\n<td>prof. dr hab. T. M. Gruszecki<\/td>\n<\/tr>\n<tr>\n<td>Zwierz\u0119ta gospodarskie w&nbsp;\u015brodowisku przyrodniczym<\/td>\n<td>dr hab. A. Junkuszew<\/td>\n<\/tr>\n<tr>\n<td>Spo\u0142ecze\u0144stwo wsp\u00f3\u0142czesne \/ bioetyka<\/td>\n<td>dr hab. A. Junkuszew<\/td>\n<\/tr>\n<tr>\n<td>Metody bada\u0144 statystycznych w&nbsp;rolnictwie<\/td>\n<td>dr hab. A. Junkuszew<\/td>\n<\/tr>\n<tr>\n<td>Sp\u00f3\u0142dzielczo\u015b\u0107 wiejska<\/td>\n<td>dr hab. A. Szymanowska prof. UP<\/td>\n<\/tr>\n<tr>\n<td>Gospodarowanie odpadami w&nbsp;produkcji rolniczej<\/td>\n<td>dr hab. A. Junkuszew<\/td>\n<\/tr>\n<tr>\n<td>Programy rolno\u015brodowiskowe<\/td>\n<td>dr K. Patkowski<\/td>\n<\/tr>\n<tr>\n<td>Zasady i&nbsp;techniki pracy doradcy<\/td>\n<td>dr W. Bojar<\/td>\n<\/tr>\n<tr>\n<td>Prawnospo\u0142eczne aspekty nauk przyrodniczych<\/td>\n<td>dr M. Gregu\u0142a &#8211; Kania<\/td>\n<\/tr>\n<\/tbody>\n<\/table>\n<p>Data aktualizacji 19 kwietnia 2016 r.<\/p>\n                                        <\/div>\n\t\t\t\t\t\t                                <\/div>\n\t\t\t\t                <div class=\"mn-content-block\">\n\t                                                        <div class=\"block-text\">\n\t                                        <p>G\u0142\u00f3wne kierunki dzia\u0142alno\u015bci naukowo-badawczej:<\/p>\n<ul>\n<li>doskonalenie cech reprodukcyjnych owiec i&nbsp;k\u00f3z z&nbsp;wykorzystaniem techniki laparoskopowej<\/li>\n<li>doskonalenie cech u\u017cytkowo\u015bci mi\u0119snej owiec i&nbsp;k\u00f3z z&nbsp;wykorzystaniem techniki USG<\/li>\n<li>ocena parametr\u00f3w genetycznych z&nbsp;wykorzystaniem nowych metod statystycznych<\/li>\n<li>ocena mo\u017cliwo\u015bci poprawy cech funkcjonalnych mi\u0119sa i&nbsp;mleka owiec i&nbsp;k\u00f3z<\/li>\n<li>behawior owiec i&nbsp;k\u00f3z<\/li>\n<li>wykorzystanie metod molekularnych do szacowania mi\u0119sno\u015bci owiec i&nbsp;k\u00f3z<\/li>\n<\/ul>\n<p>\u00a0<\/p>\n<p>Realizowane tematy badawcze:<\/p>\n<ul>\n<li>Symbol tematu: ZKO\/DS-1<\/li>\n<\/ul>\n<p>\u00a0 \u00a0Tytu\u0142: Wp\u0142yw warunk\u00f3w dobrostanu zwierz\u0105t na ich wzrost, warto\u015b\u0107 rze\u017an\u0105 oraz jako\u015b\u0107 pozyskiwanych \u00a0 surowc\u00f3w<br \/>\u00a0\u00a0 \u00a0 Kierownik projektu:\u00a0dr hab. Andrzej Junkuszew<\/p>\n<ul>\n<li>Symbol tematu: ZKO\/DS-4<br \/>Tytu\u0142: Doskonalenie u\u017cytkowo\u015bci mi\u0119snej i&nbsp;cech reprodukcyjnych owiec i&nbsp;k\u00f3z<br \/>Kierownik tematu: Prof. dr hab. Tomasz M. Gruszecki<\/li>\n<li>Symbol tematu: ZKO\/DS-5<br \/>Tytu\u0142: Ma\u0142e prze\u017cuwacze w&nbsp;rolnictwie zr\u00f3wnowa\u017conym<br \/>Kierownik tematu: Dr hab. Anna Szymanowska<\/li>\n<\/ul>\n<p>\u00a0<\/p>\n<p>Projekty badawcze:<\/p>\n<ol>\n<li>Nr 520\/2014\/Wn-03\/OP-XN-02\/D \u201eOchrona bior\u00f3\u017cnorodno\u015bci siedlisk trawiastych wschodniej Lubelszczyzny\u201d\n<ul>\n<li>kierownik projektu: Beata Sielewicz \u2013 Regionalna Dyrekcja Ochrony \u015arodowiska w&nbsp;Lublinie<\/li>\n<li>kierownik zadania: prof. dr hab. Tomasz M. Gruszecki<\/li>\n<\/ul>\n<\/li>\n<li>Nr 297267 \u201eKierunki wykorzystania oraz ochrona zasob\u00f3w genetycznych zwierz\u0105t gospodarskich w&nbsp;warunkach zr\u00f3wnowa\u017conego rozwoju\u201d finansowany przez Narodowe Centrum Bada\u0144 i&nbsp;Rozwoju ze \u015brodk\u00f3w Programu BIOSTARTEG\n<ul>\n<li>kierownik tematu: prof. dr hab. J\u0119drzej Krupi\u0144ski \u2013 Instytut Zootechniki Pa\u0144stwowy Instytut Badawczy<\/li>\n<\/ul>\n<\/li>\n<li>Zadanie badawcze: \u201eWykorzystanie zwierz\u0105t gospodarskich ras lokalnych w&nbsp;ochronie i&nbsp;w\u0142a\u015bciwym zagospodarowaniu siedlisk cennych przyrodniczo\u201d\n<ul>\n<li>kierownik zadania: prof. dr hab. Tomasz M. Gruszecki<\/li>\n<\/ul>\n<\/li>\n<\/ol>\n                                        <\/div>\n\t\t\t\t\t\t                                <\/div>\n\t\t\t\t                <div class=\"mn-content-block\">\n\t                                                        <div class=\"block-text\">\n\t                                        <h1 style=\"text-align: center;\">Wykaz publikacji<\/h1>\n<h1 style=\"text-align: center;\">Pracownik\u00f3w Katedry Hodowli Zwierz\u0105t i&nbsp;Doradztwa Rolniczego<\/h1>\n                                        <\/div>\n\t\t\t\t\t\t                                                        <div class=\"mn-cards-list\">\n                                            <div class=\"mn-card-container\">\n                                                <div>\n                                                    <img src=\"https:\/\/up.lublin.pl\/biologia\/wp-content\/themes\/up-lublin\/assets\/images\/doc-ico.svg\" alt=\"\" \/>\n                                                    <h5>dost\u0119p online - publikacje.up.lublin.pl<\/h5>\n                                                <\/div>\n                                                <a href=\"https:\/\/publikacje.up.lublin.pl\/bpp\/jednostka\/Katedra-Holdowli-Zwierzat-i-Doradztwa-Rolniczego\/\" class=\"mn-more\" target=\"_blank\">Zobacz<\/a>\n                                            <\/div>\n                                        <\/div>\n\t\t\t\t\t\t                                                        <div class=\"block-text\">\n\t                                        <p style=\"text-align: center;\"><strong>Wykaz publikacji wg archiwalnych nazw jednostki:<\/strong><\/p>\n                                        <\/div>\n\t\t\t\t\t\t                                                        <div class=\"mn-cards-list\">\n                                            <div class=\"mn-card-container\">\n                                                <div>\n                                                    <img src=\"https:\/\/up.lublin.pl\/biologia\/wp-content\/themes\/up-lublin\/assets\/images\/doc-ico.svg\" alt=\"\" \/>\n                                                    <h5>Katedra Hodowli i&nbsp;Technologii Produkcji Trzody Chlewnej<\/h5>\n                                                <\/div>\n                                                <a href=\"https:\/\/publikacje.up.lublin.pl\/bpp\/jednostka\/Katedra-Hodowli-i-Technologii-Produkcji-Trzody-Chl\/\" class=\"mn-more\" target=\"_blank\">Zobacz<\/a>\n                                            <\/div>\n                                        <\/div>\n\t\t\t\t\t\t                                                        <div class=\"mn-cards-list\">\n                                            <div class=\"mn-card-container\">\n                                                <div>\n                                                    <img src=\"https:\/\/up.lublin.pl\/biologia\/wp-content\/themes\/up-lublin\/assets\/images\/doc-ico.svg\" alt=\"\" \/>\n                                                    <h5>Katedra Hodowli Ma\u0142ych Prze\u017cuwaczy i&nbsp;Doradztwa Rolniczego<\/h5>\n                                                <\/div>\n                                                <a href=\"https:\/\/publikacje.up.lublin.pl\/bpp\/jednostka\/Katedra-Hodowli-Malych-Przezuwaczy-i-Doradztwa-Rol\/\" class=\"mn-more\" target=\"_blank\">Zobacz<\/a>\n                                            <\/div>\n                                        <\/div>\n\t\t\t\t\t\t                                                        <div class=\"mn-cards-list\">\n                                            <div class=\"mn-card-container\">\n                                                <div>\n                                                    <img src=\"https:\/\/up.lublin.pl\/biologia\/wp-content\/themes\/up-lublin\/assets\/images\/doc-ico.svg\" alt=\"\" \/>\n                                                    <h5>Instytut Hodowli Zwierz\u0105t i&nbsp;Ochrony Bior\u00f3\u017cnorodno\u015bci<\/h5>\n                                                <\/div>\n                                                <a href=\"https:\/\/publikacje.up.lublin.pl\/bpp\/jednostka\/Instytut-Hodowli-Zwierzat-i-Ochrony-Bioroznorodnos\/\" class=\"mn-more\" target=\"_blank\">Zobacz<\/a>\n                                            <\/div>\n                                        <\/div>\n\t\t\t\t\t\t                                                        <div class=\"block-text\">\n\t                                        <p><a href=\"https:\/\/up.lublin.pl\/biologia\/wp-content\/uploads\/sites\/4\/2021\/07\/ochrona_siedlisk_okladka.jpg\"><img loading=\"lazy\" class=\"aligncenter size-full wp-image-142754\" src=\"https:\/\/up.lublin.pl\/biologia\/wp-content\/uploads\/sites\/4\/2021\/07\/ochrona_siedlisk_okladka.jpg\" alt=\"\" width=\"250\" height=\"173\" \/><\/a><\/p>\n                                        <\/div>\n\t\t\t\t\t\t                                                        <div class=\"mn-cards-list\">\n                                            <div class=\"mn-card-container\">\n                                                <div>\n                                                    <img src=\"https:\/\/up.lublin.pl\/biologia\/wp-content\/themes\/up-lublin\/assets\/images\/doc-ico.svg\" alt=\"\" \/>\n                                                    <h5>Czynna ochrona wybranych siedlisk Natura 2000 z&nbsp;wykorzystaniem rodzimych ras owiec, pod redakcj\u0105 prof. dr hab. T.M. Gruszeckiego, Lublin 2012, ISBN:978-83-9333059-4-0<\/h5>\n                                                <\/div>\n                                                <a href=\"https:\/\/up.lublin.pl\/biologia\/wp-content\/uploads\/sites\/4\/2021\/07\/ochrona_siedlisk.pdf\" class=\"mn-more\" target=\"_blank\">Zobacz<\/a>\n                                            <\/div>\n                                        <\/div>\n\t\t\t\t\t\t                                <\/div>\n\t\t\t\t                <div class=\"mn-content-block\">\n\t                                                        <div class=\"block-text\">\n\t                                        <p>Prowadzone badania o&nbsp;charakterze utylitarnym dotycz\u0105 nast\u0119puj\u0105cych zagadnie\u0144:<\/p>\n<ul>\n<li>genetyczne i&nbsp;\u015brodowiskowe uwarunkowania u\u017cytkowo\u015bci rozp\u0142odowej i&nbsp;mi\u0119snej owiec i&nbsp;k\u00f3z<\/li>\n<li>wykorzystanie ma\u0142ych prze\u017cuwaczy w&nbsp;rolnictwie zr\u00f3wnowa\u017conym oraz w&nbsp;czynnej ochronie \u015brodowiska naturalnego<\/li>\n<li>praca hodowlana w&nbsp;stadach owiec obj\u0119tych ochron\u0105 zasob\u00f3w genetycznych<\/li>\n<\/ul>\n<p>Pracownicy Katedry realizuj\u0105c powy\u017csze badania wsp\u00f3\u0142pracuj\u0105 aktywnie z&nbsp;nast\u0119puj\u0105cymi jednostkami:<br \/>\u00a0<\/p>\n<ul>\n<li>uczelnie lubelskie (KUL, Politechnika, UMCS)<\/li>\n<li>wszystkie uczelnie rolnicze w&nbsp;ca\u0142ym kraju<\/li>\n<li>Pa\u0144stwowy Instytut Weterynaryjny PIB w&nbsp;Pu\u0142awach<\/li>\n<li>Instytut Zootechniki PIB w&nbsp;Balicach<\/li>\n<li>Instytut Genetyki i&nbsp;Hodowli Zwierz\u0105t PAN w&nbsp;Jastrz\u0119bcu<\/li>\n<li>Instytut Medycyny Wsi w&nbsp;Lublinie<\/li>\n<li>Polski Zwi\u0105zek Owczarski w&nbsp;Warszawie<\/li>\n<li>Regionalny Zwi\u0105zek Hodowc\u00f3w Owiec i&nbsp;Koz w&nbsp;Lublinie<\/li>\n<li>Lubelski O\u015brodek Doradztwa Rolniczego w&nbsp;Ko\u0144skowoli<\/li>\n<li>Ubojnia ciel\u0105t i&nbsp;jagni\u0105t \u201ePo\u0142onina\u201d w&nbsp;Lesku Sp. z.o.o.\u00a0<\/li>\n<li>zak\u0142ady przemys\u0142u mi\u0119snego zlokalizowane na terenie wojew\u00f3dztwa lubelskiego<br \/>\u00a0<\/li>\n<\/ul>\n<p>Pracownicy Katedry podejmuj\u0105 praktyczn\u0105 wsp\u00f3\u0142prac\u0119 w&nbsp;nast\u0119puj\u0105cych obszarach bada\u0144:<br \/>\u00a0<\/p>\n<ul>\n<li>u\u017cytkowanie mi\u0119sna i&nbsp;rozp\u0142odowe owiec oraz k\u00f3z<\/li>\n<li>u\u017cytkowanie mleczne k\u00f3z<\/li>\n<li>ochrona zasob\u00f3w genetycznych zwierz\u0105t gospodarskich<\/li>\n<li>prozdrowotne cechy mi\u0119sa jagni\u0119cego i&nbsp;ko\u017al\u0119cego<\/li>\n<li>doradztwo rolnicze\u00a0<\/li>\n<li>ma\u0142e prze\u017cuwacze w&nbsp;czynnej ochronie \u015brodowiska rolniczego<\/li>\n<li>owce i&nbsp;kozy jako element rolnictwa zr\u00f3wnowa\u017conego<\/li>\n<li>zwierz\u0119ta gospodarskie bioindykatorem zagro\u017ce\u0144 zdrowia ludzi i&nbsp;zwierz\u0105t w\u0142\u00f3knami azbestu w&nbsp;powietrzu atmosferycznym.<\/li>\n<\/ul>\n<p>Kontakt:<\/p>\n<p>Kierownik:<b> prof. dr hab. Andrzej Junkuszew<\/b><br \/>tel. 81-445-67-12<br \/>e-mail: <a href=\"mailto:andrzej.junkuszew@up.lublin.pl\">andrzej.junkuszew@up.lublin.pl<\/a><\/p>\n                                        <\/div>\n\t\t\t\t\t\t                                <\/div>\n\t\t\t\t\t\t<\/div>\n\t<\/div>\n<\/section>\n\t\t<\/div>\n\t\t\t\t<\/div>\n\t\t\t\t\t\t<\/div>\n\t\t\t\t\t<\/div>\n\t\t<\/div>\n\t\t\t\t\t\t\t\t<\/div>\n\t\t\t\t\t<\/div>\n\t\t<\/section>\n\t\t\t\t\t\t<\/div>\n\t\t\t\t\t\t<\/div>\n\t\t\t\t\t<\/div>\n\t\t","protected":false},"excerpt":{"rendered":"<p>Zak\u0142ad Hodowli Ma\u0142ych Prze\u017cuwaczy i&nbsp;Doradztwa Rolniczego UP Wydzia\u0142 Nauk o&nbsp;Zwierz\u0119tach i&nbsp;Biogospodarki Dydaktyka Badania Publikacje Oferta Realizowane przedmioty i&nbsp;ich obsada: Kierunek: ZOOTECHNIKA Przedmiot Prowadz\u0105cy Ochrona w\u0142asno\u015bci intelektualnych dr W. Bojar Ch\u00f3w i&nbsp;hodowla owiec i&nbsp;k\u00f3z prof. dr hab. T. M. Gruszecki Technologie produkcji jagni\u0105t i&nbsp;ko\u017al\u0105t prof. dr hab. T. M. Gruszecki Prawo rolne w&nbsp;UE dr W. Bojar [&hellip;]<\/p>\n","protected":false},"author":2,"featured_media":0,"parent":142731,"menu_order":0,"comment_status":"closed","ping_status":"closed","template":"elementor_header_footer","meta":{"_monsterinsights_skip_tracking":false,"_monsterinsights_sitenote_active":false,"_monsterinsights_sitenote_note":"","_monsterinsights_sitenote_category":0},"_links":{"self":[{"href":"https:\/\/up.lublin.pl\/biologia\/wp-json\/wp\/v2\/pages\/142745"}],"collection":[{"href":"https:\/\/up.lublin.pl\/biologia\/wp-json\/wp\/v2\/pages"}],"about":[{"href":"https:\/\/up.lublin.pl\/biologia\/wp-json\/wp\/v2\/types\/page"}],"author":[{"embeddable":true,"href":"https:\/\/up.lublin.pl\/biologia\/wp-json\/wp\/v2\/users\/2"}],"replies":[{"embeddable":true,"href":"https:\/\/up.lublin.pl\/biologia\/wp-json\/wp\/v2\/comments?post=142745"}],"version-history":[{"count":31,"href":"https:\/\/up.lublin.pl\/biologia\/wp-json\/wp\/v2\/pages\/142745\/revisions"}],"predecessor-version":[{"id":179598,"href":"https:\/\/up.lublin.pl\/biologia\/wp-json\/wp\/v2\/pages\/142745\/revisions\/179598"}],"up":[{"embeddable":true,"href":"https:\/\/up.lublin.pl\/biologia\/wp-json\/wp\/v2\/pages\/142731"}],"wp:attachment":[{"href":"https:\/\/up.lublin.pl\/biologia\/wp-json\/wp\/v2\/media?parent=142745"}],"curies":[{"name":"wp","href":"https:\/\/api.w.org\/{rel}","templated":true}]}}