{"id":142371,"date":"2021-07-22T07:49:49","date_gmt":"2021-07-22T05:49:49","guid":{"rendered":"https:\/\/up.lublin.pl\/biologia\/?page_id=142371"},"modified":"2024-07-02T11:51:25","modified_gmt":"2024-07-02T09:51:25","slug":"instytut-biologicznych-podstaw-produkcji-zwierzecej","status":"publish","type":"page","link":"https:\/\/up.lublin.pl\/biologia\/wydzial\/struktura-i-pracownicy\/instytut-biologicznych-podstaw-produkcji-zwierzecej\/","title":{"rendered":"Instytut Biologicznych Podstaw Produkcji Zwierz\u0119cej"},"content":{"rendered":"\t\t<div data-elementor-type=\"wp-page\" data-elementor-id=\"142371\" class=\"elementor elementor-142371\" data-elementor-settings=\"[]\">\n\t\t\t\t\t\t<div class=\"elementor-inner\">\n\t\t\t\t\t\t\t<div class=\"elementor-section-wrap\">\n\t\t\t\t\t\t\t<section class=\"elementor-section elementor-top-section elementor-element elementor-element-0611ad4 elementor-section-boxed elementor-section-height-default elementor-section-height-default\" data-id=\"0611ad4\" data-element_type=\"section\">\n\t\t\t\t\t\t<div class=\"elementor-container elementor-column-gap-default\">\n\t\t\t\t\t\t\t<div class=\"elementor-row\">\n\t\t\t\t\t<div class=\"elementor-column elementor-col-100 elementor-top-column elementor-element elementor-element-9ae8c8b\" data-id=\"9ae8c8b\" data-element_type=\"column\">\n\t\t\t<div class=\"elementor-column-wrap elementor-element-populated\">\n\t\t\t\t\t\t\t<div class=\"elementor-widget-wrap\">\n\t\t\t\t\t\t<div class=\"elementor-element elementor-element-e8158da elementor-widget elementor-widget-m2k\" data-id=\"e8158da\" data-element_type=\"widget\" data-widget_type=\"m2k.default\">\n\t\t\t\t<div class=\"elementor-widget-container\">\n\t\t\t<section class=\"mn-m2-d mn-bg-green\">\n    <div class=\"mn-grid\">\n        <div class=\"mn-grid-12 mn-introtext\">\n                            <h3>\n                    Instytut Biologicznych Podstaw Produkcji Zwierz\u0119cej                <\/h3>\n                        <\/div>\n    <\/div>\n    <\/section>\n\t\t<\/div>\n\t\t\t\t<\/div>\n\t\t\t\t\t\t<\/div>\n\t\t\t\t\t<\/div>\n\t\t<\/div>\n\t\t\t\t\t\t\t\t<\/div>\n\t\t\t\t\t<\/div>\n\t\t<\/section>\n\t\t\t\t<section class=\"elementor-section elementor-top-section elementor-element elementor-element-3f77bf1 elementor-section-boxed elementor-section-height-default elementor-section-height-default\" data-id=\"3f77bf1\" data-element_type=\"section\">\n\t\t\t\t\t\t<div class=\"elementor-container elementor-column-gap-default\">\n\t\t\t\t\t\t\t<div class=\"elementor-row\">\n\t\t\t\t\t<div class=\"elementor-column elementor-col-100 elementor-top-column elementor-element elementor-element-faca5e8\" data-id=\"faca5e8\" data-element_type=\"column\">\n\t\t\t<div class=\"elementor-column-wrap elementor-element-populated\">\n\t\t\t\t\t\t\t<div class=\"elementor-widget-wrap\">\n\t\t\t\t\t\t<div class=\"elementor-element elementor-element-3409f19 elementor-widget elementor-widget-m5c\" data-id=\"3409f19\" data-element_type=\"widget\" data-widget_type=\"m5c.default\">\n\t\t\t\t<div class=\"elementor-widget-container\">\n\t\t\t<section class=\"mn-m5-c mn-bg-white\">\n\t<div class=\"mn-grid\">\n\t\t            <div class=\"mn-menu-container mn-grid-3\">\n                <ul class=\"mn-bg-yellow\">\n\t                                        <li>\n                            <a href=\"#\" class=\"active\" data-hash=\"#dydaktyka\">\n                                Dydaktyka                            <\/a>\n                        <\/li>\n                                                <li>\n                            <a href=\"#\" class=\"\" data-hash=\"#badania\">\n                                Badania                            <\/a>\n                        <\/li>\n                                                <li>\n                            <a href=\"#\" class=\"\" data-hash=\"#oferta\">\n                                Oferta                            <\/a>\n                        <\/li>\n                                                <li>\n                            <a href=\"#\" class=\"\" data-hash=\"#publikacje\">\n                                Publikacje                            <\/a>\n                        <\/li>\n                                        <\/ul>\n            <\/div>\n\t        \t\t<div class=\"mn-content mn-grid-8\">\n\t\t\t                <div class=\"mn-content-block active\">\n\t                                                        <div class=\"block-text\">\n\t                                        <p><b>Wykaz przedmiot\u00f3w prowadzonych przez pracownik\u00f3w<\/b>: genetyka, genetyka zwierz\u0105t, genetyka i&nbsp;metody hodowlane, genetyka og\u00f3lna i&nbsp;weterynaryjna, podstawy hodowli zwierz\u0105t, genetyka a&nbsp;\u015brodowisko, genetyka populacji i&nbsp;biometria, genetyka populacji i&nbsp;cech ilo\u015bciowych, genetyka molekularna, metody hodowlane, organizacja pracy hodowlanej, do\u015bwiadczalnictwo zootechniczne, genomika i&nbsp;proteomika, bioin\u017cynieria zwierz\u0105t, biotechnologia zwierz\u0105t, bioinformatyka, biologia molekularna, biologia pszczo\u0142owatych z&nbsp;elementami ekologii , pszczelarstwo, ch\u00f3w i&nbsp;hodowla pszcz\u00f3\u0142, hodowla owad\u00f3w u\u017cytkowych i&nbsp;gospodarka pasieczna, ewolucjonizm, ch\u00f3w i&nbsp;hodowla zwierz\u0105t futerkowych, hodowla owad\u00f3w u\u017cytkowych, hodowla drobiu, hodowla i&nbsp;technologia produkcji drobiu, hodowla ptak\u00f3w ozdobnych i&nbsp;egzotycznych, ch\u00f3w przepi\u00f3rek i&nbsp;go\u0142\u0119bi, podstawy informatyki w&nbsp;zootechnice, informatyka w&nbsp;naukach przyrodniczych, technologie informatyczne, technologie przetwarzania produkt\u00f3w drobiarskich, technologie pozyskiwania surowc\u00f3w zwierz\u0119cych, systemy produkcji drobiu, technologie uzdatniania sk\u00f3r , kultury tkankowe i&nbsp;kom\u00f3rkowe ro\u015blin i&nbsp;zwierz\u0105t, zwierz\u0119ta laboratoryjne. <\/p>\n<p><b>oraz fakultety<\/b>: biologia pszczo\u0142owatych, biologia u\u017cytkowych Apidea, ekologia zapylania, apidologia, in\u017cynieria genetyczna, diagnostyka molekularna chor\u00f3b genetycznych, biologia molekularna, biologia wybranych zwierz\u0105t futerkowych, uzytkowanie zwierz\u0105t drobnych, immunogenetyka zwierz\u0105t, zwierz\u0119ta laboratoryjne, apiterapia i&nbsp;produkty pszczele, hodowla zwierz\u0105t futerkowych, u\u017cytkowanie zwierz\u0105t drobnych, hodowle amatorskie, po\u017cytki pszczele, pszczelarstwo w&nbsp;nowoczesnym rolnictwie.<\/p>\n                                        <\/div>\n\t\t\t\t\t\t                                <\/div>\n\t\t\t\t                <div class=\"mn-content-block\">\n\t                                                        <div class=\"block-text\">\n\t                                        <div class=\"post1\">\n<p><strong>PROJEKT BADAWCZY:<\/strong>\u00a0<\/p>\n<p><strong>Tytu\u0142 projektu: <\/strong><\/p>\n<p>&#8220;Analiza zmienno\u015bci cech u\u017cytkowych i&nbsp;reprodukcyjnych w&nbsp;hodowlanych populacjach wybranych rod\u00f3w kur, na przyk\u0142adzie maksymalnie: 660 sztuk kur leghorn (H-33), 800 sztuk kur polbar (Pb), 800 sztuk kur zielonon\u00f3\u017cka kuropatwiana (Zk).&#8221;<\/p>\n<p style=\"text-align: center;\"><a href=\"https:\/\/www.up.lublin.pl\/postep-biologiczny\">BADANIA FINANSOWANE Z&nbsp;ZADANIA NA RZECZ POST\u0118PU BIOLOGICZNEGO W&nbsp;PRODUKCJI ZWIERZ\u0118CEJ<\/a><\/p>\n<\/div>\n<div class=\"post1\">\n<hr \/>\n<p>DZIA\u0141ALNO\u015a\u0106 NAUKOWA (BADAWCZA)<\/p>\n<p>G\u0142\u00f3wne kierunki dzia\u0142alno\u015bci naukowo-badawczej obejmuj\u0105 nast\u0119puj\u0105ce zagadnienia: efektywno\u015b\u0107 selekcji kierunkowej i&nbsp;po\u015bredniej w&nbsp;hodowli zwierz\u0105t, genetyczne i&nbsp;fizjologiczne zwi\u0119kszanie produkcyjno\u015bci zwierz\u0105t, opracowanie wczesnych kryteri\u00f3w selekcji zwierz\u0105t, dziedziczenie cech u\u017cytkowych u&nbsp;zwierz\u0105t futerkowych i&nbsp;drobiu, poszukiwanie marker\u00f3w genetycznych jako wska\u017anik\u00f3w u\u017cytkowo\u015bci zwierz\u0105t gospodarskich. Wi\u0119kszo\u015b\u0107 prowadzonych bada\u0144 dotyczy drobiu, zwierz\u0105t futerkowych, owad\u00f3w u\u017cytkowych (pszczo\u0142y) . Baz\u0119 do\u015bwiadczaln\u0105 stanowi Stacja Dydaktyczno-Badawcza Zwierz\u0105t Drobnych im. Laury Kaufman w&nbsp;Felinie, na terenie kt\u00f3rej znajduje si\u0119 ferma drobiu z&nbsp;nowoczesnymi kurnikami, przepi\u00f3rczarnia i&nbsp;pasieka. W&nbsp;budynku Zootechniki znajduje si\u0119 inkubatornia, w&nbsp;kt\u00f3rej prowadzone s\u0105 l\u0119gi reprodukcyjne i&nbsp;do\u015bwiadczalne.<\/p>\n<p>W Katedrze utworzona zosta\u0142a pracownia biologii molekularnej, wyposa\u017cona w&nbsp;nowoczesn\u0105 aparatur\u0119 badawcz\u0105 i&nbsp;sprz\u0119t laboratoryjny. W&nbsp;roku 2004 do tej pracowni zakupiony zosta\u0142 sekwenator DNA, natomiast w&nbsp;roku 2005 aparat 7500 Fat Real-Time PCR z&nbsp;oprzyrz\u0105dowaniem. Prowadzone badania dotycz\u0105 m. in. polimorfizmu wybranych sekwencji mikrosatelitarnych oraz analizy PCR-RFLP gen\u00f3w u&nbsp;niekt\u00f3rych zwierz\u0105t futerkowych i&nbsp;drobiu. Katedra posiada tak\u017ce maszyn\u0119 wytrzyma\u0142o\u015bciow\u0105 wraz z&nbsp;wyposa\u017ceniem i&nbsp;oprogramowaniem do oceny jako\u015bci jaj.<\/p>\n<p>REALIZOWANE TEMATY BADAWCZE:<\/p>\n<ul>\n<li>ZKB\/DS-1 &#8211; Genetyczne doskonalenie zwierz\u0105t, kierownik &#8211; <b>prof. dr hab. Gra\u017cyna Je\u017cewska<\/b><\/li>\n<li>ZKB\/DS-3 &#8211; Optymalizacja metod hodowli i&nbsp;utrzymania zwierz\u0105t, kierownik &#8211; <b>prof.dr hab. Antoni Brodacki<\/b><\/li>\n<\/ul>\n<p>PROJEKTY BADAWCZE:<\/p>\n<ul>\n<li>Genetyczna identyfikacja oporno\u015bci na tau-fluwalinat roztoczy Varroa destruktor pochodz\u0105cych z&nbsp;pasiek wschodniej Polski &#8211; <b>kierownik: dr Grzegorz Borsuk<\/b><\/li>\n<li>Genetyczne podstawy zr\u00f3\u017cnicowania przepi\u00f3rki japo\u0144skiej jako gatunku modelowego &#8211; <b>kierownik: dr Andrzej Witkowski<\/b><\/li>\n<li>Okre\u015blenie stopnia odr\u0119bno\u015bci fenotypowej i&nbsp;genetycznej hodowlanych i&nbsp;dziko\u017cyj\u0105cych populacji norki amerykanskiej, lisa pospolitego i&nbsp;jenota &#8211; <b>kierownik: prof dr hab. Grazyna Je\u017cewska-Witkowska<\/b><\/li>\n<li>Wyja\u015bnienie mechanizm\u00f3w naturalnej oporno\u015bci na warroz\u0119 oraz okre\u015blenie warto\u015bci biologicznej i&nbsp;u\u017cytkowej rodzin pszczelich bytuj\u0105cych na plastrach o&nbsp;ma\u0142ej \u015brednicy kom\u00f3rek<b> &#8211; kierownik &#8211; dr Krzysztof Olszewski<\/b><\/li>\n<\/ul>\n<p>Do najwa\u017cniejszych osi\u0105gni\u0119\u0107 Katedry nale\u017cy zaliczy\u0107:<\/p>\n<ul>\n<li>utworzenie autoseksingowej rasy kur polbar,<\/li>\n<li>zachowanie i&nbsp;doskonalenie dwu rodzimych ras kur zielonon\u00f3\u017cka kuropatwiana i&nbsp;polba,<\/li>\n<li>zapocz\u0105tkowanie i&nbsp;rozw\u00f3j bada\u0144 nad polimorfizmem bia\u0142ek u&nbsp;drobiu metod\u0105 elektroforezy na \u017celu poliakrylamidowym oraz praktyczne wykorzystanie wynik\u00f3w jako marker\u00f3w u\u017cytkowo\u015bci ptak\u00f3w,<\/li>\n<li>utrwalenie i&nbsp;udoskonalenie odmiany barwnej lisa pastelowego,<\/li>\n<li>rozpoznanie mechanizm\u00f3w dziedziczenia barwy okrywy w\u0142osowej u&nbsp;lis\u00f3w pospolitych, polarnych oraz jenot\u00f3w i&nbsp;utworzenie dw\u00f3ch odmian barwnych lis\u00f3w pospolitych,<\/li>\n<li>oszacowanie parametr\u00f3w genetycznych niekt\u00f3rych cech u\u017cytkowych u&nbsp;byd\u0142a w&nbsp;regionie lubelskim, drobiu i&nbsp;zwierz\u0105t futerkowych.<\/li>\n<\/ul>\n<p>Data aktualizacji: 25.09.2012<\/p>\n<\/div>\n                                        <\/div>\n\t\t\t\t\t\t                                <\/div>\n\t\t\t\t                <div class=\"mn-content-block\">\n\t                                                        <div class=\"block-text\">\n\t                                        <p>Katedra prowadzi prace badawcze w&nbsp;nast\u0119puj\u0105cych kierunkach: <br \/>\u00a0<\/p>\n<ul>\n<li>wykorzystywanie technik molekularnych w&nbsp;poszukiwaniu marker\u00f3w genetycznych jako wska\u017anik\u00f3w u\u017cytkowych zwierz\u0105t gospodarskich,<\/li>\n<li>badania genomu kur, przepi\u00f3rek, g\u0119si, emu, lis\u00f3w, jenot\u00f3w, szynszyli, pszcz\u00f3\u0142 oraz wybranych gatunk\u00f3w zwierz\u0105t dziko \u017cyj\u0105cych,<\/li>\n<li>efektywno\u015b\u0107 selekcji kierunkowej i&nbsp;po\u015bredniej w&nbsp;hodowli zwierz\u0105t,<\/li>\n<li>genetyczne i&nbsp;fizjologiczne metody poprawy produkcyjno\u015bci zwierz\u0105t,<\/li>\n<li>opracowanie wczesnych kryteri\u00f3w selekcji zwierz\u0105t,<\/li>\n<li>genetyczne doskonalenie pszczo\u0142y miodnej,<\/li>\n<li>dziedziczenie cech u\u017cytkowych u&nbsp;zwierz\u0105t futerkowych i&nbsp;drobiu,<\/li>\n<li>prace hodowlane nad odtworzeniem polskiej kury &#8211; czubatki staropolskiej, <br \/>wykorzystanie stad zachowawczych kur (Zk i&nbsp;Pb) do produkcji miesza\u0144c\u00f3w towarowych.\u00a0\u00a0<\/li>\n<\/ul>\n<p>Katedra prowadzi wsp\u00f3\u0142prac\u0119 z&nbsp;Instytutem Genetyki i&nbsp;Hodowli Zwierz\u0105t PAN w&nbsp;Jastrz\u0119bcu &#8211; fermami drobiu w&nbsp;Mieni i&nbsp;Kosowi, oraz Zak\u0142adem Do\u015bwiadczalnym IZ PIB w&nbsp;Chorzelowie, a&nbsp;tak\u017ce hodowcami drobiu ozdobnego i&nbsp;fermami zwierz\u0105t futerkowych. Ch\u0119tnie podejmie wsp\u00f3\u0142prac\u0105 z&nbsp;innymi jednostkami.<\/p>\n<p>Kontakt:<br \/>Dyrektor Instytutu: prof. dr hab. Grzegorz Zi\u0119ba<br \/>tel. 81-445-68-45<br \/>e-mail: <a href=\"mailto:grzegorz.zieba@up.lublin.pl\">grzegorz.zieba@up.lublin.pl<\/a><\/p>\n                                        <\/div>\n\t\t\t\t\t\t                                <\/div>\n\t\t\t\t                <div class=\"mn-content-block\">\n\t                                                        <div class=\"block-text\">\n\t                                        <h1 style=\"text-align: center;\">Wykaz publikacji<\/h1>\n<h1 style=\"text-align: center;\">Pracownik\u00f3w Instytutu Biologicznych Podstaw Produkcji Zwierz\u0119cej<\/h1>\n                                        <\/div>\n\t\t\t\t\t\t                                                        <div class=\"mn-cards-list\">\n                                            <div class=\"mn-card-container\">\n                                                <div>\n                                                    <img src=\"https:\/\/up.lublin.pl\/biologia\/wp-content\/themes\/up-lublin\/assets\/images\/doc-ico.svg\" alt=\"\" \/>\n                                                    <h5>dost\u0119p online - publikacje.up.lublin.pl<\/h5>\n                                                <\/div>\n                                                <a href=\"https:\/\/publikacje.up.lublin.pl\/bpp\/jednostka\/Instytut-Biologicznych-Podstaw-Produkcji-Zwierzece\/\" class=\"mn-more\" target=\"_blank\">Zobacz<\/a>\n                                            <\/div>\n                                        <\/div>\n\t\t\t\t\t\t                                <\/div>\n\t\t\t\t\t\t<\/div>\n\t<\/div>\n<\/section>\n\t\t<\/div>\n\t\t\t\t<\/div>\n\t\t\t\t\t\t<\/div>\n\t\t\t\t\t<\/div>\n\t\t<\/div>\n\t\t\t\t\t\t\t\t<\/div>\n\t\t\t\t\t<\/div>\n\t\t<\/section>\n\t\t\t\t\t\t<\/div>\n\t\t\t\t\t\t<\/div>\n\t\t\t\t\t<\/div>\n\t\t","protected":false},"excerpt":{"rendered":"<p>Instytut Biologicznych Podstaw Produkcji Zwierz\u0119cej UP Wydzia\u0142 Nauk o&nbsp;Zwierz\u0119tach i&nbsp;Biogospodarki Dydaktyka Badania Oferta Publikacje Wykaz przedmiot\u00f3w prowadzonych przez pracownik\u00f3w: genetyka, genetyka zwierz\u0105t, genetyka i&nbsp;metody hodowlane, genetyka og\u00f3lna i&nbsp;weterynaryjna, podstawy hodowli zwierz\u0105t, genetyka a&nbsp;\u015brodowisko, genetyka populacji i&nbsp;biometria, genetyka populacji i&nbsp;cech ilo\u015bciowych, genetyka molekularna, metody hodowlane, organizacja pracy hodowlanej, do\u015bwiadczalnictwo zootechniczne, genomika i&nbsp;proteomika, bioin\u017cynieria zwierz\u0105t, biotechnologia zwierz\u0105t, [&hellip;]<\/p>\n","protected":false},"author":2,"featured_media":0,"parent":280,"menu_order":0,"comment_status":"closed","ping_status":"closed","template":"elementor_header_footer","meta":{"_monsterinsights_skip_tracking":false,"_monsterinsights_sitenote_active":false,"_monsterinsights_sitenote_note":"","_monsterinsights_sitenote_category":0},"_links":{"self":[{"href":"https:\/\/up.lublin.pl\/biologia\/wp-json\/wp\/v2\/pages\/142371"}],"collection":[{"href":"https:\/\/up.lublin.pl\/biologia\/wp-json\/wp\/v2\/pages"}],"about":[{"href":"https:\/\/up.lublin.pl\/biologia\/wp-json\/wp\/v2\/types\/page"}],"author":[{"embeddable":true,"href":"https:\/\/up.lublin.pl\/biologia\/wp-json\/wp\/v2\/users\/2"}],"replies":[{"embeddable":true,"href":"https:\/\/up.lublin.pl\/biologia\/wp-json\/wp\/v2\/comments?post=142371"}],"version-history":[{"count":31,"href":"https:\/\/up.lublin.pl\/biologia\/wp-json\/wp\/v2\/pages\/142371\/revisions"}],"predecessor-version":[{"id":167710,"href":"https:\/\/up.lublin.pl\/biologia\/wp-json\/wp\/v2\/pages\/142371\/revisions\/167710"}],"up":[{"embeddable":true,"href":"https:\/\/up.lublin.pl\/biologia\/wp-json\/wp\/v2\/pages\/280"}],"wp:attachment":[{"href":"https:\/\/up.lublin.pl\/biologia\/wp-json\/wp\/v2\/media?parent=142371"}],"curies":[{"name":"wp","href":"https:\/\/api.w.org\/{rel}","templated":true}]}}