{"id":305,"date":"2020-10-25T16:02:48","date_gmt":"2020-10-25T15:02:48","guid":{"rendered":"https:\/\/nowastrona.up.lublin.plagrobio\/?page_id=305"},"modified":"2025-11-27T11:43:18","modified_gmt":"2025-11-27T10:43:18","slug":"galeria","status":"publish","type":"page","link":"https:\/\/up.lublin.pl\/agrobio\/wydzial\/galeria\/","title":{"rendered":"Galeria"},"content":{"rendered":"\t\t<div data-elementor-type=\"wp-page\" data-elementor-id=\"305\" class=\"elementor elementor-305\" data-elementor-settings=\"[]\">\n\t\t\t\t\t\t<div class=\"elementor-inner\">\n\t\t\t\t\t\t\t<div class=\"elementor-section-wrap\">\n\t\t\t\t\t\t\t<section class=\"elementor-section elementor-top-section elementor-element elementor-element-2f2e25f elementor-section-boxed elementor-section-height-default elementor-section-height-default\" data-id=\"2f2e25f\" data-element_type=\"section\">\n\t\t\t\t\t\t<div class=\"elementor-container elementor-column-gap-default\">\n\t\t\t\t\t\t\t<div class=\"elementor-row\">\n\t\t\t\t\t<div class=\"elementor-column elementor-col-100 elementor-top-column elementor-element elementor-element-b0ca081\" data-id=\"b0ca081\" data-element_type=\"column\">\n\t\t\t<div class=\"elementor-column-wrap elementor-element-populated\">\n\t\t\t\t\t\t\t<div class=\"elementor-widget-wrap\">\n\t\t\t\t\t\t<div class=\"elementor-element elementor-element-0d05874 elementor-widget elementor-widget-m2e\" data-id=\"0d05874\" data-element_type=\"widget\" data-widget_type=\"m2e.default\">\n\t\t\t\t<div class=\"elementor-widget-container\">\n\t\t\t<section class=\"mn-m2-e mn-bg-green\">\n\t<div class=\"mn-grid\">\n\t\t<div class=\"mn-grid-3 mn-introtext\">\n\t\t\t\t\t\t\t<p class=\"mn-header\">Wydzia\u0142 Agrobioin\u017cynierii<\/p>\n\t\t\t\t\t\t\t\t\t\t\t<h3>\n\t\t\t\t\tGaleria\t\t\t\t<\/h3>\n\t\t\t\t\t\t\t\t\t\t\t\t<\/div>\n\t\t<div class=\"mn-grid-9 mn-image-container\">\n\t\t\t\t\t<\/div>\n\t<\/div>\n\t<\/section>\n\t\t<\/div>\n\t\t\t\t<\/div>\n\t\t\t\t\t\t<\/div>\n\t\t\t\t\t<\/div>\n\t\t<\/div>\n\t\t\t\t\t\t\t\t<\/div>\n\t\t\t\t\t<\/div>\n\t\t<\/section>\n\t\t\t\t<section class=\"elementor-section elementor-top-section elementor-element elementor-element-6e0f807 elementor-section-boxed elementor-section-height-default elementor-section-height-default\" data-id=\"6e0f807\" data-element_type=\"section\">\n\t\t\t\t\t\t<div class=\"elementor-container elementor-column-gap-default\">\n\t\t\t\t\t\t\t<div class=\"elementor-row\">\n\t\t\t\t\t<div class=\"elementor-column elementor-col-100 elementor-top-column elementor-element elementor-element-b9c338f\" data-id=\"b9c338f\" data-element_type=\"column\">\n\t\t\t<div class=\"elementor-column-wrap elementor-element-populated\">\n\t\t\t\t\t\t\t<div class=\"elementor-widget-wrap\">\n\t\t\t\t\t\t<div class=\"elementor-element elementor-element-a0219e4 elementor-widget elementor-widget-m5c\" data-id=\"a0219e4\" data-element_type=\"widget\" data-widget_type=\"m5c.default\">\n\t\t\t\t<div class=\"elementor-widget-container\">\n\t\t\t<section class=\"mn-m5-c mn-m5-d2 mn-bg-white\">\n\t<div class=\"mn-grid\">\n\t\t\t\t<div class=\"mn-content mn-grid-9\">\n\t\t\t                <div class=\"mn-content-block active\">\n\t                                                        <div class=\"block-text\">\n\t                                        <p><strong>2025<\/strong><br \/><a href=\"https:\/\/up.lublin.pl\/blog\/galeria\/ksztalcenie-jako-fundament-rozwoju-rolnictwa-inspirujace-spotkanie-ekspertow\/\">\u201eKszta\u0142cenie jako fundament rozwoju rolnictwa\u201d \u2013\u00a0 inspiruj\u0105ce spotkanie ekspert\u00f3w<\/a><br \/><a href=\"https:\/\/up.lublin.pl\/blog\/galeria\/otwarcie-ogrodu-dendrologicznego-z-okazji-jubileuszu-70-lecia-uniwersytetu\/\">Otwarcie ogrodu dendrologicznego z\u00a0okazji Jubileuszu 70-lecia Uniwersytetu<\/a><br \/><a href=\"https:\/\/up.lublin.pl\/blog\/galeria\/uroczysta-inauguracja-roku-akademickiego-2025-2026\/\">Uroczysta Inauguracja Roku Akademickiego 2025\/2026<\/a><br \/><a href=\"https:\/\/up.lublin.pl\/blog\/galeria\/immatrykulacja-2025-2026-wydzial-agrobioinzynierii\/\">Immatrykulacja 2025\/2026 Wydzia\u0142 Agrobioin\u017cynierii<\/a><br \/><a href=\"https:\/\/up.lublin.pl\/blog\/galeria\/delegacja-z-bahrajnu-na-uniwersytecie-przyrodniczym-w-lublinie\/\">Delegacja z&nbsp;Bahrajnu na Uniwersytecie Przyrodniczym w&nbsp;Lublinie<\/a><br \/><a href=\"https:\/\/up.lublin.pl\/blog\/galeria\/uroczyste-otwarcie-centrum-fenomiki\/\">Uroczyste otwarcie Centrum Fenomiki Ro\u015blin<\/a><\/p>\n<p><strong>2024<\/strong><br \/><a href=\"https:\/\/up.lublin.pl\/blog\/galeria\/podsumowanie-ii-dnia-konferencji-nauka-dla-rolnictwa-szanse-i-zagrozenia-rozwoju-rolnictwa-w-polsce\/\">Podsumowanie II dnia konferencji \u201eNauka dla rolnictwa \u2013 szanse i&nbsp;zagro\u017cenia rozwoju rolnictwa w&nbsp;Polsce\u201d<\/a><br \/><a href=\"https:\/\/up.lublin.pl\/blog\/galeria\/wystawa-z-okazji-jubileuszu-80-lecia-wydzialu-agrobioinzynierii-2\/\">Wystawa z&nbsp;okazji Jubileuszu 80-lecia Wydzia\u0142u Agrobioin\u017cynierii<\/a><br \/><a href=\"https:\/\/up.lublin.pl\/blog\/galeria\/80-lecie-wydzialu-agrobioinzynierii\/\">80-lecie Wydzia\u0142u Agrobioin\u017cynierii<\/a><br \/><a href=\"https:\/\/up.lublin.pl\/blog\/galeria\/immatrykulacje-wydzialowe-2024-2025\/\">Immatrykulacje wydzia\u0142owe 2024\/2025<\/a><br \/><a href=\"https:\/\/up.lublin.pl\/blog\/galeria\/inauguracja-roku-akademickiego-2024-2025\/\">Inauguracja Roku Akademickiego 2024\/2025<\/a><br \/><a href=\"https:\/\/up.lublin.pl\/blog\/galeria\/eliminacje-okregowe-xlvii-edycji-olimpiady-wiedzy-i-umiejetnosci-rolniczych\/\">Eliminacje okr\u0119gowe XLVII edycji Olimpiady Wiedzy i&nbsp;Umiej\u0119tno\u015bci Rolniczych<\/a><\/p>\n<p><strong>2023<\/strong><br \/><a href=\"https:\/\/up.lublin.pl\/blog\/galeria\/grunt-to-pole-do-dzialania\/\">Grunt to pole do dzia\u0142ania<\/a><br \/><a href=\"https:\/\/up.lublin.pl\/blog\/galeria\/konferencja-biodiversity-in-agriculture-bioroznorodosc-w-rolnictwie\/\">Konferencja \u201eBiodiversity in Agriculture \u2014 Bior\u00f3\u017cnorodos\u0107 w&nbsp;Rolnictwie\u201d<\/a><br \/><a href=\"https:\/\/up.lublin.pl\/blog\/galeria\/inauguracja-roku-akademickiego-2023-2024\/\">Inauguracja Roku Akademickiego 2023\/2024<\/a><br \/><a href=\"https:\/\/up.lublin.pl\/blog\/galeria\/promocja-doktorow-i-doktorow-habilitowanych-uniwersytetu-przyrodniczego-w-lublinie-oraz-nadanie-profesor-sabinie-chebotar-tytulu-profesora-honorowego\/\">Promocja doktor\u00f3w i&nbsp;doktor\u00f3w habilitowanych Uniwersytetu Przyrodniczego w&nbsp;Lublinie oraz nadanie profesor Sabinie Chebotar tytu\u0142u Profesora Honorowego<\/a><\/p>\n<p><strong>2022<\/strong><br \/><a href=\"https:\/\/up.lublin.pl\/blog\/galeria\/prof-sergio-orlandi-profesor-honorowy-uniwersytetu-przyrodniczego-w-lublinie\/\">Prof. Sergio Orlandi &#8211; Profesor Honorowy Uniwersytetu Przyrodniczego w\u00a0Lublinie<\/a><br \/><a href=\"https:\/\/up.lublin.pl\/blog\/galeria\/porozumienie-miedzy-uniwersytetem-przyrodniczym-w-lublinie-i-regionalna-dyrekcja-lasow-panstwowych-w-lublinie\/\">Porozumienie mi\u0119dzy Uniwersytetem Przyrodniczym w&nbsp;Lublinie i&nbsp;Regionaln\u0105 Dyrekcj\u0105 Las\u00f3w Pa\u0144stwowych w&nbsp;Lublinie<\/a><\/p>\n<p><strong>2021<\/strong><br \/><a href=\"https:\/\/up.lublin.pl\/blog\/galeria\/tytul-dhc-prof-dr-hab-marian-wesolowski\/\">Uroczysto\u015b\u0107 nadania tytu\u0142u Doktora Honoris Causa UP w&nbsp;Lublinie prof. dr. hab. Marianowi Weso\u0142owskiemu<\/a><\/p>\n<p><strong>2020<\/strong><br \/><a href=\"https:\/\/up.lublin.pl\/blog\/galeria\/nadanie-godnosci-honorowego-profesora-prof-honoracie-danilcenko\/\">Nadanie Godno\u015bci Honorowego Profesora prof. Honoracie Danil\u010denko<\/a><br \/><a href=\"https:\/\/up.lublin.pl\/blog\/galeria\/immatrykulacja-studentow-wydzialu-agrobioinzynierii\/\">Immatrykulacja student\u00f3w Wydzia\u0142u Agrobioin\u017cynierii 2020\/2021<\/a><\/p>\n<p><strong>2019<\/strong><br \/><a href=\"https:\/\/up.lublin.pl\/blog\/galeria\/galeria-6536\/\">Uroczysto\u015b\u0107 wr\u0119czenia dyplom\u00f3w uko\u0144czenia studi\u00f3w na Wydziale Agrobioin\u017cynierii &#8211; 2019<\/a><br \/><a href=\"https:\/\/up.lublin.pl\/blog\/galeria\/galeria-6256\/\">75-lecie Wydzia\u0142u Agrobioin\u017cynierii i&nbsp;Mi\u0119dzynarodowa Konferencja Naukowa<\/a><br \/><a href=\"https:\/\/up.lublin.pl\/blog\/galeria\/galeria-6422\/\">Jubileuszowy Zjazd Absolwent\u00f3w Wydzia\u0142u Rolniczego Akademii Rolniczej w&nbsp;Lublinie rocznika 1974-1979 <\/a><\/p>\n<p><strong>2017<\/strong><br \/><a href=\"https:\/\/up.lublin.pl\/blog\/galeria\/galeria-5267\/\">Uroczyste Rozdanie Dyplom\u00f3w na Wydziale Agrobioin\u017cynierii &#8211; 2017<\/a><br \/><a href=\"https:\/\/up.lublin.pl\/blog\/galeria\/galeria-4996\/\">Uroczysta Immatrykulacja Wydzia\u0142owa &#8211; Rok Akademicki 2017\/2018<\/a><br \/><a href=\"https:\/\/up.lublin.pl\/blog\/galeria\/galeria-4665\/\">Wr\u0119czenie dyplom\u00f3w &#8211; studenci Wydzia\u0142u Agrobioib\u017cynierii 2017<\/a><\/p>\n<p><strong>2016<\/strong><br \/><a href=\"https:\/\/up.lublin.pl\/blog\/galeria\/galeria-4387\/\">Og\u00f3lnopolska konferencja: Ekosystemy trawiaste w&nbsp;kszta\u0142towaniu i&nbsp;ochronie \u015brodowiska Urszulin 2016<\/a><\/p>\n<p><strong>2014<\/strong><br \/><a href=\"https:\/\/up.lublin.pl\/blog\/galeria\/galeria-3680\/\">Jubileusz 70-lecia Wydzia\u0142u Agrobioin\u017cynierii &#8211; Centrum Kongresowe UP, 15.09.2014<\/a><br \/><a href=\"https:\/\/up.lublin.pl\/blog\/galeria\/galeria-3653\/\">Rada Wydzia\u0142u Agrobioin\u017cynierii Lublin 2014<\/a><\/p>\n<p><strong>2013<\/strong><br \/><a href=\"https:\/\/up.lublin.pl\/blog\/galeria\/galeria-2164\/\">Wybory Miss Wydzia\u0142u i&nbsp;przegl\u0105d talent\u00f3w 2013<\/a><\/p>\n                                        <\/div>\n\t\t\t\t\t\t                                <\/div>\n\t\t\t\t                <div class=\"mn-content-block\">\n\t                                <\/div>\n\t\t\t\t                <div class=\"mn-content-block\">\n\t                                <\/div>\n\t\t\t\t                <div class=\"mn-content-block\">\n\t                                <\/div>\n\t\t\t\t                <div class=\"mn-content-block\">\n\t                                <\/div>\n\t\t\t\t                <div class=\"mn-content-block\">\n\t                                <\/div>\n\t\t\t\t                <div class=\"mn-content-block\">\n\t                                <\/div>\n\t\t\t\t                <div class=\"mn-content-block\">\n\t                                <\/div>\n\t\t\t\t                <div class=\"mn-content-block\">\n\t                                <\/div>\n\t\t\t\t                <div class=\"mn-content-block\">\n\t                                <\/div>\n\t\t\t\t                <div class=\"mn-content-block\">\n\t                                <\/div>\n\t\t\t\t                <div class=\"mn-content-block\">\n\t                                <\/div>\n\t\t\t\t                <div class=\"mn-content-block\">\n\t                                <\/div>\n\t\t\t\t                <div class=\"mn-content-block\">\n\t                                <\/div>\n\t\t\t\t                <div class=\"mn-content-block\">\n\t                                <\/div>\n\t\t\t\t                <div class=\"mn-content-block\">\n\t                                <\/div>\n\t\t\t\t                <div class=\"mn-content-block\">\n\t                                <\/div>\n\t\t\t\t                <div class=\"mn-content-block\">\n\t                                <\/div>\n\t\t\t\t                <div class=\"mn-content-block\">\n\t                                <\/div>\n\t\t\t\t                <div class=\"mn-content-block\">\n\t                                <\/div>\n\t\t\t\t\t\t<\/div>\n\t<\/div>\n<\/section>\n\t\t<\/div>\n\t\t\t\t<\/div>\n\t\t\t\t\t\t<\/div>\n\t\t\t\t\t<\/div>\n\t\t<\/div>\n\t\t\t\t\t\t\t\t<\/div>\n\t\t\t\t\t<\/div>\n\t\t<\/section>\n\t\t\t\t\t\t<\/div>\n\t\t\t\t\t\t<\/div>\n\t\t\t\t\t<\/div>\n\t\t","protected":false},"excerpt":{"rendered":"<p>Wydzia\u0142 Agrobioin\u017cynierii Galeria UP Wydzia\u0142 Agrobioin\u017cynierii 2025\u201eKszta\u0142cenie jako fundament rozwoju rolnictwa\u201d \u2013\u00a0 inspiruj\u0105ce spotkanie ekspert\u00f3wOtwarcie ogrodu dendrologicznego z\u00a0okazji Jubileuszu 70-lecia UniwersytetuUroczysta Inauguracja Roku Akademickiego 2025\/2026Immatrykulacja 2025\/2026 Wydzia\u0142 Agrobioin\u017cynieriiDelegacja z&nbsp;Bahrajnu na Uniwersytecie Przyrodniczym w&nbsp;LublinieUroczyste otwarcie Centrum Fenomiki Ro\u015blin 2024Podsumowanie II dnia konferencji \u201eNauka dla rolnictwa \u2013 szanse i&nbsp;zagro\u017cenia rozwoju rolnictwa w&nbsp;Polsce\u201dWystawa z&nbsp;okazji Jubileuszu 80-lecia Wydzia\u0142u Agrobioin\u017cynierii80-lecie [&hellip;]<\/p>\n","protected":false},"author":2,"featured_media":0,"parent":79,"menu_order":0,"comment_status":"closed","ping_status":"closed","template":"elementor_header_footer","meta":{"_monsterinsights_skip_tracking":false,"_monsterinsights_sitenote_active":false,"_monsterinsights_sitenote_note":"","_monsterinsights_sitenote_category":0},"_links":{"self":[{"href":"https:\/\/up.lublin.pl\/agrobio\/wp-json\/wp\/v2\/pages\/305"}],"collection":[{"href":"https:\/\/up.lublin.pl\/agrobio\/wp-json\/wp\/v2\/pages"}],"about":[{"href":"https:\/\/up.lublin.pl\/agrobio\/wp-json\/wp\/v2\/types\/page"}],"author":[{"embeddable":true,"href":"https:\/\/up.lublin.pl\/agrobio\/wp-json\/wp\/v2\/users\/2"}],"replies":[{"embeddable":true,"href":"https:\/\/up.lublin.pl\/agrobio\/wp-json\/wp\/v2\/comments?post=305"}],"version-history":[{"count":26,"href":"https:\/\/up.lublin.pl\/agrobio\/wp-json\/wp\/v2\/pages\/305\/revisions"}],"predecessor-version":[{"id":163189,"href":"https:\/\/up.lublin.pl\/agrobio\/wp-json\/wp\/v2\/pages\/305\/revisions\/163189"}],"up":[{"embeddable":true,"href":"https:\/\/up.lublin.pl\/agrobio\/wp-json\/wp\/v2\/pages\/79"}],"wp:attachment":[{"href":"https:\/\/up.lublin.pl\/agrobio\/wp-json\/wp\/v2\/media?parent=305"}],"curies":[{"name":"wp","href":"https:\/\/api.w.org\/{rel}","templated":true}]}}