{"id":154967,"date":"2024-02-05T13:59:56","date_gmt":"2024-02-05T12:59:56","guid":{"rendered":"https:\/\/up.lublin.pl\/agrobio\/?page_id=154967"},"modified":"2024-10-15T20:10:24","modified_gmt":"2024-10-15T18:10:24","slug":"informacje","status":"publish","type":"page","link":"https:\/\/up.lublin.pl\/agrobio\/wydzial\/jubileusze\/80jubileusz-agrobio\/informacje\/","title":{"rendered":"Informacje og\u00f3lne | Jubileusz 80-lecia Wydzia\u0142u"},"content":{"rendered":"\t\t<div data-elementor-type=\"wp-page\" data-elementor-id=\"154967\" class=\"elementor elementor-154967\" data-elementor-settings=\"[]\">\n\t\t\t\t\t\t<div class=\"elementor-inner\">\n\t\t\t\t\t\t\t<div class=\"elementor-section-wrap\">\n\t\t\t\t\t\t\t<section class=\"elementor-section elementor-top-section elementor-element elementor-element-9844c59 elementor-section-boxed elementor-section-height-default elementor-section-height-default\" data-id=\"9844c59\" data-element_type=\"section\">\n\t\t\t\t\t\t<div class=\"elementor-container elementor-column-gap-default\">\n\t\t\t\t\t\t\t<div class=\"elementor-row\">\n\t\t\t\t\t<div class=\"elementor-column elementor-col-100 elementor-top-column elementor-element elementor-element-81f2e09\" data-id=\"81f2e09\" data-element_type=\"column\">\n\t\t\t<div class=\"elementor-column-wrap elementor-element-populated\">\n\t\t\t\t\t\t\t<div class=\"elementor-widget-wrap\">\n\t\t\t\t\t\t<div class=\"elementor-element elementor-element-4cd1501 elementor-widget elementor-widget-m2j\" data-id=\"4cd1501\" data-element_type=\"widget\" data-widget_type=\"m2j.default\">\n\t\t\t\t<div class=\"elementor-widget-container\">\n\t\t\t<section class=\"mn-m2-h\">\n    <div class=\"mn-image-container mn-container\">\n                    <img src=\"https:\/\/up.lublin.pl\/agrobio\/wp-content\/uploads\/sites\/2\/2024\/10\/80-WA-banner.jpg\" alt=\"\">\n                        <\/div>\n    <div class=\"mn-grid mn-content\">\n                    <div class=\"mn-content-block\">\n                <h5 style=\"text-align: left;\"><span style=\"color: #000000;\"><a style=\"color: #000000;\" href=\"https:\/\/up.lublin.pl\/agrobio\/wydzial\/jubileusze\/80jubileusz-agrobio\/\">\u2190 powr\u00f3t do strony g\u0142\u00f3wnej<\/a><\/span><\/h5>\n            <\/div>\n                <\/div>\n<\/section>\n\t\t<\/div>\n\t\t\t\t<\/div>\n\t\t\t\t\t\t<\/div>\n\t\t\t\t\t<\/div>\n\t\t<\/div>\n\t\t\t\t\t\t\t\t<\/div>\n\t\t\t\t\t<\/div>\n\t\t<\/section>\n\t\t\t\t<section class=\"elementor-section elementor-top-section elementor-element elementor-element-e401d50 elementor-section-boxed elementor-section-height-default elementor-section-height-default\" data-id=\"e401d50\" data-element_type=\"section\">\n\t\t\t\t\t\t<div class=\"elementor-container elementor-column-gap-default\">\n\t\t\t\t\t\t\t<div class=\"elementor-row\">\n\t\t\t\t\t<div class=\"elementor-column elementor-col-100 elementor-top-column elementor-element elementor-element-885f491\" data-id=\"885f491\" data-element_type=\"column\">\n\t\t\t<div class=\"elementor-column-wrap elementor-element-populated\">\n\t\t\t\t\t\t\t<div class=\"elementor-widget-wrap\">\n\t\t\t\t\t\t<div class=\"elementor-element elementor-element-259f804 elementor-widget elementor-widget-m5c\" data-id=\"259f804\" data-element_type=\"widget\" data-widget_type=\"m5c.default\">\n\t\t\t\t<div class=\"elementor-widget-container\">\n\t\t\t<section class=\"mn-m5-c mn-m5-d2 mn-bg-white\">\n\t<div class=\"mn-grid\">\n\t\t\t\t<div class=\"mn-content mn-grid-9\">\n\t\t\t                <div class=\"mn-content-block active\">\n\t                                                        <div class=\"block-text\">\n\t                                        <h2 style=\"text-align: center;\"><a href=\"https:\/\/www.youtube.com\/live\/q8WmK6yrB0M?si=eCShh1vHnFIQPV_w\"><strong>Zobacz transmisj\u0119 na \u017cywo<\/strong><\/a><a href=\"https:\/\/www.youtube.com\/live\/q8WmK6yrB0M\"><img loading=\"lazy\" class=\"aligncenter wp-image-158484 size-full\" src=\"https:\/\/up.lublin.pl\/agrobio\/wp-content\/uploads\/sites\/2\/2024\/10\/80-wa-LS.png\" alt=\"\" width=\"723\" height=\"412\" \/><\/a><\/h2>\n                                        <\/div>\n\t\t\t\t\t\t                                                        <div class=\"block-text\">\n\t                                        <p style=\"text-align: center;\">Dziekan oraz Kolegium Wydzia\u0142u Agrobioin\u017cynierii<br \/>Uniwersytetu Przyrodniczego w&nbsp;Lublinie uprzejmie zapraszaj\u0105 na<\/p>\n<p style=\"text-align: center;\"><strong>Mi\u0119dzynarodow\u0105 Konferencj\u0119 Naukow\u0105<\/strong><\/p>\n<p style=\"text-align: center;\"><strong>\u201eNAUKA DLA ZR\u00d3WNOWA\u017bONEGO ROZWOJU <br \/>I BIOGOSPODARKI &#8211; problemy i&nbsp;wyzwania XXI wieku\u201d<\/strong><\/p>\n<p style=\"text-align: center;\"><strong>po\u0142\u0105czon\u0105 z&nbsp;Jubileuszem 80-lecia Wydzia\u0142u Agrobioin\u017cynierii<\/strong><\/p>\n<p>Konferencja \u00a0oraz obchody jubileuszu odb\u0119d\u0105 si\u0119 w&nbsp;dniach 16-17 pa\u017adziernika 2024 r. w&nbsp;Uniwersytecie Przyrodniczym w&nbsp;Lublinie.<\/p>\n<p><strong>Zapraszamy serdecznie pracownik\u00f3w, student\u00f3w, doktorant\u00f3w i&nbsp;absolwent\u00f3w Wydzia\u0142u, przedstawicieli uczelni wy\u017cszych oraz o\u015brodk\u00f3w badawczych z&nbsp;Polski i&nbsp;z zagranicy, przedstawicieli samorz\u0105d\u00f3w i&nbsp;instytucji sektora rolniczego, przedstawicieli otoczenia spo\u0142eczno-gospodarczego oraz wszystkich Przyjaci\u00f3\u0142 naszego Wydzia\u0142u. <\/strong><\/p>\n<p>Tematyka konferencji obejmuje zagadnienia zwi\u0105zane z&nbsp;przyrodniczymi, agrotechnicznymi i&nbsp;ekonomicznymi uwarunkowaniami produkcji ro\u015blinnej, innowacyjnymi technologiami w&nbsp;rolnictwie i&nbsp;ochronie \u015brodowiska oraz gospodarczymi i&nbsp;spo\u0142eczno-ekonomicznymi uwarunkowaniami rozwoju obszar\u00f3w wiejskich.<\/p>\n<p>Gor\u0105co zapraszamy do czynnego uczestnictwa w\u00a0obradach naukowych i\u00a0obchodach 80-lecia Wydzia\u0142u Agrobioin\u017cynierii UP w\u00a0Lublinie.<\/p>\n<h1><strong>Do pobrania:<\/strong><\/h1>\n                                        <\/div>\n\t\t\t\t\t\t                                                        <div class=\"mn-cards-list\">\n                                            <div class=\"mn-card-container\">\n                                                <div>\n                                                    <img src=\"https:\/\/up.lublin.pl\/agrobio\/wp-content\/themes\/up-lublin\/assets\/images\/doc-ico.svg\" alt=\"\" \/>\n                                                    <h5>Komunikat I&nbsp;(.pdf)<\/h5>\n                                                <\/div>\n                                                <a href=\"https:\/\/up.lublin.pl\/agrobio\/wp-content\/uploads\/sites\/2\/2024\/05\/Komunikat-I_80-WA.pdf\" class=\"mn-more\" target=\"_blank\">Zobacz<\/a>\n                                            <\/div>\n                                        <\/div>\n\t\t\t\t\t\t                                                        <div class=\"mn-cards-list\">\n                                            <div class=\"mn-card-container\">\n                                                <div>\n                                                    <img src=\"https:\/\/up.lublin.pl\/agrobio\/wp-content\/themes\/up-lublin\/assets\/images\/doc-ico.svg\" alt=\"\" \/>\n                                                    <h5>Komunikat II (.pdf)<\/h5>\n                                                <\/div>\n                                                <a href=\"https:\/\/up.lublin.pl\/agrobio\/wp-content\/uploads\/sites\/2\/2024\/05\/Komunikat-II.pdf\" class=\"mn-more\" target=\"_blank\">Zobacz<\/a>\n                                            <\/div>\n                                        <\/div>\n\t\t\t\t\t\t                                                        <div class=\"mn-cards-list\">\n                                            <div class=\"mn-card-container\">\n                                                <div>\n                                                    <img src=\"https:\/\/up.lublin.pl\/agrobio\/wp-content\/themes\/up-lublin\/assets\/images\/doc-ico.svg\" alt=\"\" \/>\n                                                    <h5>Formatka streszczenia (.doc)<\/h5>\n                                                <\/div>\n                                                <a href=\"https:\/\/up.lublin.pl\/agrobio\/wp-content\/uploads\/sites\/2\/2024\/05\/Formatka-streszczenia.doc\" class=\"mn-more\" target=\"_blank\">Zobacz<\/a>\n                                            <\/div>\n                                        <\/div>\n\t\t\t\t\t\t                                                        <div class=\"mn-cards-list\">\n                                            <div class=\"mn-card-container\">\n                                                <div>\n                                                    <img src=\"https:\/\/up.lublin.pl\/agrobio\/wp-content\/themes\/up-lublin\/assets\/images\/doc-ico.svg\" alt=\"\" \/>\n                                                    <h5>Summary form (.doc)<\/h5>\n                                                <\/div>\n                                                <a href=\"https:\/\/up.lublin.pl\/agrobio\/wp-content\/uploads\/sites\/2\/2024\/05\/Summary-form.doc\" class=\"mn-more\" target=\"_blank\">Zobacz<\/a>\n                                            <\/div>\n                                        <\/div>\n\t\t\t\t\t\t                                                        <div class=\"block-text\">\n\t                                        <h1 style=\"text-align: center;\"><strong>Postery<\/strong><\/h1>\n<p><a href=\"https:\/\/up.lublin.pl\/agrobio\/wp-content\/uploads\/sites\/2\/2024\/09\/poster-icon.jpg\"><img loading=\"lazy\" class=\"aligncenter  wp-image-157734\" src=\"https:\/\/up.lublin.pl\/agrobio\/wp-content\/uploads\/sites\/2\/2024\/09\/poster-icon.jpg\" alt=\"\" width=\"175\" height=\"264\" \/><\/a><\/p>\n<p style=\"text-align: center;\">Prosimy o&nbsp;przygotowanie poster\u00f3w o&nbsp;wymiarach 60 x&nbsp;90 cm<\/p>\n                                        <\/div>\n\t\t\t\t\t\t                                <\/div>\n\t\t\t\t                <div class=\"mn-content-block\">\n\t                                <\/div>\n\t\t\t\t                <div class=\"mn-content-block\">\n\t                                <\/div>\n\t\t\t\t                <div class=\"mn-content-block\">\n\t                                <\/div>\n\t\t\t\t                <div class=\"mn-content-block\">\n\t                                <\/div>\n\t\t\t\t                <div class=\"mn-content-block\">\n\t                                <\/div>\n\t\t\t\t                <div class=\"mn-content-block\">\n\t                                <\/div>\n\t\t\t\t                <div class=\"mn-content-block\">\n\t                                <\/div>\n\t\t\t\t                <div class=\"mn-content-block\">\n\t                                <\/div>\n\t\t\t\t                <div class=\"mn-content-block\">\n\t                                <\/div>\n\t\t\t\t                <div class=\"mn-content-block\">\n\t                                <\/div>\n\t\t\t\t                <div class=\"mn-content-block\">\n\t                                <\/div>\n\t\t\t\t                <div class=\"mn-content-block\">\n\t                                <\/div>\n\t\t\t\t                <div class=\"mn-content-block\">\n\t                                <\/div>\n\t\t\t\t                <div class=\"mn-content-block\">\n\t                                <\/div>\n\t\t\t\t                <div class=\"mn-content-block\">\n\t                                <\/div>\n\t\t\t\t                <div class=\"mn-content-block\">\n\t                                <\/div>\n\t\t\t\t                <div class=\"mn-content-block\">\n\t                                <\/div>\n\t\t\t\t                <div class=\"mn-content-block\">\n\t                                <\/div>\n\t\t\t\t                <div class=\"mn-content-block\">\n\t                                <\/div>\n\t\t\t\t\t\t<\/div>\n\t<\/div>\n<\/section>\n\t\t<\/div>\n\t\t\t\t<\/div>\n\t\t\t\t\t\t<\/div>\n\t\t\t\t\t<\/div>\n\t\t<\/div>\n\t\t\t\t\t\t\t\t<\/div>\n\t\t\t\t\t<\/div>\n\t\t<\/section>\n\t\t\t\t\t\t<\/div>\n\t\t\t\t\t\t<\/div>\n\t\t\t\t\t<\/div>\n\t\t","protected":false},"excerpt":{"rendered":"<p>\u2190 powr\u00f3t do strony g\u0142\u00f3wnej Zobacz transmisj\u0119 na \u017cywo Dziekan oraz Kolegium Wydzia\u0142u Agrobioin\u017cynieriiUniwersytetu Przyrodniczego w&nbsp;Lublinie uprzejmie zapraszaj\u0105 na Mi\u0119dzynarodow\u0105 Konferencj\u0119 Naukow\u0105 \u201eNAUKA DLA ZR\u00d3WNOWA\u017bONEGO ROZWOJU I BIOGOSPODARKI &#8211; problemy i&nbsp;wyzwania XXI wieku\u201d po\u0142\u0105czon\u0105 z&nbsp;Jubileuszem 80-lecia Wydzia\u0142u Agrobioin\u017cynierii Konferencja \u00a0oraz obchody jubileuszu odb\u0119d\u0105 si\u0119 w&nbsp;dniach 16-17 pa\u017adziernika 2024 r. w&nbsp;Uniwersytecie Przyrodniczym w&nbsp;Lublinie. Zapraszamy serdecznie pracownik\u00f3w, [&hellip;]<\/p>\n","protected":false},"author":2,"featured_media":0,"parent":154930,"menu_order":0,"comment_status":"closed","ping_status":"closed","template":"elementor_header_footer","meta":{"_monsterinsights_skip_tracking":false,"_monsterinsights_sitenote_active":false,"_monsterinsights_sitenote_note":"","_monsterinsights_sitenote_category":0},"_links":{"self":[{"href":"https:\/\/up.lublin.pl\/agrobio\/wp-json\/wp\/v2\/pages\/154967"}],"collection":[{"href":"https:\/\/up.lublin.pl\/agrobio\/wp-json\/wp\/v2\/pages"}],"about":[{"href":"https:\/\/up.lublin.pl\/agrobio\/wp-json\/wp\/v2\/types\/page"}],"author":[{"embeddable":true,"href":"https:\/\/up.lublin.pl\/agrobio\/wp-json\/wp\/v2\/users\/2"}],"replies":[{"embeddable":true,"href":"https:\/\/up.lublin.pl\/agrobio\/wp-json\/wp\/v2\/comments?post=154967"}],"version-history":[{"count":74,"href":"https:\/\/up.lublin.pl\/agrobio\/wp-json\/wp\/v2\/pages\/154967\/revisions"}],"predecessor-version":[{"id":158490,"href":"https:\/\/up.lublin.pl\/agrobio\/wp-json\/wp\/v2\/pages\/154967\/revisions\/158490"}],"up":[{"embeddable":true,"href":"https:\/\/up.lublin.pl\/agrobio\/wp-json\/wp\/v2\/pages\/154930"}],"wp:attachment":[{"href":"https:\/\/up.lublin.pl\/agrobio\/wp-json\/wp\/v2\/media?parent=154967"}],"curies":[{"name":"wp","href":"https:\/\/api.w.org\/{rel}","templated":true}]}}