{"id":141165,"date":"2021-06-21T13:00:17","date_gmt":"2021-06-21T11:00:17","guid":{"rendered":"https:\/\/up.lublin.pl\/agrobio\/?page_id=141165"},"modified":"2021-06-21T13:03:07","modified_gmt":"2021-06-21T11:03:07","slug":"jacek-pranagal","status":"publish","type":"page","link":"https:\/\/up.lublin.pl\/agrobio\/wydzial\/struktura-i-pracownicy\/gleba\/jacek-pranagal\/","title":{"rendered":"Jacek Pranagal"},"content":{"rendered":"\t\t<div data-elementor-type=\"wp-page\" data-elementor-id=\"141165\" class=\"elementor elementor-141165\" data-elementor-settings=\"[]\">\n\t\t\t\t\t\t<div class=\"elementor-inner\">\n\t\t\t\t\t\t\t<div class=\"elementor-section-wrap\">\n\t\t\t\t\t\t\t<section class=\"elementor-section elementor-top-section elementor-element elementor-element-8c2bb8c elementor-section-boxed elementor-section-height-default elementor-section-height-default\" data-id=\"8c2bb8c\" data-element_type=\"section\">\n\t\t\t\t\t\t<div class=\"elementor-container elementor-column-gap-default\">\n\t\t\t\t\t\t\t<div class=\"elementor-row\">\n\t\t\t\t\t<div class=\"elementor-column elementor-col-100 elementor-top-column elementor-element elementor-element-cb0465a\" data-id=\"cb0465a\" data-element_type=\"column\">\n\t\t\t<div class=\"elementor-column-wrap elementor-element-populated\">\n\t\t\t\t\t\t\t<div class=\"elementor-widget-wrap\">\n\t\t\t\t\t\t<div class=\"elementor-element elementor-element-9a80ee9 elementor-widget elementor-widget-m5c\" data-id=\"9a80ee9\" data-element_type=\"widget\" data-widget_type=\"m5c.default\">\n\t\t\t\t<div class=\"elementor-widget-container\">\n\t\t\t<section class=\"mn-m5-c mn-bg-white\">\n\t<div class=\"mn-grid\">\n\t\t            <div class=\"mn-menu-container mn-grid-3\">\n                <ul class=\"mn-bg-yellow\">\n\t                                        <li>\n                            <a href=\"#\" class=\"active\" data-hash=\"#\">\n                                Informacje og\u00f3lne                            <\/a>\n                        <\/li>\n                                                <li>\n                            <a href=\"#\" class=\"\" data-hash=\"#\">\n                                Dydaktyka                            <\/a>\n                        <\/li>\n                                                <li>\n                            <a href=\"#\" class=\"\" data-hash=\"#\">\n                                Tematyka bada\u0144                            <\/a>\n                        <\/li>\n                                                <li>\n                            <a href=\"#\" class=\"\" data-hash=\"#\">\n                                Wybrane publikacje                            <\/a>\n                        <\/li>\n                                        <\/ul>\n            <\/div>\n\t        \t\t<div class=\"mn-content mn-grid-8\">\n\t\t\t                <div class=\"mn-content-block active\">\n\t                                                        <div class=\"block-text\">\n\t                                        <table style=\"border-collapse: collapse; width: 100%;\">\n<tbody>\n<tr>\n<td style=\"width: 50%;\"><img loading=\"lazy\" class=\"aligncenter size-full wp-image-141194\" src=\"https:\/\/up.lublin.pl\/agrobio\/wp-content\/uploads\/sites\/2\/2021\/06\/pranag.jpg\" alt=\"\" width=\"99\" height=\"127\" \/><\/td>\n<td style=\"width: 50%; vertical-align: middle;\">\n<h1>dr hab. in\u017c. Jacek Pranagal<\/h1>\n<p>Uniwersytet Przyrodniczy w&nbsp;Lublinie<br \/>Instytut Gleboznawstwa, In\u017cynierii i&nbsp;Kszta\u0142towania \u015arodowiska <br \/>Zak\u0142ad Nauk o&nbsp;\u015arodowisku Glebowym<br \/>telefon: +48 81 5248151<br \/>jacek.pranagal@up.lublin.pl<\/p>\n<\/td>\n<\/tr>\n<\/tbody>\n<\/table>\n                                        <\/div>\n\t\t\t\t\t\t                                <\/div>\n\t\t\t\t                <div class=\"mn-content-block\">\n\t                                                        <div class=\"block-text\">\n\t                                        <p><b>Dr hab. in\u017c. J. Pranagal prowadzi zaj\u0119cia dydaktyczne z&nbsp;nast\u0119puj\u0105cych przedmiot\u00f3w:<\/b><\/p>\n<ul>\n<li>gleboznawstwo,<\/li>\n<li>in\u017cynieria ekologiczna,<\/li>\n<li>zmiany \u015brodowiska w&nbsp;obszarach rolniczych, przemys\u0142owych i&nbsp;zurbanizowanych,<\/li>\n<li>gospodarka odpadami,<\/li>\n<li>utylizacja odpad\u00f3w,<\/li>\n<li>seminarium magisterskie dla student\u00f3w kierunku ochrona \u015brodowiska.<\/li>\n<\/ul>\n                                        <\/div>\n\t\t\t\t\t\t                                <\/div>\n\t\t\t\t                <div class=\"mn-content-block\">\n\t                                                        <div class=\"block-text\">\n\t                                        <p><b>Gleboznawstwo &#8211; Ochrona \u015arodowiska &#8211; Fizyczne w\u0142a\u015bciwo\u015bci gleby &#8211; Retencyjno\u015b\u0107 &#8211; Filtracja &#8211; Ruch wody i&nbsp;powietrza w&nbsp;glebie &#8211; Morfologiczna i&nbsp;morfometryczna analiza struktury gleby &#8211; Agromelioracje &#8211; Przyrodnicze zagospodarowanie odpad\u00f3w<\/b><\/p>\n<p><span class=\"tyt\">Studia wy\u017csze<\/span> <br \/><b>Politechnika Lubelska<\/b> &#8211; Kierunek: in\u017cynieria \u015brodowiska; <b>Akademia Rolnicza w&nbsp;Lublinie<\/b> &#8211; Kierunek: rolnictwo.<\/p>\n                                        <\/div>\n\t\t\t\t\t\t                                <\/div>\n\t\t\t\t                <div class=\"mn-content-block\">\n\t                                                        <div class=\"block-text\">\n\t                                        <p><b>Dr hab. in\u017c. Jacek Pranagal, adiunkt, jest autorem lub wsp\u00f3\u0142autorem 84 publikacji naukowych.<\/b><\/p>\n<ol>\n<li>S\u0142owi\u0144ska-Jurkiewicz A., <b>Pranagal J.<\/b>, Zawi\u015blak-Pranagal M., 2001. W\u0142a\u015bciwo\u015bci retencyjne gleby pola przeznaczonego do zalewania \u015bciekami miejskimi. <i>Acta Agrophysica<\/i>, 53, 135-145.<\/li>\n<li>S\u0142owi\u0144ska-Jurkiewicz A., <b>Pranagal J.<\/b>, Zawi\u015blak-Pranagal M., Bryk M., 2001. Zmiany zdolno\u015bci filtracyjnych gleby obiektu do\u015bwiadczalnego przeznaczonego do nawadniania wodami \u015bciekowymi. <i>Zesz. Probl. Post. Nauk Roln.<\/i>, 475, 61-71.<\/li>\n<li><b>Pranagal J.<\/b>, Dom\u017ca\u0142 H., 2001. Stan fizyczny r\u0119dziny w&nbsp;r\u00f3\u017cnych systemach uprawy. <i>Acta Agrophysica<\/i>, 56, 247-257.<\/li>\n<li><b>Pranagal J.<\/b>, Dom\u017ca\u0142 H., S\u0142owi\u0144ska-Jurkiewicz A., \u015awica M., Zawi\u015blak-Pranagal M., 2002. Wp\u0142yw popektynowego m\u0142\u00f3ta jab\u0142kowego na w\u0142a\u015bciwo\u015bci filtracyjne gleby. <i>Acta Agrophysica<\/i>, 70, 277-286.<\/li>\n<li><b>Pranagal J.<\/b>, 2004. Porowato\u015b\u0107 r\u00f3\u017cnicowa r\u0119dziny i&nbsp;wodoodporno\u015b\u0107 jej agregat\u00f3w w&nbsp;r\u00f3\u017cnych systemach uprawy. <i>Rocz. Glebozn.<\/i>, 50, 2, 339-347.<\/li>\n<li><b>Pranagal J.<\/b>, 2004. Wp\u0142yw systemu uprawy na zawarto\u015b\u0107 w\u0119gla organicznego w&nbsp;glebie. <i>Annales UMCS, Sectio E<\/i>, 59, 1, 1-10.<\/li>\n<li><b>Pranagal J.<\/b>, Lipiec J., Dom\u017ca\u0142 H., 2005. Changes in pore size distribution and aggregate stability of two soils under long term tillage system. <i>Int. Agrophysics<\/i>, 19, 165-174.<\/li>\n<li>Bieli\u0144ska E. J., <b>Pranagal J.<\/b>, 2006. Aktywno\u015b\u0107 enzymatyczna jako wska\u017anik degradacji gleb py\u0142owych u\u017cytkowanych rolniczo. <i>Rocz. Glebozn.<\/i> 57, 1\/2, 41-49.<\/li>\n<li><b>Pranagal J.<\/b>, Oleszczuk P., 2006. The polycyclic aromatic hydrocarbons content in selected silty soils. <i>Arch. Environ. Protect.<\/i>, 32, 2, 69-80.<\/li>\n<li><b>Pranagal J.<\/b>, 2006. Intensywno\u015b\u0107 u\u017cytkowania rolniczego a&nbsp;zawarto\u015b\u0107 mikroelement\u00f3w w&nbsp;glebie. <i>Zesz. Probl. Post. Nauk Roln.<\/i>, 515, 341-349.<\/li>\n<li><b>Pranagal J.<\/b>, Oleszczuk P., 2007. Zawarto\u015b\u0107 i&nbsp;przemieszczanie wielopier\u015bcieniowych w\u0119glowodor\u00f3w aromatycznych (WWA) w&nbsp;glebach r\u00f3\u017cnie u\u017cytkowanych. <i>Chemia i&nbsp;in\u017cynieria ekologiczna<\/i>, 14, S2, 233-243.<\/li>\n<li>Bieli\u0144ska E. J., <b>Pranagal J.<\/b>, 2007. Enzymatic activity of soil contaminated with triazine herbicides. <i>Pol. J. Environ. Stud.<\/i>, 16, 2, 295-300.<\/li>\n<li><b>Pranagal J.<\/b>, Oleszczuk P., 2007. Wp\u0142yw intensywnego u\u017cytkowania rolniczego na zawarto\u015b\u0107 wielopier\u015bcieniowych w\u0119glowodor\u00f3w aromatycznych w&nbsp;wierzchniej warstwie wybranych gleb lessowych. <i>Rocz. Glebozn.<\/i>, 58, 1\/2, 84-92.<\/li>\n<li><b>Pranagal J.<\/b>, S\u0142owi\u0144ska-Jurkiewicz A., 2007. Pokrywa glebowa obszaru bada\u0144. [w: red. Dom\u017ca\u0142 H. i&nbsp;Bieli\u0144ska E.J.] Ocena przeobra\u017ce\u0144 \u015brodowiska glebowego i&nbsp;stabilno\u015bci ekosystem\u00f3w le\u015bnych w&nbsp;obszarze oddzia\u0142ywania Zak\u0142ad\u00f3w Azotowych &#8220;Pu\u0142awy&#8221; S.A. <i>Acta Agrophysica &#8211; Rozprawy i&nbsp;Monografie<\/i>, 145, 11-28.<\/li>\n<li><b>Pranagal J.<\/b>, 2007. The influence of the application of reduced tillage systems on the retention properties of rendzina. <i>Pol. J. Soil Sci.<\/i>, 40\/1, 101-108.<\/li>\n<\/ol>\n                                        <\/div>\n\t\t\t\t\t\t                                <\/div>\n\t\t\t\t\t\t<\/div>\n\t<\/div>\n<\/section>\n\t\t<\/div>\n\t\t\t\t<\/div>\n\t\t\t\t\t\t<\/div>\n\t\t\t\t\t<\/div>\n\t\t<\/div>\n\t\t\t\t\t\t\t\t<\/div>\n\t\t\t\t\t<\/div>\n\t\t<\/section>\n\t\t\t\t\t\t<\/div>\n\t\t\t\t\t\t<\/div>\n\t\t\t\t\t<\/div>\n\t\t","protected":false},"excerpt":{"rendered":"<p>Informacje og\u00f3lne Dydaktyka Tematyka bada\u0144 Wybrane publikacje dr hab. in\u017c. Jacek Pranagal Uniwersytet Przyrodniczy w&nbsp;LublinieInstytut Gleboznawstwa, In\u017cynierii i&nbsp;Kszta\u0142towania \u015arodowiska Zak\u0142ad Nauk o&nbsp;\u015arodowisku Glebowymtelefon: +48 81 5248151jacek.pranagal@up.lublin.pl Dr hab. in\u017c. J. Pranagal prowadzi zaj\u0119cia dydaktyczne z&nbsp;nast\u0119puj\u0105cych przedmiot\u00f3w: gleboznawstwo, in\u017cynieria ekologiczna, zmiany \u015brodowiska w&nbsp;obszarach rolniczych, przemys\u0142owych i&nbsp;zurbanizowanych, gospodarka odpadami, utylizacja odpad\u00f3w, seminarium magisterskie dla student\u00f3w kierunku ochrona [&hellip;]<\/p>\n","protected":false},"author":2,"featured_media":0,"parent":140704,"menu_order":0,"comment_status":"closed","ping_status":"closed","template":"elementor_header_footer","meta":{"_monsterinsights_skip_tracking":false,"_monsterinsights_sitenote_active":false,"_monsterinsights_sitenote_note":"","_monsterinsights_sitenote_category":0},"_links":{"self":[{"href":"https:\/\/up.lublin.pl\/agrobio\/wp-json\/wp\/v2\/pages\/141165"}],"collection":[{"href":"https:\/\/up.lublin.pl\/agrobio\/wp-json\/wp\/v2\/pages"}],"about":[{"href":"https:\/\/up.lublin.pl\/agrobio\/wp-json\/wp\/v2\/types\/page"}],"author":[{"embeddable":true,"href":"https:\/\/up.lublin.pl\/agrobio\/wp-json\/wp\/v2\/users\/2"}],"replies":[{"embeddable":true,"href":"https:\/\/up.lublin.pl\/agrobio\/wp-json\/wp\/v2\/comments?post=141165"}],"version-history":[{"count":4,"href":"https:\/\/up.lublin.pl\/agrobio\/wp-json\/wp\/v2\/pages\/141165\/revisions"}],"predecessor-version":[{"id":141200,"href":"https:\/\/up.lublin.pl\/agrobio\/wp-json\/wp\/v2\/pages\/141165\/revisions\/141200"}],"up":[{"embeddable":true,"href":"https:\/\/up.lublin.pl\/agrobio\/wp-json\/wp\/v2\/pages\/140704"}],"wp:attachment":[{"href":"https:\/\/up.lublin.pl\/agrobio\/wp-json\/wp\/v2\/media?parent=141165"}],"curies":[{"name":"wp","href":"https:\/\/api.w.org\/{rel}","templated":true}]}}