{"id":141164,"date":"2021-06-21T13:49:15","date_gmt":"2021-06-21T11:49:15","guid":{"rendered":"https:\/\/up.lublin.pl\/agrobio\/?page_id=141164"},"modified":"2021-11-26T13:28:17","modified_gmt":"2021-11-26T12:28:17","slug":"beata-kolodziej","status":"publish","type":"page","link":"https:\/\/up.lublin.pl\/agrobio\/wydzial\/struktura-i-pracownicy\/gleba\/beata-kolodziej\/","title":{"rendered":"Beata Ko\u0142odziej"},"content":{"rendered":"\t\t<div data-elementor-type=\"wp-page\" data-elementor-id=\"141164\" class=\"elementor elementor-141164\" data-elementor-settings=\"[]\">\n\t\t\t\t\t\t<div class=\"elementor-inner\">\n\t\t\t\t\t\t\t<div class=\"elementor-section-wrap\">\n\t\t\t\t\t\t\t<section class=\"elementor-section elementor-top-section elementor-element elementor-element-cad7ca9 elementor-section-boxed elementor-section-height-default elementor-section-height-default\" data-id=\"cad7ca9\" data-element_type=\"section\">\n\t\t\t\t\t\t<div class=\"elementor-container elementor-column-gap-default\">\n\t\t\t\t\t\t\t<div class=\"elementor-row\">\n\t\t\t\t\t<div class=\"elementor-column elementor-col-100 elementor-top-column elementor-element elementor-element-3fc0393\" data-id=\"3fc0393\" data-element_type=\"column\">\n\t\t\t<div class=\"elementor-column-wrap elementor-element-populated\">\n\t\t\t\t\t\t\t<div class=\"elementor-widget-wrap\">\n\t\t\t\t\t\t<div class=\"elementor-element elementor-element-24e81c3 elementor-widget elementor-widget-m5c\" data-id=\"24e81c3\" data-element_type=\"widget\" data-widget_type=\"m5c.default\">\n\t\t\t\t<div class=\"elementor-widget-container\">\n\t\t\t<section class=\"mn-m5-c mn-bg-white\">\n\t<div class=\"mn-grid\">\n\t\t            <div class=\"mn-menu-container mn-grid-3\">\n                <ul class=\"mn-bg-yellow\">\n\t                                        <li>\n                            <a href=\"#\" class=\"active\" data-hash=\"#informacje\">\n                                Informacje og\u00f3lne                            <\/a>\n                        <\/li>\n                                                <li>\n                            <a href=\"#\" class=\"\" data-hash=\"#dydaktyka\">\n                                Dydaktyka                            <\/a>\n                        <\/li>\n                                                <li>\n                            <a href=\"#\" class=\"\" data-hash=\"#tematyka\">\n                                Tematyka bada\u0144                            <\/a>\n                        <\/li>\n                                                <li>\n                            <a href=\"#\" class=\"\" data-hash=\"#wybrane\">\n                                Wybrane publikacje                            <\/a>\n                        <\/li>\n                                        <\/ul>\n            <\/div>\n\t        \t\t<div class=\"mn-content mn-grid-8\">\n\t\t\t                <div class=\"mn-content-block active\">\n\t                                                        <div class=\"block-text\">\n\t                                        <table style=\"border-collapse: collapse; width: 100%;\">\n<tbody>\n<tr>\n<td style=\"width: 46.2003%;\"><img loading=\"lazy\" class=\"aligncenter wp-image-143847 \" src=\"https:\/\/up.lublin.pl\/agrobio\/wp-content\/uploads\/sites\/2\/2021\/11\/IMG_Beata_K.jpg\" alt=\"\" width=\"192\" height=\"261\" \/><\/td>\n<td style=\"width: 53.7997%; vertical-align: middle;\">\n<h1>dr hab. in\u017c. Beata Ko\u0142odziej<\/h1>\n<p>Uniwersytet Przyrodniczy w&nbsp;Lublinie <br \/>Instytut Gleboznawstwa, In\u017cynierii i&nbsp;Kszta\u0142towania \u015arodowiska <br \/>Zak\u0142ad Nauk o&nbsp;\u015arodowisku Glebowym<br \/>telefon: +48 81 5248148<br \/>beata.kolodziej@up.lublin.pl<\/p>\n<\/td>\n<\/tr>\n<\/tbody>\n<\/table>\n                                        <\/div>\n\t\t\t\t\t\t                                <\/div>\n\t\t\t\t                <div class=\"mn-content-block\">\n\t                                                        <div class=\"block-text\">\n\t                                        <p>W roku akademickim 2012\/2013 dr Beata Ko\u0142odziej prowadzi zaj\u0119cia z&nbsp;przedmiot\u00f3w:<\/p>\n<ul>\n<li><b>&#8220;Gleboznawstwo&#8221;<\/b> ze studentami kierunku In\u017cynieria \u015arodowiska I&nbsp;S I\u00b0, Architektura Krajobrazu I&nbsp;S I\u00b0, Ogrodnictwo I&nbsp;S I\u00b0, Rolnictwo II N&nbsp;I\u00b0, Le\u015bnictwo I&nbsp;S I\u00b0 i&nbsp;Le\u015bnictwo I&nbsp;N I\u00b0<\/li>\n<li><b>&#8220;Ochrona \u015brodowiska&#8221;<\/b> ze studentami kierunku In\u017cynieria \u015arodowiska II S&nbsp;I\u00b0, Rolnictwo III S&nbsp;I\u00b0<\/li>\n<li><b>&#8220;Kszta\u0142towanie i&nbsp;rewitalizacja \u015brodowiska&#8221;<\/b> ze studentami kierunku Turystyka i&nbsp;Rekreacja II S&nbsp;I\u00b0<\/li>\n<li><b>&#8220;Zmiany \u015brodowiska przyrodniczego i&nbsp;kulturowego&#8221;<\/b> ze studentami kierunku Kszta\u0142towanie \u015arodowiska III S&nbsp;I\u00b0<\/li>\n<li><b>&#8220;Kszta\u0142towanie \u015brodowiska&#8221;<\/b> ze studentami kierunku Rolnictwo V&nbsp;N II\u00b0<\/li>\n<\/ul>\n                                        <\/div>\n\t\t\t\t\t\t                                <\/div>\n\t\t\t\t                <div class=\"mn-content-block\">\n\t                                                        <div class=\"block-text\">\n\t                                        <p><b>Praca magisterska (1998):<\/b> Oddzia\u0142ywanie oczyszczonych \u015bciek\u00f3w miasta Lublina na w\u0142a\u015bciwo\u015bci sorpcyjne gleby, Wydzia\u0142 Biologii i&nbsp;Hodowli Zwierz\u0105t AR Lublin<\/p>\n<p><b>Praca doktorska (2002):<\/b> Struktura i&nbsp;w\u0142a\u015bciwo\u015bci fizyczne rekultywowanej pokrywy glebowej na terenie po otworowej eksploatacji siarki, Wydzia\u0142 Rolniczy AR Lublin<\/p>\n<p><b>Obszar zainteresowa\u0144 naukowych:<\/b><br \/>Gleboznawstwo &#8211; struktura gleby &#8211; w\u0142a\u015bciwo\u015bci wodno-powietrzne gleby &#8211; ochrona \u015brodowiska &#8211; rekultywacja<\/p>\n                                        <\/div>\n\t\t\t\t\t\t                                <\/div>\n\t\t\t\t                <div class=\"mn-content-block\">\n\t                                                        <div class=\"block-text\">\n\t                                        <ol>\n<li>A. S\u0142owi\u0144ska-Jurkiewicz, J. Pranagal, <b>B. Ko\u0142odziej<\/b>, M. Bryk (1999): Struktura wierzchniej warstwy sk\u0142adowiska wapna poflotacyjnego rekultywowanego osadem \u015bciekowym <i>Acta Agrophysica<\/i> 23, 149-154<\/li>\n<li>J. Pranagal, <b>B. Ko\u0142odziej<\/b> (2000): W\u0142a\u015bciwo\u015bci filtracyjne gleby rekultywowanej osadem \u015bciekowym. <i>Fol. Univ. Agric. Stetin. 211, Agricultura<\/i> 84, 411-416.<\/li>\n<li>M. Bryk, <b>B. Ko\u0142odziej<\/b>, T. Serzysko (2001): Wp\u0142yw ugniatania i&nbsp;proces\u00f3w mrozowych na w\u0142a\u015bciwo\u015bci wodne gleb <i>Acta Agrophysica<\/i> 53, 57-68<\/li>\n<li><b>B. Ko\u0142odziej<\/b>, M. Bryk (2001): Wybrane w\u0142a\u015bciwo\u015bci fizyczne gleby antropogenicznej rekultywowanej osadem \u015bciekowym <i>Acta Agrophysica<\/i> 57, 39-48<\/li>\n<li><b>B. Ko\u0142odziej<\/b>, A. S\u0142owi\u0144ska-Jurkiewicz (2001): W\u0142a\u015bciwo\u015bci wodne gleby antropogenicznej rekultywowanej osadem \u015bciekowym <i>Zesz. Probl. Post. Nauk Roln.<\/i> 475, 309-319<\/li>\n<li><b>B. Ko\u0142odziej<\/b> (2002): Zawarto\u015b\u0107 siarki w&nbsp;glebie zrekultywowanej na terenie po kopalni siarki <i>Zesz. Probl. Post. Nauk Roln.<\/i> 482, 287-293<\/li>\n<li>A. S\u0142owi\u0144ska-Jurkiewicz, E. J. Bieli\u0144ska, <b>B. Ko\u0142odziej<\/b> (2002): Aktywno\u015b\u0107 enzymatyczna rekultywowanej pokrywy glebowej na terenie po otworowej eksploatacji siarki III Og\u00f3lnopolskie Sympozjum Naukowe-Techniczne nt. &#8220;Bioremediacja grunt\u00f3w&#8221; 482, 67-77<\/li>\n<\/ol>\n<p class=\"gora\">\u00a0<\/p>\n                                        <\/div>\n\t\t\t\t\t\t                                <\/div>\n\t\t\t\t\t\t<\/div>\n\t<\/div>\n<\/section>\n\t\t<\/div>\n\t\t\t\t<\/div>\n\t\t\t\t\t\t<\/div>\n\t\t\t\t\t<\/div>\n\t\t<\/div>\n\t\t\t\t\t\t\t\t<\/div>\n\t\t\t\t\t<\/div>\n\t\t<\/section>\n\t\t\t\t\t\t<\/div>\n\t\t\t\t\t\t<\/div>\n\t\t\t\t\t<\/div>\n\t\t","protected":false},"excerpt":{"rendered":"<p>Informacje og\u00f3lne Dydaktyka Tematyka bada\u0144 Wybrane publikacje dr hab. in\u017c. Beata Ko\u0142odziej Uniwersytet Przyrodniczy w&nbsp;Lublinie Instytut Gleboznawstwa, In\u017cynierii i&nbsp;Kszta\u0142towania \u015arodowiska Zak\u0142ad Nauk o&nbsp;\u015arodowisku Glebowymtelefon: +48 81 5248148beata.kolodziej@up.lublin.pl W roku akademickim 2012\/2013 dr Beata Ko\u0142odziej prowadzi zaj\u0119cia z&nbsp;przedmiot\u00f3w: &#8220;Gleboznawstwo&#8221; ze studentami kierunku In\u017cynieria \u015arodowiska I&nbsp;S I\u00b0, Architektura Krajobrazu I&nbsp;S I\u00b0, Ogrodnictwo I&nbsp;S I\u00b0, Rolnictwo II N&nbsp;I\u00b0, [&hellip;]<\/p>\n","protected":false},"author":2,"featured_media":0,"parent":140704,"menu_order":0,"comment_status":"closed","ping_status":"closed","template":"elementor_header_footer","meta":{"_monsterinsights_skip_tracking":false,"_monsterinsights_sitenote_active":false,"_monsterinsights_sitenote_note":"","_monsterinsights_sitenote_category":0},"_links":{"self":[{"href":"https:\/\/up.lublin.pl\/agrobio\/wp-json\/wp\/v2\/pages\/141164"}],"collection":[{"href":"https:\/\/up.lublin.pl\/agrobio\/wp-json\/wp\/v2\/pages"}],"about":[{"href":"https:\/\/up.lublin.pl\/agrobio\/wp-json\/wp\/v2\/types\/page"}],"author":[{"embeddable":true,"href":"https:\/\/up.lublin.pl\/agrobio\/wp-json\/wp\/v2\/users\/2"}],"replies":[{"embeddable":true,"href":"https:\/\/up.lublin.pl\/agrobio\/wp-json\/wp\/v2\/comments?post=141164"}],"version-history":[{"count":31,"href":"https:\/\/up.lublin.pl\/agrobio\/wp-json\/wp\/v2\/pages\/141164\/revisions"}],"predecessor-version":[{"id":143875,"href":"https:\/\/up.lublin.pl\/agrobio\/wp-json\/wp\/v2\/pages\/141164\/revisions\/143875"}],"up":[{"embeddable":true,"href":"https:\/\/up.lublin.pl\/agrobio\/wp-json\/wp\/v2\/pages\/140704"}],"wp:attachment":[{"href":"https:\/\/up.lublin.pl\/agrobio\/wp-json\/wp\/v2\/media?parent=141164"}],"curies":[{"name":"wp","href":"https:\/\/api.w.org\/{rel}","templated":true}]}}