{"id":141162,"date":"2021-06-21T13:04:24","date_gmt":"2021-06-21T11:04:24","guid":{"rendered":"https:\/\/up.lublin.pl\/agrobio\/?page_id=141162"},"modified":"2021-06-21T13:08:38","modified_gmt":"2021-06-21T11:08:38","slug":"slawomir-ligeza","status":"publish","type":"page","link":"https:\/\/up.lublin.pl\/agrobio\/wydzial\/struktura-i-pracownicy\/gleba\/slawomir-ligeza\/","title":{"rendered":"S\u0142awomir Lig\u0119za"},"content":{"rendered":"\t\t<div data-elementor-type=\"wp-page\" data-elementor-id=\"141162\" class=\"elementor elementor-141162\" data-elementor-settings=\"[]\">\n\t\t\t\t\t\t<div class=\"elementor-inner\">\n\t\t\t\t\t\t\t<div class=\"elementor-section-wrap\">\n\t\t\t\t\t\t\t<section class=\"elementor-section elementor-top-section elementor-element elementor-element-6c69c2c elementor-section-boxed elementor-section-height-default elementor-section-height-default\" data-id=\"6c69c2c\" data-element_type=\"section\">\n\t\t\t\t\t\t<div class=\"elementor-container elementor-column-gap-default\">\n\t\t\t\t\t\t\t<div class=\"elementor-row\">\n\t\t\t\t\t<div class=\"elementor-column elementor-col-100 elementor-top-column elementor-element elementor-element-2f31be4\" data-id=\"2f31be4\" data-element_type=\"column\">\n\t\t\t<div class=\"elementor-column-wrap elementor-element-populated\">\n\t\t\t\t\t\t\t<div class=\"elementor-widget-wrap\">\n\t\t\t\t\t\t<div class=\"elementor-element elementor-element-dbabf60 elementor-widget elementor-widget-m5c\" data-id=\"dbabf60\" data-element_type=\"widget\" data-widget_type=\"m5c.default\">\n\t\t\t\t<div class=\"elementor-widget-container\">\n\t\t\t<section class=\"mn-m5-c mn-bg-white\">\n\t<div class=\"mn-grid\">\n\t\t            <div class=\"mn-menu-container mn-grid-3\">\n                <ul class=\"mn-bg-yellow\">\n\t                                        <li>\n                            <a href=\"#\" class=\"active\" data-hash=\"#\">\n                                Informacje og\u00f3lne                            <\/a>\n                        <\/li>\n                                                <li>\n                            <a href=\"#\" class=\"\" data-hash=\"#\">\n                                Dydaktyka                            <\/a>\n                        <\/li>\n                                                <li>\n                            <a href=\"#\" class=\"\" data-hash=\"#\">\n                                Tematyka bada\u0144                            <\/a>\n                        <\/li>\n                                                <li>\n                            <a href=\"#\" class=\"\" data-hash=\"#\">\n                                Wybrane publikacje                            <\/a>\n                        <\/li>\n                                        <\/ul>\n            <\/div>\n\t        \t\t<div class=\"mn-content mn-grid-8\">\n\t\t\t                <div class=\"mn-content-block active\">\n\t                                                        <div class=\"block-text\">\n\t                                        <table style=\"border-collapse: collapse; width: 100%;\">\n<tbody>\n<tr>\n<td style=\"width: 50%;\"><img loading=\"lazy\" class=\"aligncenter  wp-image-141202\" src=\"https:\/\/up.lublin.pl\/agrobio\/wp-content\/uploads\/sites\/2\/2021\/06\/ligeza.jpg\" alt=\"\" width=\"235\" height=\"288\" \/><\/td>\n<td style=\"width: 50%; vertical-align: middle;\">\n<h1>dr hab. S\u0142awomir Lig\u0119za<\/h1>\n<p>Uniwersytet Przyrodniczy w&nbsp;Lublinie<br \/>Instytut Gleboznawstwa, In\u017cynierii i&nbsp;Kszta\u0142towania \u015arodowiska <br \/>Zak\u0142ad Nauk o&nbsp;\u015arodowisku Glebowym<br \/>telefon: +48 81 5248157<br \/>slawomir.ligeza@up.lublin.pl<\/p>\n<\/td>\n<\/tr>\n<\/tbody>\n<\/table>\n                                        <\/div>\n\t\t\t\t\t\t                                <\/div>\n\t\t\t\t                <div class=\"mn-content-block\">\n\t                                                        <div class=\"block-text\">\n\t                                        <p><b>Dr hab. S\u0142awomir Lig\u0119za prowadzi zaj\u0119cia z&nbsp;nast\u0119puj\u0105cych przedmiot\u00f3w:<\/b><\/p>\n<ul>\n<li>Ekologia i&nbsp;ochrona \u015brodowiska,<\/li>\n<li>Monitoring \u015brodowiska,<\/li>\n<li>Hydrologia (le\u015bna).<\/li>\n<\/ul>\n                                        <\/div>\n\t\t\t\t\t\t                                <\/div>\n\t\t\t\t                <div class=\"mn-content-block\">\n\t                                                        <div class=\"block-text\">\n\t                                        <p><b>Gleby aluwialne &#8211; chemia gleby &#8211; ekosystemy wodne &#8211; osady denne &#8211; ochrona \u015brodowiska &#8211; ptaki wodne<\/b><\/p>\n<p><b>Praca magisterska &#8211; 1992. <\/b> Wydzia\u0142 Biologii i&nbsp;Nauk o&nbsp;Ziemi, Uniwersytet Marii Curie Sk\u0142odowskiej w&nbsp;Lublinie.<br \/><b>Praca doktorska &#8211; 1998.<\/b> Wydzia\u0142 Rolniczy, Akademia Rolnicza w&nbsp;Lublinie.<\/p>\n<p><b>Obszar zainteresowa\u0144 naukowych:<\/b><\/p>\n<ul>\n<li>mady &#8211; ich geneza i&nbsp;w\u0142a\u015bciwo\u015bci,<\/li>\n<li>zbiorniki zaporowe i&nbsp;ich funkcjonowanie,<\/li>\n<li>starorzecza Wis\u0142y.<\/li>\n<\/ul>\n<p>\u00a0<\/p>\n<p><b>Udzia\u0142 w&nbsp;projektach badawczych:<\/b><\/p>\n<ul>\n<li>Projekt badawczy nr 551299203: &#8220;Badania w\u0142a\u015bciwo\u015bci chemicznych roztwor\u00f3w glebowych w&nbsp;profilach gleb lekkich. <b>Wykonawca<\/b>, 1993-1994 r.<\/li>\n<li>Projekt badawczy nr 6633669102: &#8220;Zmiany trofii jezior pod wp\u0142ywem s\u0105siaduj\u0105cych torfowisk. <b>Wykonawca<\/b>, 1993-1995 r.<\/li>\n<li>Projekt badawczy nr 6P04F 053 11 &#8211; &#8220;Oddzia\u0142ywanie odchod\u00f3w ptasich na \u015brodowisko glebowe&#8221;. <b>G\u0142\u00f3wny wykonawca<\/b>, 1997-1998 r.<\/li>\n<li>Environment Project EVK1-1999-00261. Ecological quality and functioning of shallow lake ecosystems with respect to the needs of the European Water Framework Directive. <b>Wykonawca<\/b>, 1999-2001.<\/li>\n<li>Projekt badawczy nr 6P04G 011 21. <a href=\"http:\/\/agros.up.lublin.pl\/users\/slawekl\/osady.html\"> Czynniki kszta\u0142tuj\u0105ce przestrzenne zr\u00f3\u017cnicowanie osad\u00f3w dennych w&nbsp;p\u0142ytkich zbiornikach zaporowych o&nbsp;r\u00f3\u017cnym charakterze.<\/a> <b>Kierownik<\/b>, 2001-2003 r.<\/li>\n<li>Projekt badawczy nr 2PO4F04527. R\u00f3\u017cnorodno\u015b\u0107 zielenicy z&nbsp;rodzaju <i>Desmodesmus<\/i> w&nbsp;wodach o&nbsp;r\u00f3\u017cnym statusie troficznym oraz jej zmienno\u015b\u0107 morfologiczna w&nbsp;zale\u017cno\u015bci od dost\u0119pno\u015bci zwi\u0105zk\u00f3w pokarmowych. <b>G\u0142\u00f3wny wykonawca<\/b>, 2004-2006 r.<\/li>\n<li>Projekt badawczy nr N&nbsp;N310 144635. Zmienno\u015b\u0107 i&nbsp;nieci\u0105g\u0142o\u015b\u0107 litologiczna wsp\u00f3\u0142czesnych mad na terasach zalewowych Wis\u0142y. <b>Kierownik<\/b>.<\/li>\n<\/ul>\n                                        <\/div>\n\t\t\t\t\t\t                                <\/div>\n\t\t\t\t                <div class=\"mn-content-block\">\n\t                                                        <div class=\"mn-cards-list\">\n                                            <div class=\"mn-card-container\">\n                                                <div>\n                                                    <img src=\"https:\/\/up.lublin.pl\/agrobio\/wp-content\/themes\/up-lublin\/assets\/images\/doc-ico.svg\" alt=\"\" \/>\n                                                    <h5>Publikacje<\/h5>\n                                                <\/div>\n                                                <a href=\"https:\/\/publikacje.up.lublin.pl\/nowe_raporty\/autor\/87\/1995\/2019\/?_export=html&_tzju=False\" class=\"mn-more\" target=\"_blank\">Zobacz<\/a>\n                                            <\/div>\n                                        <\/div>\n\t\t\t\t\t\t                                <\/div>\n\t\t\t\t\t\t<\/div>\n\t<\/div>\n<\/section>\n\t\t<\/div>\n\t\t\t\t<\/div>\n\t\t\t\t\t\t<\/div>\n\t\t\t\t\t<\/div>\n\t\t<\/div>\n\t\t\t\t\t\t\t\t<\/div>\n\t\t\t\t\t<\/div>\n\t\t<\/section>\n\t\t\t\t\t\t<\/div>\n\t\t\t\t\t\t<\/div>\n\t\t\t\t\t<\/div>\n\t\t","protected":false},"excerpt":{"rendered":"<p>Informacje og\u00f3lne Dydaktyka Tematyka bada\u0144 Wybrane publikacje dr hab. S\u0142awomir Lig\u0119za Uniwersytet Przyrodniczy w&nbsp;LublinieInstytut Gleboznawstwa, In\u017cynierii i&nbsp;Kszta\u0142towania \u015arodowiska Zak\u0142ad Nauk o&nbsp;\u015arodowisku Glebowymtelefon: +48 81 5248157slawomir.ligeza@up.lublin.pl Dr hab. S\u0142awomir Lig\u0119za prowadzi zaj\u0119cia z&nbsp;nast\u0119puj\u0105cych przedmiot\u00f3w: Ekologia i&nbsp;ochrona \u015brodowiska, Monitoring \u015brodowiska, Hydrologia (le\u015bna). Gleby aluwialne &#8211; chemia gleby &#8211; ekosystemy wodne &#8211; osady denne &#8211; ochrona \u015brodowiska &#8211; [&hellip;]<\/p>\n","protected":false},"author":2,"featured_media":0,"parent":140704,"menu_order":0,"comment_status":"closed","ping_status":"closed","template":"elementor_header_footer","meta":{"_monsterinsights_skip_tracking":false,"_monsterinsights_sitenote_active":false,"_monsterinsights_sitenote_note":"","_monsterinsights_sitenote_category":0},"_links":{"self":[{"href":"https:\/\/up.lublin.pl\/agrobio\/wp-json\/wp\/v2\/pages\/141162"}],"collection":[{"href":"https:\/\/up.lublin.pl\/agrobio\/wp-json\/wp\/v2\/pages"}],"about":[{"href":"https:\/\/up.lublin.pl\/agrobio\/wp-json\/wp\/v2\/types\/page"}],"author":[{"embeddable":true,"href":"https:\/\/up.lublin.pl\/agrobio\/wp-json\/wp\/v2\/users\/2"}],"replies":[{"embeddable":true,"href":"https:\/\/up.lublin.pl\/agrobio\/wp-json\/wp\/v2\/comments?post=141162"}],"version-history":[{"count":4,"href":"https:\/\/up.lublin.pl\/agrobio\/wp-json\/wp\/v2\/pages\/141162\/revisions"}],"predecessor-version":[{"id":141208,"href":"https:\/\/up.lublin.pl\/agrobio\/wp-json\/wp\/v2\/pages\/141162\/revisions\/141208"}],"up":[{"embeddable":true,"href":"https:\/\/up.lublin.pl\/agrobio\/wp-json\/wp\/v2\/pages\/140704"}],"wp:attachment":[{"href":"https:\/\/up.lublin.pl\/agrobio\/wp-json\/wp\/v2\/media?parent=141162"}],"curies":[{"name":"wp","href":"https:\/\/api.w.org\/{rel}","templated":true}]}}