{"id":141092,"date":"2021-06-21T10:10:18","date_gmt":"2021-06-21T08:10:18","guid":{"rendered":"https:\/\/up.lublin.pl\/agrobio\/?page_id=141092"},"modified":"2022-07-19T14:22:39","modified_gmt":"2022-07-19T12:22:39","slug":"katedra-turystyki-i-rekreacji","status":"publish","type":"page","link":"https:\/\/up.lublin.pl\/agrobio\/wydzial\/struktura-i-pracownicy\/katedra-turystyki-i-rekreacji\/","title":{"rendered":"Katedra Turystyki i Rekreacji"},"content":{"rendered":"\t\t<div data-elementor-type=\"wp-page\" data-elementor-id=\"141092\" class=\"elementor elementor-141092\" data-elementor-settings=\"[]\">\n\t\t\t\t\t\t<div class=\"elementor-inner\">\n\t\t\t\t\t\t\t<div class=\"elementor-section-wrap\">\n\t\t\t\t\t\t\t<section class=\"elementor-section elementor-top-section elementor-element elementor-element-3bfc743 elementor-section-boxed elementor-section-height-default elementor-section-height-default\" data-id=\"3bfc743\" data-element_type=\"section\">\n\t\t\t\t\t\t<div class=\"elementor-container elementor-column-gap-default\">\n\t\t\t\t\t\t\t<div class=\"elementor-row\">\n\t\t\t\t\t<div class=\"elementor-column elementor-col-100 elementor-top-column elementor-element elementor-element-e19d6b6\" data-id=\"e19d6b6\" data-element_type=\"column\">\n\t\t\t<div class=\"elementor-column-wrap elementor-element-populated\">\n\t\t\t\t\t\t\t<div class=\"elementor-widget-wrap\">\n\t\t\t\t\t\t<div class=\"elementor-element elementor-element-3b9b78d elementor-widget elementor-widget-m2k\" data-id=\"3b9b78d\" data-element_type=\"widget\" data-widget_type=\"m2k.default\">\n\t\t\t\t<div class=\"elementor-widget-container\">\n\t\t\t<section class=\"mn-m2-d mn-bg-green\">\n    <div class=\"mn-grid\">\n        <div class=\"mn-grid-12 mn-introtext\">\n                            <h3>\n                    Katedra Turystyki i&nbsp;Rekreacji                <\/h3>\n                        <\/div>\n    <\/div>\n    <\/section>\n\t\t<\/div>\n\t\t\t\t<\/div>\n\t\t\t\t\t\t<\/div>\n\t\t\t\t\t<\/div>\n\t\t<\/div>\n\t\t\t\t\t\t\t\t<\/div>\n\t\t\t\t\t<\/div>\n\t\t<\/section>\n\t\t\t\t<section class=\"elementor-section elementor-top-section elementor-element elementor-element-d23103b elementor-section-boxed elementor-section-height-default elementor-section-height-default\" data-id=\"d23103b\" data-element_type=\"section\">\n\t\t\t\t\t\t<div class=\"elementor-container elementor-column-gap-default\">\n\t\t\t\t\t\t\t<div class=\"elementor-row\">\n\t\t\t\t\t<div class=\"elementor-column elementor-col-100 elementor-top-column elementor-element elementor-element-95fa9a2\" data-id=\"95fa9a2\" data-element_type=\"column\">\n\t\t\t<div class=\"elementor-column-wrap elementor-element-populated\">\n\t\t\t\t\t\t\t<div class=\"elementor-widget-wrap\">\n\t\t\t\t\t\t<div class=\"elementor-element elementor-element-da85d5c elementor-widget elementor-widget-m5c\" data-id=\"da85d5c\" data-element_type=\"widget\" data-widget_type=\"m5c.default\">\n\t\t\t\t<div class=\"elementor-widget-container\">\n\t\t\t<section class=\"mn-m5-c mn-bg-white\">\n\t<div class=\"mn-grid\">\n\t\t            <div class=\"mn-menu-container mn-grid-3\">\n                <ul class=\"mn-bg-yellow\">\n\t                                        <li>\n                            <a href=\"#\" class=\"active\" data-hash=\"#dydaktyka\">\n                                Dydaktyka                            <\/a>\n                        <\/li>\n                                                <li>\n                            <a href=\"#\" class=\"\" data-hash=\"#badania\">\n                                Badania                            <\/a>\n                        <\/li>\n                                                <li>\n                            <a href=\"#\" class=\"\" data-hash=\"#historia\">\n                                Historia                            <\/a>\n                        <\/li>\n                                                <li>\n                            <a href=\"#\" class=\"\" data-hash=\"#publikacje\">\n                                Publikacje                            <\/a>\n                        <\/li>\n                                                <li>\n                            <a href=\"#\" class=\"\" data-hash=\"#oferta\">\n                                Oferta                            <\/a>\n                        <\/li>\n                                                <li>\n                            <a href=\"#\" class=\"\" data-hash=\"#projekt_sonp\">\n                                Projekt edukacyjny SONP                            <\/a>\n                        <\/li>\n                                                <li>\n                            <a href=\"#\" class=\"\" data-hash=\"#projekt_nds\">\n                                Projekt Nauka dla Spo\u0142ecze\u0144stwa                            <\/a>\n                        <\/li>\n                                        <\/ul>\n            <\/div>\n\t        \t\t<div class=\"mn-content mn-grid-8\">\n\t\t\t                <div class=\"mn-content-block active\">\n\t                                                        <div class=\"block-text\">\n\t                                        <p>Pracownicy Katedry Turystyki i&nbsp;Rekreacji\u00a0 prowadz\u0105 m.in. zaj\u0119cia na kierunkach: Turystyka i&nbsp;rekreacja, Rolnictwo, Ogrodnictwo nast\u0119puj\u0105cych przedmiot\u00f3w:<\/p>\n<ul>\n<li>Geografia turystyczna Europy i&nbsp;\u015bwiata<\/li>\n<li>Zarz\u0105dzanie w&nbsp;turystyce i&nbsp;rekreacji<\/li>\n<li>Podstawy turystyki<\/li>\n<li>Podstawy rekreacji<\/li>\n<li>Organizacja pracy biurowej w&nbsp;turystyce<\/li>\n<li>Specjalistyczne kwalifikacje przewodnickie<\/li>\n<li>Organizacja wypoczynku czynnego<\/li>\n<li>Wprowadzenie do agroturystyki<\/li>\n<li>Organizacja i&nbsp;warunki realizacji agroturystyki<\/li>\n<li>Krajoznawstwo i&nbsp;elementy turystyki kwalifikowanej<\/li>\n<li>Prawo w&nbsp;agroturystyce<\/li>\n<li>Turystyka wiejska<\/li>\n<li>Zarz\u0105dzanie gospodarstwem agroturystycznym<\/li>\n<li>Prawne i&nbsp;spo\u0142eczne aspakty ochrony \u015brodowiska<\/li>\n<li>Turystyka i&nbsp;rozw\u00f3j wielofunkcyjny wsi<\/li>\n<li>Walory turystyczne obszarow wiejskich<\/li>\n<\/ul>\n<p>Katedra Turystyki i&nbsp;Rekreacji we wsp\u00f3\u0142pracy z&nbsp;Centrum Kszta\u0142cenia Ustawicznego prowadzi <b>Podyplomowe Studia Rolnicze dla Absolwent\u00f3w Kierunk\u00f3w Nierolniczych<\/b>. Studia trwaj\u0105 dwa semestry. Obejmuj\u0105 podstawow\u0105 wiedz\u0119 z&nbsp;zakresu: przedmiot\u00f3w przyrodniczych, agronomii, ogrodnictwa, le\u015bnictwa, agroekologii, rolnictwa ekologicznego, zootechniki, aktywizacji obszar\u00f3w wiejskich, Agroturystyki, ekonomiki, ochrony \u015brodowiska, podstaw \u017cywienia cz\u0142owieka, przetw\u00f3rstwa owoc\u00f3w i&nbsp;warzyw, dietetyki i&nbsp;gastronomi oraz funduszy UE wspomagaj\u0105cych rozw\u00f3j obszar\u00f3w wiejskich (Wi\u0119cej informacji w&nbsp;zak\u0142adce studi\u00f3w podyplomowych Uniwersytetu Przyrodniczego w&nbsp;Lublinie).<\/p>\n                                        <\/div>\n\t\t\t\t\t\t                                <\/div>\n\t\t\t\t                <div class=\"mn-content-block\">\n\t                                                        <div class=\"block-text\">\n\t                                        <p>W Katedrze Turystyki i&nbsp;Rekreacji realizowane s\u0105 nast\u0119puj\u0105ce badania naukowe:<\/p>\n<p><b>BW:<\/b> Rozw\u00f3j turystyki na obszarach wiejskich w&nbsp;wojew\u00f3dztwie lubelskim<\/p>\n<p><b>DS:<\/b> Stan i&nbsp;perspektywy oraz innowacje w&nbsp;rozwoju turystyki na obszarach wiejskich<\/p>\n<p>Dzia\u0142alno\u015b\u0107 agroturystyczna jest wzgl\u0119dnie w\u0105skim dzia\u0142em turystyki wiejskiej i&nbsp;bez znajomo\u015bci istoty ca\u0142ej turystyki i&nbsp;krajoznawstwa, a&nbsp;w tym turystyki wiejskiej, animacja jej rozwoju b\u0119dzie utrudniona. St\u0105d, dnia 20 marca 2006 roku, z&nbsp;inicjatywy student\u00f3w zosta\u0142o powo\u0142ane <a href=\"http:\/\/up.lublin.pl\/index.php?kat=361&amp;amp;page=1&amp;amp;rid=786\" target=\"_blank\" rel=\"noopener\"><b>Studenckie Naukowe Ko\u0142o Turystyczno-Krajoznawcze<\/b><\/a>. Opiek\u0119 naukow\u0105 na Ko\u0142em sprawuje prof. dr hab. Bogus\u0142aw Sawicki. Dzia\u0142alno\u015b\u0107 student\u00f3w w&nbsp;Kole b\u0119dzie ugruntowaniem i&nbsp;rozszerzeniem zdobytej wiedzy na wyk\u0142adach i&nbsp;\u0107wiczeniach.<\/p>\n                                        <\/div>\n\t\t\t\t\t\t                                <\/div>\n\t\t\t\t                <div class=\"mn-content-block\">\n\t                                                        <div class=\"block-text\">\n\t                                        <p><b>HISTORIA KATEDRY:<\/b><br \/>\u00a0<\/p>\n<p>Zak\u0142ad Agroturystyki rozpocz\u0105\u0142 formaln\u0105 dzia\u0142alno\u015b\u0107<b> z&nbsp;dniem 1.09.2005 roku<\/b>. Na kierownika zosta\u0142 powo\u0142any przez Rad\u0119 Wydzia\u0142u Rolniczego prof. dr hab. Bogus\u0142aw Sawicki. W&nbsp;Zak\u0142adzie zatrudniono trzy osoby na etacie naukowym i&nbsp;jedn\u0105 na etacie technicznym. <\/p>\n<p>W <b>dniach 14\u201315.10.2005<\/b> roku Zak\u0142ad Agroturystyki wsp\u00f3lnie z&nbsp;Instytutem Turystyki PWSZ w&nbsp;Bia\u0142ej Podlasce by\u0142 wsp\u00f3\u0142organizatorem Og\u00f3lnopolskiej Konferencji Naukowej<b> pt. \u201eStan i&nbsp;perspektywy oraz innowacje w&nbsp;rozwoju turystyki na obszarach wiejskich\u201d<\/b>, kt\u00f3ra odby\u0142a si\u0119 w&nbsp;Janowie Podlaskim. W&nbsp;konferencji wzi\u0119\u0142o udzia\u0142 168 pracownik\u00f3w naukowych z&nbsp;r\u00f3\u017cnych uczelni w&nbsp;kraju oraz przedstawiciele Ministerstwa Gospodarki i&nbsp;Pracy, Instytutu Turystyki, Polskiej Agencji Rozwoju Turystyki. <\/p>\n<p>W<b> dniu 13.06.2006<\/b> roku Zak\u0142ad Agroturystyki by\u0142 organizatorem konferencji <br \/><b>pt. \u201eLubelskie Forum Turystyczne\u201d<\/b> w&nbsp;pensjonacie agroturystycznym \u201eDworek \u0141ukowiska\u201d k\/Janowa Podlaskiego. Zadaniem konferencji by\u0142a konsolidacja si\u0142 naukowych i&nbsp;administracji samorz\u0105dowej wok\u00f3\u0142 turystyki regionalnej na Lubelszczy\u017anie. <\/p>\n<p>We wrze\u015bniu 2008 roku sk\u0142ad osobowy Zak\u0142adu Agroturystyki powi\u0119kszy\u0142 si\u0119 o&nbsp;3 nowe osoby.<\/p>\n<p>Na mocy zarz\u0105dzenia nr 37 Rektora Uniwersytetu Przyrodniczego w&nbsp;Lublinie z&nbsp;dnia <b>19 listopada 2008 r<\/b>. Zak\u0142ad Agroturystyki przekszta\u0142cony zosta\u0142 w&nbsp;<b>Katedr\u0119 Turystyki i&nbsp;Rekreacji<\/b>.<\/p>\n<p>Od pocz\u0105tku swojej dzia\u0142alno\u015bci pracownicy Zak\u0142adu Agroturystyki a&nbsp;obecnie Katedry Turystyki i&nbsp;Rekreacji bior\u0105 udzia\u0142 w&nbsp;Targach Turystycznych LUBTOUR organizowanych przez Mi\u0119dzynarodowe Targi Lubelskie S. A., Lubelskim Festiwalu Nauki, licznych konferencjach i&nbsp;szkoleniach. <\/p>\n<p>W 2009 roku na Naszej Uczelni uruchomiony zosta\u0142 nowy kierunek studi\u00f3w <b>Turystyka i&nbsp;Rekreacja<\/b>.<\/p>\n                                        <\/div>\n\t\t\t\t\t\t                                <\/div>\n\t\t\t\t                <div class=\"mn-content-block\">\n\t                                                        <div class=\"block-text\">\n\t                                        <p>BAZA PUBLIKACJI PRACOWNIK\u00d3W: <a href=\"https:\/\/publikacje.up.lublin.pl\/bpp\/jednostka\/Katedra-Turystyki-i-Rekreacji\/\" target=\"_blank\" rel=\"noopener\">https:\/\/publikacje.up.lublin.pl\/bpp\/jednostka\/Katedra-Turystyki-i-Rekreacji\/<\/a><\/p>\n                                        <\/div>\n\t\t\t\t\t\t                                <\/div>\n\t\t\t\t                <div class=\"mn-content-block\">\n\t                                                        <div class=\"block-text\">\n\t                                        <p>Katedra realizuje nast\u0119puj\u0105ce prace badawcze:<\/p>\n<p>1. Inwentaryzacja potencja\u0142u turystycznego wojew\u00f3dztwa lubelskiego ze szczeg\u00f3lnym uwzgl\u0119dnieniem turystyki na obszarach wiejskich.<\/p>\n<p>2. Badania nad motywacjami i&nbsp;preferencjami klient\u00f3w korzystaj\u0105cych z&nbsp;us\u0142ug turystycznych w&nbsp;regionie lubelskim (popyt turystyczny).<\/p>\n<p>3. Badania nad rol\u0105 samorz\u0105d\u00f3w terytorialnych, stowarzysze\u0144 i&nbsp;organizacji turystycznych w&nbsp;kreowaniu regionalnego i&nbsp;lokalnego produktu turystycznego.<\/p>\n<p>4. Badania nad mo\u017cliwo\u015bciami realizacji na Lubelszczy\u017anie innowacyjnych rodzaj\u00f3w i&nbsp;form turystyki, kt\u00f3re gwarantuj\u0105 wysoki popyt turystyczny, rozwijaj\u0105 poda\u017c us\u0142ug turystycznych i&nbsp;oferuj\u0105 istnienie korzy\u015bci spo\u0142ecze\u0144stwu.<\/p>\n<p>5. Prace nad regionalnymi i&nbsp;lokalnymi strategiami rozwoju na Lubelszczy\u017anie.<\/p>\n<p>6. Badania nad wp\u0142ywem turystyki na wielofunkcyjny rozw\u00f3j obszar\u00f3w wiejskich Lubelszczyzny.<\/p>\n<p>7. Badania nad budow\u0105 marki lubelskich produkt\u00f3w turystycznych oraz nad zarz\u0105dzeniem turystyk\u0105 w&nbsp;regionie.<\/p>\n<p>8. Analiza SWOT lokalnych obszar\u00f3w recepcji turystycznej.<\/p>\n<p>9. Ruch turystyczny na Lubelszczy\u017anie.<\/p>\n<p>10. Edukacja regionalnych i&nbsp;lokalnych si\u0142 spo\u0142ecznych w&nbsp;zakresie turystyki i&nbsp;rekreacji ze szczeg\u00f3lnym uwzgl\u0119dnieniem turystyki wiejskiej i&nbsp;agroturystyki.<\/p>\n                                        <\/div>\n\t\t\t\t\t\t                                <\/div>\n\t\t\t\t                <div class=\"mn-content-block\">\n\t                                                        <div class=\"mn-cards-list\">\n                                            <div class=\"mn-card-container\">\n                                                <div>\n                                                    <img src=\"https:\/\/up.lublin.pl\/agrobio\/wp-content\/themes\/up-lublin\/assets\/images\/doc-ico.svg\" alt=\"\" \/>\n                                                    <h5>Strona projektu<\/h5>\n                                                <\/div>\n                                                <a href=\"https:\/\/up.lublin.pl\/agrobio\/wydzial\/struktura-i-pracownicy\/katedra-turystyki-i-rekreacji\/projekt-sonp\/wiosenna-akademia-zarzadzania-w-turystyce\/\" class=\"mn-more\" target=\"_blank\">Zobacz<\/a>\n                                            <\/div>\n                                        <\/div>\n\t\t\t\t\t\t                                <\/div>\n\t\t\t\t                <div class=\"mn-content-block\">\n\t                                                        <div class=\"block-text\">\n\t                                        <p><a href=\"https:\/\/up.lublin.pl\/agrobio\/wp-content\/uploads\/sites\/2\/2022\/07\/mein_nds.png\"><img loading=\"lazy\" class=\"aligncenter  wp-image-146501\" src=\"https:\/\/up.lublin.pl\/agrobio\/wp-content\/uploads\/sites\/2\/2022\/07\/mein_nds.png\" alt=\"\" width=\"252\" height=\"173\" \/><\/a><\/p>\n                                        <\/div>\n\t\t\t\t\t\t                                                        <div class=\"mn-cards-list\">\n                                            <div class=\"mn-card-container\">\n                                                <div>\n                                                    <img src=\"https:\/\/up.lublin.pl\/agrobio\/wp-content\/themes\/up-lublin\/assets\/images\/doc-ico.svg\" alt=\"\" \/>\n                                                    <h5>Zapraszamy do odwiedzania strony projektu<\/h5>\n                                                <\/div>\n                                                <a href=\"https:\/\/up.lublin.pl\/agrobio\/wydzial\/struktura-i-pracownicy\/katedra-turystyki-i-rekreacji\/nauka-dla-spoleczenstwa\/\" class=\"mn-more\" target=\"_blank\">Zobacz<\/a>\n                                            <\/div>\n                                        <\/div>\n\t\t\t\t\t\t                                <\/div>\n\t\t\t\t\t\t<\/div>\n\t<\/div>\n<\/section>\n\t\t<\/div>\n\t\t\t\t<\/div>\n\t\t\t\t\t\t<\/div>\n\t\t\t\t\t<\/div>\n\t\t<\/div>\n\t\t\t\t\t\t\t\t<\/div>\n\t\t\t\t\t<\/div>\n\t\t<\/section>\n\t\t\t\t\t\t<\/div>\n\t\t\t\t\t\t<\/div>\n\t\t\t\t\t<\/div>\n\t\t","protected":false},"excerpt":{"rendered":"<p>Katedra Turystyki i&nbsp;Rekreacji UP Wydzia\u0142 Agrobioin\u017cynierii Dydaktyka Badania Historia Publikacje Oferta Projekt edukacyjny SONP Projekt Nauka dla Spo\u0142ecze\u0144stwa Pracownicy Katedry Turystyki i&nbsp;Rekreacji\u00a0 prowadz\u0105 m.in. zaj\u0119cia na kierunkach: Turystyka i&nbsp;rekreacja, Rolnictwo, Ogrodnictwo nast\u0119puj\u0105cych przedmiot\u00f3w: Geografia turystyczna Europy i&nbsp;\u015bwiata Zarz\u0105dzanie w&nbsp;turystyce i&nbsp;rekreacji Podstawy turystyki Podstawy rekreacji Organizacja pracy biurowej w&nbsp;turystyce Specjalistyczne kwalifikacje przewodnickie Organizacja wypoczynku czynnego Wprowadzenie [&hellip;]<\/p>\n","protected":false},"author":2,"featured_media":0,"parent":290,"menu_order":0,"comment_status":"closed","ping_status":"closed","template":"elementor_header_footer","meta":{"_monsterinsights_skip_tracking":false,"_monsterinsights_sitenote_active":false,"_monsterinsights_sitenote_note":"","_monsterinsights_sitenote_category":0},"_links":{"self":[{"href":"https:\/\/up.lublin.pl\/agrobio\/wp-json\/wp\/v2\/pages\/141092"}],"collection":[{"href":"https:\/\/up.lublin.pl\/agrobio\/wp-json\/wp\/v2\/pages"}],"about":[{"href":"https:\/\/up.lublin.pl\/agrobio\/wp-json\/wp\/v2\/types\/page"}],"author":[{"embeddable":true,"href":"https:\/\/up.lublin.pl\/agrobio\/wp-json\/wp\/v2\/users\/2"}],"replies":[{"embeddable":true,"href":"https:\/\/up.lublin.pl\/agrobio\/wp-json\/wp\/v2\/comments?post=141092"}],"version-history":[{"count":31,"href":"https:\/\/up.lublin.pl\/agrobio\/wp-json\/wp\/v2\/pages\/141092\/revisions"}],"predecessor-version":[{"id":146507,"href":"https:\/\/up.lublin.pl\/agrobio\/wp-json\/wp\/v2\/pages\/141092\/revisions\/146507"}],"up":[{"embeddable":true,"href":"https:\/\/up.lublin.pl\/agrobio\/wp-json\/wp\/v2\/pages\/290"}],"wp:attachment":[{"href":"https:\/\/up.lublin.pl\/agrobio\/wp-json\/wp\/v2\/media?parent=141092"}],"curies":[{"name":"wp","href":"https:\/\/api.w.org\/{rel}","templated":true}]}}